000
CXUS55 KSEW 010930
CF6UIL
PRELIMINARY LOCAL CLIMATOLOGICAL DATA (WS FORM: F-6)
STATION: QUILLAYUTE WA AIRPORT
MONTH: JULY
YEAR: 2021
LATITUDE: 47 57 N
LONGITUDE: 124 33 W
TEMPERATURE IN F: :PCPN: SNOW: WIND :SUNSHINE: SKY :PK WND
================================================================================
1 2 3 4 5 6A 6B 7 8 9 10 11 12 13 14 15 16 17 18
12Z AVG MX 2MIN
DY MAX MIN AVG DEP HDD CDD WTR SNW DPTH SPD SPD DIR MIN PSBL S-S WX SPD DR
================================================================================
1 67 55 61 3 4 0 T M M 5.0 12 220 M M 9 18 15 230
2 69 55 62 4 3 0 0.00 M M 3.4 12 260 M M 9 12 16 240
3 67 54 61 3 4 0 0.00 M M 3.8 10 250 M M 10 1 18 210
4 63 54 59 1 6 0 0.00 M M 4.3 12 240 M M 10 1 15 260
5 61 53 57 -1 8 0 0.00 M M 3.1 10 220 M M 10 1 13 220
6 67 53 60 2 5 0 0.00 M M 4.1 12 240 M M 8 1 17 220
7 61 52 57 -1 8 0 0.02 M M 4.7 13 230 M M 10 1 17 230
8 66 54 60 2 5 0 T M M 4.2 12 250 M M 9 1 17 230
9 69 52 61 2 4 0 0.00 M M 5.6 14 320 M M 7 1 21 290
10 63 52 58 -1 7 0 0.00 M M 6.3 14 350 M M 10 1 21 310
11 65 54 60 1 5 0 0.00 M M 6.2 13 290 M M 8 1 19 270
12 65 53 59 0 6 0 0.00 M M 4.8 13 250 M M 7 1 17 230
13 63 53 58 -1 7 0 0.00 M M 4.7 13 260 M M 9 1 19 250
14 59 53 56 -3 9 0 T M M 4.4 12 270 M M 10 1 17 290
15 64 53 59 0 6 0 0.00 M M 5.1 13 260 M M 10 1 20 270
16 66 53 60 0 5 0 0.03 M M 4.5 14 220 M M M 1 20 210
17 69 49 59 -1 6 0 0.03 M M 4.3 14 300 M M 3 1 20 290
18 71 47 59 -1 6 0 0.00 M M 4.2 13 300 M M 3 19 310
19 70 44 57 -3 8 0 T M M 4.8 14 260 M M 3 1 22 240
20 68 51 60 0 5 0 0.00 M M 4.6 14 280 M M 7 21 280
21 68 47 58 -2 7 0 0.00 M M 4.3 14 240 M M 4 1 21 250
22 69 49 59 -1 6 0 0.00 M M 3.7 15 250 M M 4 20 300
23 71 50 61 1 4 0 T M M 4.8 14 260 M M 6 21 260
24 73 52 63 3 2 0 0.00 M M 6.9 17 320 M M 4 28 320
25 69 50 60 0 5 0 0.00 M M 6.5 15 310 M M 6 1 23 280
26 72 57 65 5 0 0 0.00 M M 5.5 15 290 M M 6 1 22 290
27 73 50 62 2 3 0 0.00 M M 5.0 14 250 M M 4 1 20 330
28 76 45 61 1 4 0 0.00 M M 4.6 16 330 M M 1 12 24 320
29 77 58 68 8 0 3 0.00 M M 7.8 18 320 M M 5 27 320
30 80 55 68 8 0 3 0.00 M M 6.9 16 340 M M 4 1 22 340
31 70 55 63 3 2 0 T M M 6.0 16 330 M M 6 1 22 340
================================================================================
SM 2111 1612 150 6 0.08 M 154.1 M 202
================================================================================
AV 68.1 52.0 5.0 FASTST M M 7 MAX(MPH)
MISC ----> 18 320 28 320
================================================================================
NOTES:
# LAST OF SEVERAL OCCURRENCES
COLUMN 17 PEAK WIND IN M.P.H.
PRELIMINARY LOCAL CLIMATOLOGICAL DATA (WS FORM: F-6) , PAGE 2
STATION: QUILLAYUTE WA AIRPORT
MONTH: JULY
YEAR: 2021
LATITUDE: 47 57 N
LONGITUDE: 124 33 W
[TEMPERATURE DATA] [PRECIPITATION DATA] SYMBOLS USED IN COLUMN 16
AVERAGE MONTHLY: 60.0 TOTAL FOR MONTH: 0.08 1 = FOG OR MIST
DPTR FM NORMAL: 0.7 DPTR FM NORMAL: -1.50 2 = FOG REDUCING VISIBILITY
HIGHEST: 80 ON 30 GRTST 24HR 0.03 ON 17-18 TO 1/4 MILE OR LESS
LOWEST: 44 ON 19 3 = THUNDER
SNOW, ICE PELLETS, HAIL 4 = ICE PELLETS
TOTAL MONTH: M 5 = HAIL
GRTST 24HR M ON M 6 = FREEZING RAIN OR DRIZZLE
GRTST DEPTH: M ON M 7 = DUSTSTORM OR SANDSTORM:
VSBY 1/2 MILE OR LESS
8 = SMOKE OR HAZE
[NO. OF DAYS WITH] [WEATHER - DAYS WITH] 9 = BLOWING SNOW
X = TORNADO
MAX 32 OR BELOW: 0 0.01 INCH OR MORE: 3
MAX 90 OR ABOVE: 0 0.10 INCH OR MORE: 0
MIN 32 OR BELOW: 0 0.50 INCH OR MORE: 0
MIN 0 OR BELOW: 0 1.00 INCH OR MORE: 0
[HDD (BASE 65) ]
TOTAL THIS MO. 150 CLEAR (SCALE 0-3) 3
DPTR FM NORMAL -34 PTCLDY (SCALE 4-7) 16
TOTAL FM JUL 1 150 CLOUDY (SCALE 8-10) 12
DPTR FM NORMAL -34
[CDD (BASE 65) ]
TOTAL THIS MO. 6
DPTR FM NORMAL -1 [PRESSURE DATA]
TOTAL FM JAN 1 37 HIGHEST SLP M ON M
DPTR FM NORMAL 26 LOWEST SLP 29.97 ON 6
[REMARKS]
#FINAL-07-21#