000
CXUS55 KSEW 011030
CF6UIL
PRELIMINARY LOCAL CLIMATOLOGICAL DATA (WS FORM: F-6)
STATION: QUILLAYUTE WA AIRPORT
MONTH: JANUARY
YEAR: 2021
LATITUDE: 47 57 N
LONGITUDE: 124 33 W
TEMPERATURE IN F: :PCPN: SNOW: WIND :SUNSHINE: SKY :PK WND
================================================================================
1 2 3 4 5 6A 6B 7 8 9 10 11 12 13 14 15 16 17 18
12Z AVG MX 2MIN
DY MAX MIN AVG DEP HDD CDD WTR SNW DPTH SPD SPD DIR MIN PSBL S-S WX SPD DR
================================================================================
1 50 47 49 8 16 0 1.49 M M 13.5 22 200 M M 10 1 40 180
2 50 41 46 5 19 0 2.77 M M 11.4 29 190 M M 10 1 43 200
3 51 41 46 5 19 0 0.14 M M 6.7 17 200 M M 9 1 23 210
4 50 36 43 2 22 0 0.53 M M 4.8 26 240 M M 9 12 39 150
5 47 36 42 1 23 0 1.98 M M 12.9 28 150 M M 9 1 46 150
6 51 35 43 2 22 0 0.18 M M 3.0 14 190 M M 6 12 20 210
7 50 36 43 2 22 0 T M M 5.7 18 160 M M 4 18 29 140
8 51 35 43 2 22 0 0.40 M M 5.7 22 180 M M 8 18 34 200
9 43 32 38 -3 27 0 0.38 M M 6.1 15 110 M M 5 1 25 110
10 50 42 46 5 19 0 0.40 M M 8.5 16 160 M M 10 1 32 150
11 50 46 48 7 17 0 2.18 M M 9.0 21 260 M M 9 1 33 160
12 53 45 49 7 16 0 2.16 M M 11.2 37 270 M M 10 1 53 270
13 51 39 45 3 20 0 0.03 M M 10.2 31 280 M M 5 1 47 280
14 56 39 48 6 17 0 0.37 M M 6.5 16 180 M M 9 1 29 150
15 52 37 45 3 20 0 0.00 M M 2.5 9 240 M M 7 12 13 260
16 48 33 41 -1 24 0 0.17 M M 3.4 10 150 M M 5 1 16 140
17 51 40 46 4 19 0 0.08 M M 3.0 10 300 M M 9 1 14 300
18 50 30 40 -2 25 0 0.00 M M 2.9 9 260 M M 2 12 11 260
19 52 34 43 1 22 0 0.00 M M 3.5 10 180 M M 6 1 16 170
20 49 34 42 0 23 0 T M M 1.8 8 130 M M 9 1 11 120
21 45 36 41 -1 24 0 0.06 M M 3.7 13 40 M M 8 1 17 50
22 49 27 38 -4 27 0 0.00 M M 6.4 14 20 M M 3 19 30
23 43 25 34 -8 31 0 0.00 M M 2.6 8 70 M M 8 1 10 160
24 42 36 39 -3 26 0 0.72 M M 4.6 12 270 M M 10 1 19 270
25 39 29 34 -8 31 0 0.08 M M 2.7 8 150 M M 7 1 14 150
26 41 33 37 -5 28 0 0.31 M M 7.5 18 100 M M 8 1 27 100
27 48 33 41 -1 24 0 0.55 M M 3.5 12 200 M M 7 1 18 200
28 45 33 39 -3 26 0 0.23 M M 3.8 9 60 M M 8 1 14 60
29 46 34 40 -2 25 0 0.22 M M 6.1 13 130 M M 9 1 24 160
30 45 39 42 0 23 0 0.23 M M 9.4 18 150 M M 10 1 27 140
31 46 38 42 0 23 0 0.55 M M 4.5 16 200 M M 9 1 27 180
================================================================================
SM 1494 1121 702 0 16.21 M 187.1 M 238
================================================================================
AV 48.2 36.2 6.0 FASTST M M 8 MAX(MPH)
MISC ----> 37 270 53 270
================================================================================
NOTES:
# LAST OF SEVERAL OCCURRENCES
COLUMN 17 PEAK WIND IN M.P.H.
PRELIMINARY LOCAL CLIMATOLOGICAL DATA (WS FORM: F-6) , PAGE 2
STATION: QUILLAYUTE WA AIRPORT
MONTH: JANUARY
YEAR: 2021
LATITUDE: 47 57 N
LONGITUDE: 124 33 W
[TEMPERATURE DATA] [PRECIPITATION DATA] SYMBOLS USED IN COLUMN 16
AVERAGE MONTHLY: 42.2 TOTAL FOR MONTH: 16.21 1 = FOG OR MIST
DPTR FM NORMAL: 0.6 DPTR FM NORMAL: 1.60 2 = FOG REDUCING VISIBILITY
HIGHEST: 56 ON 14 GRTST 24HR 2.77 ON 2- 2 TO 1/4 MILE OR LESS
LOWEST: 25 ON 23 3 = THUNDER
SNOW, ICE PELLETS, HAIL 4 = ICE PELLETS
TOTAL MONTH: M 5 = HAIL
GRTST 24HR M ON M 6 = FREEZING RAIN OR DRIZZLE
GRTST DEPTH: M ON M 7 = DUSTSTORM OR SANDSTORM:
VSBY 1/2 MILE OR LESS
8 = SMOKE OR HAZE
[NO. OF DAYS WITH] [WEATHER - DAYS WITH] 9 = BLOWING SNOW
X = TORNADO
MAX 32 OR BELOW: 0 0.01 INCH OR MORE: 24
MAX 90 OR ABOVE: 0 0.10 INCH OR MORE: 20
MIN 32 OR BELOW: 5 0.50 INCH OR MORE: 9
MIN 0 OR BELOW: 0 1.00 INCH OR MORE: 5
[HDD (BASE 65) ]
TOTAL THIS MO. 702 CLEAR (SCALE 0-3) 1
DPTR FM NORMAL -25 PTCLDY (SCALE 4-7) 13
TOTAL FM JUL 1 2822 CLOUDY (SCALE 8-10) 17
DPTR FM NORMAL -381
[CDD (BASE 65) ]
TOTAL THIS MO. 0
DPTR FM NORMAL 0 [PRESSURE DATA]
TOTAL FM JAN 1 0 HIGHEST SLP 30.60 ON 18
DPTR FM NORMAL 0 LOWEST SLP 29.33 ON 26
[REMARKS]
#FINAL-01-21#