000
CXUS53 KUNR 011030
CF6UNR
PRELIMINARY LOCAL CLIMATOLOGICAL DATA (WS FORM: F-6)
STATION: EAST RAPID CITY SD
MONTH: DECEMBER
YEAR: 2022
LATITUDE: 44 4 N
LONGITUDE: 103 13 W
TEMPERATURE IN F: :PCPN: SNOW: WIND :SUNSHINE: SKY :PK WND
================================================================================
1 2 3 4 5 6A 6B 7 8 9 10 11 12 13 14 15 16 17 18
12Z AVG MX 2MIN
DY MAX MIN AVG DEP HDD CDD WTR SNW DPTH SPD SPD DIR MIN PSBL S-S WX SPD DR
================================================================================
1 61 25 43 12 22 0 0.00 0.0 0 6.2 18 180 M M M 26 230
2 53 7 30 -1 35 0 T T 0 10.0 28 10 M M M 43 340
3 42 6 24 -6 41 0 0.00 0.0 0 4.3 12 300 M M M 16 150
4 57 22 40 10 25 0 0.00 0.0 0 7.2 23 10 M M M 33 10
5 31 14 23 -7 42 0 0.02 0.3 T 7.7 20 10 M M M 28 360
6 32 13 23 -7 42 0 0.00 0.0 0 7.7 21 10 M M M 28 360
7 30 7 19 -10 46 0 T 0.1 T 7.2 17 140 M M M 21 140
8 37 20 29 0 36 0 0.00 0.0 0 4.1 10 290 M M M 13 290
9 50 15 33 4 32 0 0.00 0.0 0 5.5 20 190 M M M 28 190
10 45 26 36 7 29 0 0.00 0.0 0 6.5 18 160 M M M 25 160
11 61 25 43 15 22 0 0.00 0.0 0 5.5 17 150 M M M 23 170
12 43 18 31 3 34 0 T 0.0 0 11.9 28 360 M M M 6 43 360
13 21 16 19 -9 46 0 0.27 6.6 6 23.8 37 330 M M M 9 55 330
14 22 16 19 -9 46 0 0.02 0.6 6 21.1 33 330 M M M 47 330
15 21 16 19 -9 46 0 0.02 0.5 2 23.7 39 320 M M M 64 320
16 26 16 21 -7 44 0 T T 2 18.7 39 330 M M M 61 330
17 26 10 18 -10 47 0 0.01 0.1 2 4.0 12 150 M M M 15 150
18 15 0 8 -19 57 0 T T 2 4.3 14 360 M M M 12 21 360
19 7 -4 2 -25 63 0 0.01 0.2 2 5.6 12 20 M M M 16 10
20 -1 -6 -3 -30 68 0 T T 2 7.4 14 140 M M M 18 360
21 -5 -18 -11 -38 76 0 0.06 1.3 2 13.4 29 330 M M M 44 350
22 -3 -18 -10 -37 75 0 0.00 0.0 2 13.2 29 310 M M M 40 320
23 4 -7 -1 -28 66 0 0.00 0.0 2 8.3 22 330 M M M 30 330
24 10 0 5 -22 60 0 T T 2 6.3 14 150 M M M 18 150
25 53 2 28 1 37 0 T 0.0 2 17.6 38 330 M M M 53 310
26 51 7 29 2 36 0 T T T 7.1 29 10 M M M 43 10
27 61 32 47 20 18 0 0.00 0.0 0 9.9 21 260 M M M 44 250
28 54 36 45 18 20 0 0.00 0.0 0 7.5 20 10 M M M 40 260
29 39 29 34 7 31 0 0.00 0.0 0 3.7 10 300 M M M 14 300
30 42 28 35 8 30 0 0.00 0.0 0 5.4 12 120 M M M 16 260
31 43 30 37 10 28 0 0.00 0.0 0 5.2 12 270 M M M 17 260
================================================================================
SM 1028 383 1300 0 0.41 9.7 290.0 M M
================================================================================
AV 33.2 12.4 9.4 FASTST M M M MAX(MPH)
MISC ----> # 39 320 64 320
================================================================================
NOTES:
# LAST OF SEVERAL OCCURRENCES
COLUMN 17 PEAK WIND IN M.P.H.
PRELIMINARY LOCAL CLIMATOLOGICAL DATA (WS FORM: F-6) , PAGE 2
STATION: EAST RAPID CITY SD
MONTH: DECEMBER
YEAR: 2022
LATITUDE: 44 4 N
LONGITUDE: 103 13 W
[TEMPERATURE DATA] [PRECIPITATION DATA] SYMBOLS USED IN COLUMN 16
AVERAGE MONTHLY: 22.8 TOTAL FOR MONTH: 0.41 1 = FOG OR MIST
DPTR FM NORMAL: -5.3 DPTR FM NORMAL: 0.04 2 = FOG REDUCING VISIBILITY
HIGHEST: 61 ON 27,11 GRTST 24HR 0.27 ON 13-13 TO 1/4 MILE OR LESS
LOWEST: -18 ON 22,21 3 = THUNDER
SNOW, ICE PELLETS, HAIL 4 = ICE PELLETS
TOTAL MONTH: 9.7 INCHES 5 = HAIL
GRTST 24HR 6.6 ON 13-13 6 = FREEZING RAIN OR DRIZZLE
GRTST DEPTH: 6 ON 14,13 7 = DUSTSTORM OR SANDSTORM:
VSBY 1/2 MILE OR LESS
8 = SMOKE OR HAZE
[NO. OF DAYS WITH] [WEATHER - DAYS WITH] 9 = BLOWING SNOW
X = TORNADO
MAX 32 OR BELOW: 15 0.01 INCH OR MORE: 7
MAX 90 OR ABOVE: 0 0.10 INCH OR MORE: 1
MIN 32 OR BELOW: 30 0.50 INCH OR MORE: 0
MIN 0 OR BELOW: 7 1.00 INCH OR MORE: 0
[HDD (BASE 65) ]
TOTAL THIS MO. 1300 CLEAR (SCALE 0-3) 0
DPTR FM NORMAL 156 PTCLDY (SCALE 4-7) 0
TOTAL FM JUL 1 2735 CLOUDY (SCALE 8-10) 31
DPTR FM NORMAL 40
[CDD (BASE 65) ]
TOTAL THIS MO. 0
DPTR FM NORMAL 0 [PRESSURE DATA]
TOTAL FM JAN 1 1043 HIGHEST SLP M ON M
DPTR FM NORMAL 364 LOWEST SLP 28.93 ON 27
[REMARKS]
#FINAL-12-22#