000
CXUS55 KGJT 011127
CF6VEL
PRELIMINARY LOCAL CLIMATOLOGICAL DATA (WS FORM: F-6)
STATION: VERNAL UT
MONTH: JANUARY
YEAR: 2023
LATITUDE: 40 27 N
LONGITUDE: 109 31 W
TEMPERATURE IN F: :PCPN: SNOW: WIND :SUNSHINE: SKY :PK WND
================================================================================
1 2 3 4 5 6A 6B 7 8 9 10 11 12 13 14 15 16 17 18
12Z AVG MX 2MIN
DY MAX MIN AVG DEP HDD CDD WTR SNW DPTH SPD SPD DIR MIN PSBL S-S WX SPD DR
================================================================================
1 34 30 32 13 33 0 0.08 M M 4.5 9 320 M M 10 1 12 330
2 34 23 29 10 36 0 0.19 M M 8.8 22 60 M M 10 12 29 50
3 26 18 22 3 43 0 T M M 1.2 7 110 M M 10 12 9 110
4 20 -3 9 -10 56 0 0.00 M M 1.8 8 340 M M 3 12 9 80
5 20 -1 10 -9 55 0 0.08 M M 0.3 6 110 M M 9 1 8 120
6 27 14 21 2 44 0 0.20 M M 0.7 8 30 M M 10 1 9 30
7 21 13 17 -2 48 0 T M M 1.6 8 240 M M 10 12 9 240
8 21 18 20 1 45 0 0.00 M M 1.2 7 240 M M 10 1 9 130
9 18 14 16 -3 49 0 0.20 M M 2.0 8 350 M M 10 12 10 350
10 27 17 22 3 43 0 0.22 M M 2.0 28 240 M M 10 1 44 230
11 35 6 21 2 44 0 0.04 M M 2.7 8 320 M M 7 12 10 320
12 22 0 11 -8 54 0 0.00 M M 2.3 9 280 M M 0 12 10 280
13 15 1 8 -11 57 0 0.00 M M 1.2 7 90 M M 1 1 9 80
14 17 3 10 -9 55 0 0.01 M M 1.3 7 240 M M 6 1 8 60
15 22 7 15 -4 50 0 0.08 M M 1.6 7 120 M M 10 12 8 120
16 22 9 16 -3 49 0 T M M 1.0 7 90 M M 10 12 8 160
17 22 15 19 0 46 0 0.06 M M 1.7 10 290 M M 10 12 13 300
18 28 -5 12 -8 53 0 0.00 M M 4.8 13 240 M M 3 17 30
19 12 -8 2 -18 63 0 T M M 2.2 7 290 M M 5 1 8 280
20 15 -4 6 -14 59 0 T M M 1.0 7 100 M M 8 12 8 110
21 13 -11 1 -19 64 0 T M M 1.2 7 90 M M 5 12 7 90
22 9 -11 -1 -21 66 0 T M M 1.3 8 200 M M 7 12 10 80
23 18 -6 6 -14 59 0 T M M 3.1 8 320 M M 4 18 9 330
24 16 -6 5 -15 60 0 T M M 2.1 12 350 M M 3 1 18 330
25 21 -7 7 -13 58 0 0.00 M M 2.3 9 290 M M 4 12 10 290
26 21 -10 6 -15 59 0 0.00 M M 1.6 7 90 M M 5 1 8 90
27 20 -2 9 -12 56 0 0.00 M M 1.5 8 190 M M 5 18 10 190
28 23 -1 11 -10 54 0 0.00 M M 2.5 9 290 M M 2 18 10 290
29 26 9 18 -3 47 0 T M M 5.0 20 60 M M 9 1 26 50
30 14 -17 -1 -23 66 0 T M M 4.4 15 40 M M 5 1 21 40
31 4 -20 -8 -30 73 0 0.00 M M 1.8 9 290 M M 1 1 9 290
================================================================================
SM 643 85 1644 0 1.16 M 70.7 M 202
================================================================================
AV 20.7 2.7 2.3 FASTST M M 7 MAX(MPH)
MISC ----> 28 240 44 230
================================================================================
NOTES:
# LAST OF SEVERAL OCCURRENCES
COLUMN 17 PEAK WIND IN M.P.H.
PRELIMINARY LOCAL CLIMATOLOGICAL DATA (WS FORM: F-6) , PAGE 2
STATION: VERNAL UT
MONTH: JANUARY
YEAR: 2023
LATITUDE: 40 27 N
LONGITUDE: 109 31 W
[TEMPERATURE DATA] [PRECIPITATION DATA] SYMBOLS USED IN COLUMN 16
AVERAGE MONTHLY: 11.7 TOTAL FOR MONTH: 1.16 1 = FOG OR MIST
DPTR FM NORMAL: -8.0 DPTR FM NORMAL: 0.57 2 = FOG REDUCING VISIBILITY
HIGHEST: 35 ON 11 GRTST 24HR 0.42 ON 9-10 TO 1/4 MILE OR LESS
LOWEST: -20 ON 31 3 = THUNDER
SNOW, ICE PELLETS, HAIL 4 = ICE PELLETS
TOTAL MONTH: M 5 = HAIL
GRTST 24HR M ON M 6 = FREEZING RAIN OR DRIZZLE
GRTST DEPTH: M ON M 7 = DUSTSTORM OR SANDSTORM:
VSBY 1/2 MILE OR LESS
8 = SMOKE OR HAZE
[NO. OF DAYS WITH] [WEATHER - DAYS WITH] 9 = BLOWING SNOW
X = TORNADO
MAX 32 OR BELOW: 28 0.01 INCH OR MORE: 10
MAX 90 OR ABOVE: 0 0.10 INCH OR MORE: 4
MIN 32 OR BELOW: 31 0.50 INCH OR MORE: 0
MIN 0 OR BELOW: 16 1.00 INCH OR MORE: 0
[HDD (BASE 65) ]
TOTAL THIS MO. 1644 CLEAR (SCALE 0-3) 7
DPTR FM NORMAL 238 PTCLDY (SCALE 4-7) 11
TOTAL FM JUL 1 4743 CLOUDY (SCALE 8-10) 13
DPTR FM NORMAL 475
[CDD (BASE 65) ]
TOTAL THIS MO. 0
DPTR FM NORMAL 0 [PRESSURE DATA]
TOTAL FM JAN 1 0 HIGHEST SLP 30.85 ON 12
DPTR FM NORMAL 0 LOWEST SLP 29.57 ON 2
[REMARKS]
#FINAL-01-23#