000
CXUS53 KSGF 011408
CF6VIH
PRELIMINARY LOCAL CLIMATOLOGICAL DATA (WS FORM: F-6)
STATION: VICHY-ROLLA MO
MONTH: APRIL
YEAR: 2022
LATITUDE: 38 7 N
LONGITUDE: 91 46 W
TEMPERATURE IN F: :PCPN: SNOW: WIND :SUNSHINE: SKY :PK WND
================================================================================
1 2 3 4 5 6A 6B 7 8 9 10 11 12 13 14 15 16 17 18
12Z AVG MX 2MIN
DY MAX MIN AVG DEP HDD CDD WTR SNW DPTH SPD SPD DIR MIN PSBL S-S WX SPD DR
================================================================================
1 54 25 40 -11 25 0 0.00 M M 5.2 13 150 M M 0 18 160
2 61 37 49 -2 16 0 0.00 M M 12.5 26 290 M M 2 37 290
3 68 34 51 -1 14 0 0.02 M M 8.3 16 170 M M 3 23 170
4 65 45 55 3 10 0 0.09 M M 6.0 16 150 M M 4 20 150
5 71 50 61 9 4 0 0.11 M M 10.9 25 320 M M 7 1 38 330
6 62 42 52 -1 13 0 0.04 M M 16.2 31 250 M M 5 43 240
7 51 34 43 -10 22 0 0.02 M M 14.9 29 270 M M 6 1 44 280
8 39 31 35 -19 30 0 0.01 M M 13.2 22 300 M M 10 1 33 290
9 59 28 44 -10 21 0 0.00 M M 8.6 16 270 M M 0 27 310
10 81 44 63 9 2 0 0.00 M M 16.6 31 190 M M 2 43 180
11 68 49 59 5 6 0 1.03 M M 8.0 17 110 M M 9 12 24 350
12 75 50 63 8 2 0 0.04 M M 17.6 29 170 M M 8 12 43 180
13 69 34 52 -3 13 0 1.20 M M 13.8 32 170 M M 8 1 50 190
14 60 33 47 -8 18 0 0.00 M M 13.5 26 270 M M 0 38 250
15 65 46 56 0 9 0 0.04 M M 11.0 26 160 M M 5 35 210
16 59 36 48 -8 17 0 0.00 M M 9.9 20 10 M M 2 25 10
17 46 38 42 -14 23 0 0.17 M M 10.6 17 100 M M 10 1 25 110
18 53 36 45 -12 20 0 0.00 M M 12.6 24 300 M M 5 1 35 270
19 59 29 44 -13 21 0 0.00 M M 4.8 15 160 M M 2 27 160
20 55 44 50 -7 15 0 0.41 M M 15.3 24 160 M M 10 13 44 160
21 77 47 62 4 3 0 0.11 M M 8.1 41 140 M M 6 123 55 150
22 81 62 72 14 0 7 0.00 M M 14.7 23 170 M M 5 40 180
23 83 67 75 17 0 10 T M M 21.5 33 180 M M 0 3 47 200
24 73 54 64 6 1 0 0.48 M M 10.6 23 190 M M 9 1 33 180
25 57 41 49 -10 16 0 0.01 M M 9.8 18 270 M M 3 27 280
26 61 35 48 -11 17 0 0.00 M M 5.4 14 340 M M 0 19 330
27 72 42 57 -2 8 0 0.00 M M 11.4 18 170 M M 0 26 180
28 62 52 57 -3 8 0 0.50 M M 12.0 24 180 M M 9 1 30 180
29 76 55 66 6 0 1 0.12 M M 13.8 29 170 M M 6 13 38 170
30 74 54 64 4 1 0 0.55 M M 14.9 30 240 M M 4 13 42 180
================================================================================
SM 1936 1274 355 18 4.95 M 351.7 M 140
================================================================================
AV 64.5 42.5 11.7 FASTST M M 5 MAX(MPH)
MISC ----> 41 140 55 150
================================================================================
NOTES:
# LAST OF SEVERAL OCCURRENCES
COLUMN 17 PEAK WIND IN M.P.H.
PRELIMINARY LOCAL CLIMATOLOGICAL DATA (WS FORM: F-6) , PAGE 2
STATION: VICHY-ROLLA MO
MONTH: APRIL
YEAR: 2022
LATITUDE: 38 7 N
LONGITUDE: 91 46 W
[TEMPERATURE DATA] [PRECIPITATION DATA] SYMBOLS USED IN COLUMN 16
AVERAGE MONTHLY: 53.5 TOTAL FOR MONTH: 4.95 1 = FOG OR MIST
DPTR FM NORMAL: -2.3 DPTR FM NORMAL: 0.24 2 = FOG REDUCING VISIBILITY
HIGHEST: 83 ON 23 GRTST 24HR 1.20 ON 13-13 TO 1/4 MILE OR LESS
LOWEST: 25 ON 1 3 = THUNDER
SNOW, ICE PELLETS, HAIL 4 = ICE PELLETS
TOTAL MONTH: M 5 = HAIL
GRTST 24HR M ON M 6 = FREEZING RAIN OR DRIZZLE
GRTST DEPTH: M ON M 7 = DUSTSTORM OR SANDSTORM:
VSBY 1/2 MILE OR LESS
8 = SMOKE OR HAZE
[NO. OF DAYS WITH] [WEATHER - DAYS WITH] 9 = BLOWING SNOW
X = TORNADO
MAX 32 OR BELOW: 0 0.01 INCH OR MORE: 18
MAX 90 OR ABOVE: 0 0.10 INCH OR MORE: 10
MIN 32 OR BELOW: 4 0.50 INCH OR MORE: 4
MIN 0 OR BELOW: 0 1.00 INCH OR MORE: 2
[HDD (BASE 65) ]
TOTAL THIS MO. 355 CLEAR (SCALE 0-3) 12
DPTR FM NORMAL 55 PTCLDY (SCALE 4-7) 11
TOTAL FM JUL 1 3956 CLOUDY (SCALE 8-10) 7
DPTR FM NORMAL -647
[CDD (BASE 65) ]
TOTAL THIS MO. 18
DPTR FM NORMAL -6 [PRESSURE DATA]
TOTAL FM JAN 1 18 HIGHEST SLP 30.45 ON 26
DPTR FM NORMAL -11 LOWEST SLP 29.45 ON 5
[REMARKS]
#FINAL-04-22#