105
CXUS56 KPQR 011200
CF6VUO
PRELIMINARY LOCAL CLIMATOLOGICAL DATA (WS FORM: F-6)
STATION: VANCOUVER WA
MONTH: SEPTEMBER
YEAR: 2020
LATITUDE: 45 37 N
LONGITUDE: 122 39 W
TEMPERATURE IN F: :PCPN: SNOW: WIND :SUNSHINE: SKY :PK WND
================================================================================
1 2 3 4 5 6A 6B 7 8 9 10 11 12 13 14 15 16 17 18
12Z AVG MX 2MIN
DY MAX MIN AVG DEP HDD CDD WTR SNW DPTH SPD SPD DIR MIN PSBL S-S WX SPD DR
================================================================================
1 89 60 75 8 0 10 0.00 M M 5.7 16 320 M M 0 8 24 300
2 91 59 75 8 0 10 0.00 M M 5.0 14 320 M M 0 23 310
3 95 57 76 9 0 11 T M M 4.6 14 300 M M 0 19 300
4 87 61 74 7 0 9 0.00 M M 1.9 9 350 M M 0 14 320
5 76 58 67 0 0 2 0.00 M M 3.5 13 280 M M 5 15 290
6 89 52 71 5 0 6 0.00 M M 4.3 15 300 M M 0 22 300
7 92 58 75 9 0 10 0.00 M M 10.0 31 90 M M 4 8 44 70
8 82 65 74 8 0 9 0.00 M M 16.9 32 80 M M 1 48 70
9 91 67 79 13 0 14 0.00 M M 13.3 26 80 M M 3 36 70
10 81 58 70 4 0 5 0.00 M M 3.2 8 270 M M 9 8 13 280
11 64 52 58 -7 7 0 0.00 M M 0.9 5 290 M M 10 18 8 280
12 65 50 58 -7 7 0 0.00 M M 0.6 5 270 M M 10 128 8 280
13 64 49 57 -8 8 0 0.00 M M 0.6 5 10 M M 10 128 8 260
14 74 54 64 0 1 0 0.00 M M 0.5 5 120 M M 10 18 7 70
15 76 57 67 3 0 2 0.00 M M 1.1 7 250 M M 10 8 9 240
16 71 52 62 -2 3 0 0.00 M M 0.8 5 120 M M 10 128 7 140
17 74 55 65 1 0 0 0.00 M M 1.5 8 260 M M 9 128 12 260
18 68 61 65 2 0 0 0.35 M M 3.2 13 210 M M 8 138 22 200
19 73 57 65 2 0 0 T M M 3.0 9 10 M M 9 29 270
20 75 56 66 4 0 1 0.00 M M 2.0 10 280 M M 5 14 290
21 77 53 65 3 0 0 0.00 M M 1.5 8 310 M M 4 8 11 320
22 74 62 68 6 0 3 T M M 3.2 9 100 M M 5 12 110
23 68 60 64 2 1 0 0.65 M M 6.4 16 190 M M 8 1 23 180
24 72 60 66 5 0 1 0.01 M M 6.8 13 230 M M 4 19 200
25 65 55 60 -1 5 0 0.27 M M 5.9 15 190 M M 8 1 25 160
26 70 52 61 1 4 0 0.01 M M 2.6 13 270 M M 6 1 16 280
27 75 51 63 3 2 0 0.00 M M 4.5 12 320 M M 3 12 19 310
28 87 48 68 8 0 3 0.00 M M 3.2 10 80 M M 0 15 90
29 85 50 68 9 0 3 0.00 M M 1.6 8 240 M M 2 1 9 220
30 82 51 67 8 0 2 0.00 M M 2.0 8 280 M M 3 12 11 290
================================================================================
SM 2332 1680 38 101 1.29 M 120.3 M 156
================================================================================
AV 77.7 56.0 4.0 FASTST M M 5 MAX(MPH)
MISC ----> # 32 80 # 48 70
================================================================================
NOTES:
# LAST OF SEVERAL OCCURRENCES
COLUMN 17 PEAK WIND IN M.P.H.
PRELIMINARY LOCAL CLIMATOLOGICAL DATA (WS FORM: F-6) , PAGE 2
STATION: VANCOUVER WA
MONTH: SEPTEMBER
YEAR: 2020
LATITUDE: 45 37 N
LONGITUDE: 122 39 W
[TEMPERATURE DATA] [PRECIPITATION DATA] SYMBOLS USED IN COLUMN 16
AVERAGE MONTHLY: 66.9 TOTAL FOR MONTH: 1.29 1 = FOG OR MIST
DPTR FM NORMAL: 3.3 DPTR FM NORMAL: -0.27 2 = FOG REDUCING VISIBILITY
HIGHEST: 95 ON 3 GRTST 24HR 0.65 ON 23-23 TO 1/4 MILE OR LESS
LOWEST: 48 ON 28 3 = THUNDER
SNOW, ICE PELLETS, HAIL 4 = ICE PELLETS
TOTAL MONTH: M 5 = HAIL
GRTST 24HR M ON M 6 = FREEZING RAIN OR DRIZZLE
GRTST DEPTH: M ON M 7 = DUSTSTORM OR SANDSTORM:
VSBY 1/2 MILE OR LESS
8 = SMOKE OR HAZE
[NO. OF DAYS WITH] [WEATHER - DAYS WITH] 9 = BLOWING SNOW
X = TORNADO
MAX 32 OR BELOW: 0 0.01 INCH OR MORE: 5
MAX 90 OR ABOVE: 4 0.10 INCH OR MORE: 3
MIN 32 OR BELOW: 0 0.50 INCH OR MORE: 1
MIN 0 OR BELOW: 0 1.00 INCH OR MORE: 0
[HDD (BASE 65) ]
TOTAL THIS MO. 38 CLEAR (SCALE 0-3) 11
DPTR FM NORMAL -51 PTCLDY (SCALE 4-7) 8
TOTAL FM JUL 1 51 CLOUDY (SCALE 8-10) 11
DPTR FM NORMAL -71
[CDD (BASE 65) ]
TOTAL THIS MO. 101
DPTR FM NORMAL 53 [PRESSURE DATA]
TOTAL FM JAN 1 527 HIGHEST SLP 30.43 ON 27
DPTR FM NORMAL 154 LOWEST SLP 29.78 ON 23
[REMARKS]
#FINAL-09-20#