000
CXUS51 KAKQ 010710
CF6WAL
PRELIMINARY LOCAL CLIMATOLOGICAL DATA (WS FORM: F-6)
STATION: WALLOPS ISLAND VA
MONTH: APRIL
YEAR: 2023
LATITUDE: 37 55 N
LONGITUDE: 75 28 W
TEMPERATURE IN F: :PCPN: SNOW: WIND :SUNSHINE: SKY :PK WND
================================================================================
1 2 3 4 5 6A 6B 7 8 9 10 11 12 13 14 15 16 17 18
12Z AVG MX 2MIN
DY MAX MIN AVG DEP HDD CDD WTR SNW DPTH SPD SPD DIR MIN PSBL S-S WX SPD DR
================================================================================
1 74 49 62 12 3 0 0.75 0.0 0 16.5 32 310 M M 8 13 48 310
2 57 44 51 1 14 0 0.00 0.0 0 10.5 33 310 M M 0 54 310
3 59 45 52 1 13 0 0.00 0.0 0 12.9 21 200 M M 1 28 190
4 68 53 61 10 4 0 0.00 0.0 0 11.7 21 190 M M 4 12 26 190
5 71 53 62 10 3 0 0.00 0.0 0 11.5 21 190 M M 4 12 27 190
6 81 60 71 19 0 6 0.03 0.0 0 10.4 20 350 M M 4 13 30 290
7 61 46 54 2 11 0 0.26 0.0 0 6.8 23 360 M M 9 1 30 350
8 51 43 47 -6 18 0 0.00 0.0 0 13.1 24 50 M M 1 30 60
9 54 41 48 -5 17 0 0.00 0.0 0 14.5 25 40 M M 0 32 60
10 57 32 45 -8 20 0 0.00 0.0 0 6.9 14 150 M M 0 18 150
11 71 39 55 1 10 0 0.00 0.0 0 9.2 18 190 M M 1 22 200
12 81 57 69 15 0 4 0.00 0.0 0 9.3 18 300 M M 1 24 270
13 85 58 72 18 0 7 0.00 0.0 0 8.3 17 190 M M 0 22 190
14 76 60 68 13 0 3 T 0.0 0 10.5 22 200 M M 1 26 190
15 75 59 67 12 0 2 0.07 0.0 0 7.9 18 190 M M 6 12 25 190
16 78 58 68 13 0 3 0.01 0.0 0 7.6 16 190 M M 4 1 20 180
17 69 51 60 4 5 0 T 0.0 0 8.6 20 230 M M 4 1 27 230
18 75 44 60 4 5 0 0.00 0.0 0 8.6 23 260 M M 0 31 220
19 64 43 54 -2 11 0 0.00 0.0 0 10.8 20 180 M M 0 25 50
20 77 55 66 9 0 1 0.00 0.0 0 7.1 14 190 M M 2 18 16 190
21 85 55 70 13 0 5 0.00 0.0 0 10.2 21 180 M M 1 35 210
22 74 57 66 9 0 1 2.29 0.0 0 9.6 25 170 M M 3 13 36 170
23 69 52 61 3 4 0 0.07 0.0 0 8.8 15 280 M M 4 1 22 300
24 62 43 53 -5 12 0 0.05 0.0 0 6.3 15 310 M M 6 20 360
25 61 42 52 -6 13 0 0.00 0.0 0 6.0 13 160 M M 1 17 130
26 62 41 52 -7 13 0 0.00 0.0 0 8.1 15 140 M M 2 18 120
27 70 53 62 3 3 0 0.00 0.0 0 7.2 14 150 M M 3 17 130
28 61 58 60 1 5 0 0.78 0.0 0 17.0 30 120 M M 10 1 41 120
29 75 56 66 6 0 1 T 0.0 0 6.4 15 180 M M 6 12 20 140
30 68 56 62 2 3 0 0.89 0.0 0 11.5 25 310 M M 10 13 40 290
================================================================================
SM 2071 1503 187 33 5.20 0.0 293.8 M 96
================================================================================
AV 69.0 50.1 9.8 FASTST M M 3 MAX(MPH)
MISC ----> 33 310 54 310
================================================================================
NOTES:
# LAST OF SEVERAL OCCURRENCES
COLUMN 17 PEAK WIND IN M.P.H.
PRELIMINARY LOCAL CLIMATOLOGICAL DATA (WS FORM: F-6) , PAGE 2
STATION: WALLOPS ISLAND VA
MONTH: APRIL
YEAR: 2023
LATITUDE: 37 55 N
LONGITUDE: 75 28 W
[TEMPERATURE DATA] [PRECIPITATION DATA] SYMBOLS USED IN COLUMN 16
AVERAGE MONTHLY: 59.6 TOTAL FOR MONTH: 5.20 1 = FOG OR MIST
DPTR FM NORMAL: 4.5 DPTR FM NORMAL: 2.08 2 = FOG REDUCING VISIBILITY
HIGHEST: 85 ON 21,13 GRTST 24HR 2.36 ON 22-23 TO 1/4 MILE OR LESS
LOWEST: 32 ON 10 3 = THUNDER
SNOW, ICE PELLETS, HAIL 4 = ICE PELLETS
TOTAL MONTH: 0.0 INCH 5 = HAIL
GRTST 24HR 0.0 6 = FREEZING RAIN OR DRIZZLE
GRTST DEPTH: 0 7 = DUSTSTORM OR SANDSTORM:
VSBY 1/2 MILE OR LESS
8 = SMOKE OR HAZE
[NO. OF DAYS WITH] [WEATHER - DAYS WITH] 9 = BLOWING SNOW
X = TORNADO
MAX 32 OR BELOW: 0 0.01 INCH OR MORE: 10
MAX 90 OR ABOVE: 0 0.10 INCH OR MORE: 5
MIN 32 OR BELOW: 1 0.50 INCH OR MORE: 4
MIN 0 OR BELOW: 0 1.00 INCH OR MORE: 1
[HDD (BASE 65) ]
TOTAL THIS MO. 187 CLEAR (SCALE 0-3) 15
DPTR FM NORMAL -124 PTCLDY (SCALE 4-7) 12
TOTAL FM JUL 1 3299 CLOUDY (SCALE 8-10) 3
DPTR FM NORMAL -539
[CDD (BASE 65) ]
TOTAL THIS MO. 33
DPTR FM NORMAL 19 [PRESSURE DATA]
TOTAL FM JAN 1 33 HIGHEST SLP M ON M
DPTR FM NORMAL 18 LOWEST SLP 29.06 ON 30
[REMARKS]
#FINAL-04-23#