000
CXUS51 KAKQ 010833
CF6WAL
PRELIMINARY LOCAL CLIMATOLOGICAL DATA (WS FORM: F-6)
STATION: WALLOPS ISLAND VA
MONTH: JUNE
YEAR: 2020
LATITUDE: 37 55 N
LONGITUDE: 75 28 W
TEMPERATURE IN F: :PCPN: SNOW: WIND :SUNSHINE: SKY :PK WND
================================================================================
1 2 3 4 5 6A 6B 7 8 9 10 11 12 13 14 15 16 17 18
12Z AVG MX 2MIN
DY MAX MIN AVG DEP HDD CDD WTR SNW DPTH SPD SPD DIR MIN PSBL S-S WX SPD DR
================================================================================
1 69 52 61 -7 4 0 T 0.0 0 10.4 18 190 M M 1 22 190
2 76 55 66 -2 0 1 0.00 0.0 0 7.6 15 240 M M 5 8 19 230
3 91 67 79 11 0 14 0.00 0.0 0 11.8 21 260 M M 0 28 250
4 89 71 80 11 0 15 0.00 0.0 0 8.2 17 180 M M 0 20 180
5 84 68 76 7 0 11 T 0.0 0 12.2 21 180 M M 4 25 180
6 89 69 79 10 0 14 0.10 0.0 0 7.9 15 260 M M 2 3 21 250
7 82 61 72 2 0 7 T 0.0 0 7.8 15 130 M M 2 18 150
8 80 59 70 0 0 5 0.00 0.0 0 7.1 13 140 M M 0 16 120
9 82 61 72 2 0 7 0.00 0.0 M 8.8 15 190 M M 0 19 200
10 83 70 77 6 0 12 0.00 0.0 0 14.7 25 190 M M 0 32 180
11 80 70 75 4 0 10 0.05 0.0 0 15.7 26 190 M M 6 1 35 190
12 84 65 75 4 0 10 T 0.0 0 6.8 13 20 M M 5 16 20
13 76 63 70 -2 0 5 0.00 0.0 0 10.7 23 60 M M 0 28 40
14 73 56 65 -7 0 0 T 0.0 0 13.9 23 50 M M 0 27 60
15 70 61 66 -6 0 1 0.02 0.0 0 20.3 28 50 M M 8 34 50
16 67 61 64 -8 1 0 0.03 0.0 0 23.0 31 50 M M 9 39 50
17 71 62 67 -6 0 2 0.50 0.0 0 17.3 29 50 M M 8 1 36 60
18 78 63 71 -2 0 6 0.00 0.0 0 7.4 14 140 M M 2 1 20 150
19 83 65 74 1 0 9 0.00 0.0 0 8.2 17 180 M M 2 22 160
20 81 67 74 0 0 9 T 0.0 0 7.6 15 180 M M 3 20 160
21 80 65 73 -1 0 8 0.00 0.0 0 6.0 13 140 M M 2 17 130
22 84 66 75 1 0 10 0.00 0.0 0 7.6 17 190 M M 1 22 180
23 88 69 79 5 0 14 0.00 0.0 0 11.2 22 180 M M 1 28 190
24 88 73 81 6 0 16 0.00 0.0 0 10.2 22 310 M M 2 30 290
25 85 70 78 3 0 13 T 0.0 0 8.1 14 200 M M 1 19 200
26 89 66 78 3 0 13 0.00 0.0 0 7.8 16 300 M M 0 23 290
27 93 74 84 9 0 19 0.00 0.0 0 9.4 22 230 M M 2 28 220
28 93 74 84 8 0 19 T 0.0 0 6.5 15 290 M M 0 20 280
29 89 71 80 4 0 15 0.00 0.0 0 7.0 15 70 M M 2 21 40
30 86 69 78 2 0 13 0.17 0.0 0 6.5 16 60 M M 2 13 20 60
================================================================================
SM 2463 1963 5 278 0.87 0.0 307.7 M 70
================================================================================
AV 82.1 65.4 10.3 FASTST M M 2 MAX(MPH)
MISC ----> # 31 50 # 39 50
================================================================================
NOTES:
# LAST OF SEVERAL OCCURRENCES
COLUMN 17 PEAK WIND IN M.P.H.
PRELIMINARY LOCAL CLIMATOLOGICAL DATA (WS FORM: F-6) , PAGE 2
STATION: WALLOPS ISLAND VA
MONTH: JUNE
YEAR: 2020
LATITUDE: 37 55 N
LONGITUDE: 75 28 W
[TEMPERATURE DATA] [PRECIPITATION DATA] SYMBOLS USED IN COLUMN 16
AVERAGE MONTHLY: 73.8 TOTAL FOR MONTH: 0.87 1 = FOG OR MIST
DPTR FM NORMAL: 1.6 DPTR FM NORMAL: -2.42 2 = FOG REDUCING VISIBILITY
HIGHEST: 93 ON 28,27 GRTST 24HR 0.50 ON 17-17 TO 1/4 MILE OR LESS
LOWEST: 52 ON 1 3 = THUNDER
SNOW, ICE PELLETS, HAIL 4 = ICE PELLETS
TOTAL MONTH: 0.0 INCH 5 = HAIL
GRTST 24HR 0.0 6 = FREEZING RAIN OR DRIZZLE
GRTST DEPTH: 0 7 = DUSTSTORM OR SANDSTORM:
VSBY 1/2 MILE OR LESS
8 = SMOKE OR HAZE
[NO. OF DAYS WITH] [WEATHER - DAYS WITH] 9 = BLOWING SNOW
X = TORNADO
MAX 32 OR BELOW: 0 0.01 INCH OR MORE: 6
MAX 90 OR ABOVE: 3 0.10 INCH OR MORE: 3
MIN 32 OR BELOW: 0 0.50 INCH OR MORE: 1
MIN 0 OR BELOW: 0 1.00 INCH OR MORE: 0
[HDD (BASE 65) ]
TOTAL THIS MO. 5 CLEAR (SCALE 0-3) 23
DPTR FM NORMAL -10 PTCLDY (SCALE 4-7) 5
TOTAL FM JUL 1 3621 CLOUDY (SCALE 8-10) 2
DPTR FM NORMAL -569
[CDD (BASE 65) ]
TOTAL THIS MO. 278
DPTR FM NORMAL 49 [PRESSURE DATA]
TOTAL FM JAN 1 319 HIGHEST SLP 30.33 ON 15
DPTR FM NORMAL 18 LOWEST SLP 29.70 ON 24
[REMARKS]
#FINAL-06-20#