000
CXUS56 KLOX 011255
CF6WJF
PRELIMINARY LOCAL CLIMATOLOGICAL DATA (WS FORM: F-6)
STATION: LANCASTER FOX FIELD CA
MONTH: DECEMBER
YEAR: 2021
LATITUDE: 34 43 N
LONGITUDE: 118 13 W
TEMPERATURE IN F: :PCPN: SNOW: WIND :SUNSHINE: SKY :PK WND
================================================================================
1 2 3 4 5 6A 6B 7 8 9 10 11 12 13 14 15 16 17 18
12Z AVG MX 2MIN
DY MAX MIN AVG DEP HDD CDD WTR SNW DPTH SPD SPD DIR MIN PSBL S-S WX SPD DR
================================================================================
1 76 28 52 6 13 0 0.00 M M 3.6 13 50 M M 0 17 220
2 73 30 52 7 13 0 0.00 M M 1.9 9 270 M M 0 9 270
3 71 30 51 6 14 0 0.00 M M 1.7 12 290 M M 0 12 290
4 71 29 50 5 15 0 0.00 M M 2.3 13 280 M M 0 8 16 290
5 74 28 51 7 14 0 0.00 M M 3.2 10 330 M M 0 12 290
6 74 28 51 7 14 0 0.00 M M 7.8 24 260 M M 0 28 260
7 68 48 58 14 7 0 T M M 9.2 23 260 M M 5 27 260
8 68 37 53 9 12 0 0.00 M M 10.2 23 240 M M 1 32 230
9 53 42 48 4 17 0 0.09 M M 17.6 32 280 M M 5 40 280
10 53 27 40 -4 25 0 0.00 M M 5.2 17 290 M M 0 22 280
11 53 19 36 -8 29 0 0.00 M M 2.5 8 260 M M 0 10 30
12 61 20 41 -3 24 0 0.00 M M 5.9 20 260 M M 0 25 300
13 51 43 47 4 18 0 0.00 M M 16.0 29 220 M M 4 38 320
14 54 36 45 2 20 0 0.72 M M 17.3 35 270 M M 8 1 43 260
15 48 30 39 -4 26 0 0.00 M M 7.3 18 270 M M 1 22 270
16 58 29 44 1 21 0 0.00 M M 10.8 28 280 M M 1 34 270
17 53 29 41 -2 24 0 0.00 M M 4.6 15 60 M M 0 20 50
18 53 23 38 -5 27 0 0.00 M M 2.6 8 290 M M 0 10 320
19 53 24 39 -4 26 0 0.00 M M 2.3 7 300 M M 0 8 280
20 49 21 35 -8 30 0 0.00 M M 1.1 7 300 M M 0 7 290
21 52 30 41 -2 24 0 0.00 M M 2.0 8 270 M M 0 9 270
22 62 29 46 3 19 0 0.00 M M 5.6 16 270 M M 3 21 260
23 54 48 51 8 14 0 0.22 M M 11.2 21 280 M M 10 1 24 280
24 54 44 49 6 16 0 0.03 M M 13.3 26 220 M M 6 1 33 240
25 54 38 46 3 19 0 0.30 M M 15.3 30 210 M M 5 1 38 210
26 49 36 43 0 22 0 0.00 M M 18.0 30 270 M M 2 34 270
27 48 35 42 -1 23 0 T M M 17.8 31 230 M M 3 40 230
28 47 37 42 -2 23 0 0.00 M M 21.6 36 260 M M 3 8 41 270
29 49 35 42 -2 23 0 0.08 M M 10.3 21 250 M M 7 27 210
30 45 41 43 -1 22 0 1.17 M M 3.7 8 270 M M 10 1 10 20
31 51 33 42 -2 23 0 0.00 M M 17.9 39 280 M M 2 12 47 270
================================================================================
SM 1779 1007 617 0 2.61 M 269.8 M 76
================================================================================
AV 57.4 32.5 8.7 FASTST M M 2 MAX(MPH)
MISC ----> 39 280 47 270
================================================================================
NOTES:
# LAST OF SEVERAL OCCURRENCES
COLUMN 17 PEAK WIND IN M.P.H.
PRELIMINARY LOCAL CLIMATOLOGICAL DATA (WS FORM: F-6) , PAGE 2
STATION: LANCASTER FOX FIELD CA
MONTH: DECEMBER
YEAR: 2021
LATITUDE: 34 43 N
LONGITUDE: 118 13 W
[TEMPERATURE DATA] [PRECIPITATION DATA] SYMBOLS USED IN COLUMN 16
AVERAGE MONTHLY: 44.9 TOTAL FOR MONTH: 2.61 1 = FOG OR MIST
DPTR FM NORMAL: 1.2 DPTR FM NORMAL: 1.50 2 = FOG REDUCING VISIBILITY
HIGHEST: 76 ON 1 GRTST 24HR 1.25 ON 29-30 TO 1/4 MILE OR LESS
LOWEST: 19 ON 11 3 = THUNDER
SNOW, ICE PELLETS, HAIL 4 = ICE PELLETS
TOTAL MONTH: M 5 = HAIL
GRTST 24HR M ON M 6 = FREEZING RAIN OR DRIZZLE
GRTST DEPTH: M ON M 7 = DUSTSTORM OR SANDSTORM:
VSBY 1/2 MILE OR LESS
8 = SMOKE OR HAZE
[NO. OF DAYS WITH] [WEATHER - DAYS WITH] 9 = BLOWING SNOW
X = TORNADO
MAX 32 OR BELOW: 0 0.01 INCH OR MORE: 7
MAX 90 OR ABOVE: 0 0.10 INCH OR MORE: 4
MIN 32 OR BELOW: 17 0.50 INCH OR MORE: 2
MIN 0 OR BELOW: 0 1.00 INCH OR MORE: 1
[HDD (BASE 65) ]
TOTAL THIS MO. 617 CLEAR (SCALE 0-3) 19
DPTR FM NORMAL -43 PTCLDY (SCALE 4-7) 10
TOTAL FM JUL 1 1062 CLOUDY (SCALE 8-10) 2
DPTR FM NORMAL -152
[CDD (BASE 65) ]
TOTAL THIS MO. 0
DPTR FM NORMAL 0 [PRESSURE DATA]
TOTAL FM JAN 1 2445 HIGHEST SLP 30.40 ON 18
DPTR FM NORMAL 539 LOWEST SLP 29.68 ON 31
[REMARKS]
#FINAL-12-21#