000
CXUS56 KMTR 010900
CF6WVI
PRELIMINARY LOCAL CLIMATOLOGICAL DATA (WS FORM: F-6)
STATION: WATSONVILLE AIRPORT
MONTH: OCTOBER
YEAR: 2023
LATITUDE: 36 55 N
LONGITUDE: 121 47 W
TEMPERATURE IN F: :PCPN: SNOW: WIND :SUNSHINE: SKY :PK WND
================================================================================
1 2 3 4 5 6A 6B 7 8 9 10 11 12 13 14 15 16 17 18
12Z AVG MX 2MIN
DY MAX MIN AVG DEP HDD CDD WTR SNW DPTH SPD SPD DIR MIN PSBL S-S WX SPD DR
================================================================================
1 68 55 62 -1 3 0 0.00 M M 3.8 14 250 M M 7 19 240
2 66 46 56 -7 9 0 0.00 M M 3.3 10 210 M M 5 12 19 230
3 75 47 61 -1 4 0 0.00 M M 3.5 10 230 M M 2 12 15 230
4 92 50 71 9 0 6 0.00 M M 3.1 10 260 M M 0 15 230
5 97 55 76 14 0 11 0.00 M M 4.2 13 270 M M 0 16 280
6 98 60 79 17 0 14 0.00 M M 3.9 10 260 M M 0 15 300
7 94 56 75 13 0 10 0.00 M M 3.3 12 210 M M 0 15 220
8 69 53 61 -1 4 0 0.00 M M 3.2 13 220 M M 5 12 16 220
9 70 55 63 1 2 0 0.00 M M 2.6 13 220 M M 9 16 220
10 69 55 62 0 3 0 0.06 M M 3.9 15 240 M M 8 1 19 240
11 76 47 62 0 3 0 0.00 M M 4.6 15 240 M M 1 1 20 230
12 76 45 61 -1 4 0 0.00 M M 4.6 15 260 M M 0 21 270
13 74 47 61 0 4 0 0.00 M M 3.7 12 230 M M 0 16 260
14 76 49 63 2 2 0 0.00 M M 3.9 14 270 M M 6 12 18 260
15 80 50 65 4 0 0 0.00 M M 2.6 10 260 M M 6 12 14 270
16 76 47 62 1 3 0 0.00 M M 3.3 9 170 M M 3 12 13 250
17 80 52 66 5 0 1 0.00 M M 3.1 12 280 M M 0 17 270
18 90 53 72 11 0 7 0.00 M M 3.8 10 230 M M 0 15 210
19 85 55 70 9 0 5 0.00 M M 3.4 10 210 M M 2 1 14 250
20 65 52 59 -1 6 0 0.00 M M 3.2 14 260 M M 6 1 18 250
21 69 51 60 0 5 0 0.00 M M 3.8 16 250 M M 2 21 260
22 63 55 59 -1 6 0 M M M 1.8 20 210 M M 8 18 26 210
23 69 58 64 4 1 0 0.00 M M 6.0 12 250 M M 2 17 240
24 71 55 63 3 2 0 0.00 M M 4.0 12 260 M M 8 8 16 270
25 67 52 60 0 5 0 0.00 M M 3.4 12 240 M M 6 17 210
26 67 46 57 -3 8 0 0.00 M M 4.3 14 270 M M 0 21 270
27 65 42 54 -5 11 0 0.00 M M 3.5 13 260 M M 0 17 270
28 68 41 55 -4 10 0 0.00 M M 3.5 10 220 M M 0 17 230
29 77 35 56 -3 9 0 0.00 M M 3.9 9 70 M M 0 17 60
30 79 41 60 1 5 0 0.00 M M 3.3 9 260 M M 0 12 270
31 82 42 62 3 3 0 0.00 M M 2.8 7 330 M M 0 11 140
================================================================================
SM 2353 1547 112 54 0.06 M 111.3 M 86
================================================================================
AV 75.9 49.9 3.6 FASTST M M 3 MAX(MPH)
MISC ----> 20 210 26 210
================================================================================
NOTES:
# LAST OF SEVERAL OCCURRENCES
COLUMN 17 PEAK WIND IN M.P.H.
PRELIMINARY LOCAL CLIMATOLOGICAL DATA (WS FORM: F-6) , PAGE 2
STATION: WATSONVILLE AIRPORT
MONTH: OCTOBER
YEAR: 2023
LATITUDE: 36 55 N
LONGITUDE: 121 47 W
[TEMPERATURE DATA] [PRECIPITATION DATA] SYMBOLS USED IN COLUMN 16
AVERAGE MONTHLY: 62.9 TOTAL FOR MONTH: 0.06 1 = FOG OR MIST
DPTR FM NORMAL: 2.0 DPTR FM NORMAL: -0.79 2 = FOG REDUCING VISIBILITY
HIGHEST: 98 ON 6 GRTST 24HR 0.24 ON 22-22 TO 1/4 MILE OR LESS
LOWEST: 35 ON 29 3 = THUNDER
SNOW, ICE PELLETS, HAIL 4 = ICE PELLETS
TOTAL MONTH: M 5 = HAIL
GRTST 24HR M ON M 6 = FREEZING RAIN OR DRIZZLE
GRTST DEPTH: M ON M 7 = DUSTSTORM OR SANDSTORM:
VSBY 1/2 MILE OR LESS
8 = SMOKE OR HAZE
[NO. OF DAYS WITH] [WEATHER - DAYS WITH] 9 = BLOWING SNOW
X = TORNADO
MAX 32 OR BELOW: 0 0.01 INCH OR MORE: 1
MAX 90 OR ABOVE: 5 0.10 INCH OR MORE: 0
MIN 32 OR BELOW: 0 0.50 INCH OR MORE: 0
MIN 0 OR BELOW: 0 1.00 INCH OR MORE: 0
[HDD (BASE 65) ]
TOTAL THIS MO. 112 CLEAR (SCALE 0-3) 20
DPTR FM NORMAL -39 PTCLDY (SCALE 4-7) 10
TOTAL FM JUL 1 304 CLOUDY (SCALE 8-10) 1
DPTR FM NORMAL -98
[CDD (BASE 65) ]
TOTAL THIS MO. 54
DPTR FM NORMAL 30 [PRESSURE DATA]
TOTAL FM JAN 1 95 HIGHEST SLP M ON M
DPTR FM NORMAL -28 LOWEST SLP 29.79 ON 12
[REMARKS]
#FINAL-10-23#