000
CXAK56 PAJK 011310
CF6YAK
PRELIMINARY LOCAL CLIMATOLOGICAL DATA (WS FORM: F-6)
STATION: YAKUTAT
MONTH: MARCH
YEAR: 2022
LATITUDE: 59 31 N
LONGITUDE: 139 40 W
TEMPERATURE IN F: :PCPN: SNOW: WIND :SUNSHINE: SKY :PK WND
================================================================================
1 2 3 4 5 6A 6B 7 8 9 10 11 12 13 14 15 16 17 18
12Z AVG MX 2MIN
DY MAX MIN AVG DEP HDD CDD WTR SNW DPTH SPD SPD DIR MIN PSBL S-S WX SPD DR
================================================================================
1 37 31 34 3 31 0 0.00 M M 0.3 6 240 M M 10 12 6 240
2 38 28 33 2 32 0 T M M 1.9 7 60 M M 9 12 8 30
3 37 30 34 3 31 0 T M M 2.4 9 70 M M 10 8 10 70
4 38 30 34 3 31 0 0.19 M M 5.0 10 70 M M 10 1 14 80
5 41 33 37 6 28 0 2.11 M M 11.3 20 130 M M 10 1 29 120
6 41 28 35 4 30 0 0.39 M M 4.6 17 230 M M 8 1 24 160
7 44 21 33 2 32 0 0.00 M M 2.3 12 60 M M 1 1 14 50
8 40 17 29 -2 36 0 0.00 M M 0.6 7 340 M M 0 9 340
9 38 22 30 -1 35 0 0.00 M M 4.0 10 110 M M 8 17 120
10 37 33 35 4 30 0 0.86 M M 9.4 14 70 M M 10 1 21 120
11 40 33 37 6 28 0 0.21 M M 5.4 13 80 M M 10 1 M M
12 37 33 35 4 30 0 0.34 M M 4.3 10 170 M M M 1 13 120
13 36 32 34 3 31 0 0.15 M M 8.0 13 60 M M 9 1 18 60
14 36 32 34 3 31 0 0.09 M M 8.2 14 70 M M 10 1 16 60
15 41 33 37 6 28 0 0.51 M M 7.4 14 120 M M 10 1 20 120
16 42 36 39 7 26 0 0.93 M M 14.1 36 120 M M 10 1 50 120
17 38 35 37 5 28 0 0.36 M M 8.3 16 80 M M 10 1 23 100
18 44 33 39 7 26 0 0.19 M M 10.0 21 70 M M 10 1 29 120
19 41 33 37 5 28 0 0.24 M M 7.6 16 80 M M 9 1 23 80
20 41 30 36 4 29 0 0.06 M M 6.0 17 80 M M 6 1 22 70
21 40 33 37 5 28 0 0.83 M M 12.5 20 50 M M 10 1 27 70
22 40 33 37 5 28 0 1.59 M M 14.9 30 110 M M 10 1 44 110
23 41 33 37 5 28 0 0.36 M M 8.5 17 190 M M 9 1 24 190
24 44 34 39 6 26 0 0.14 M M 10.1 24 80 M M 9 1 32 70
25 41 33 37 4 28 0 0.38 M M 7.3 17 110 M M 10 1 23 130
26 42 32 37 4 28 0 0.05 M M 2.2 8 60 M M 8 1 10 70
27 41 30 36 3 29 0 0.02 M M 4.4 13 80 M M 8 1 16 80
28 40 33 37 3 28 0 0.66 M M 9.8 25 120 M M 10 1 37 120
29 40 35 38 4 27 0 0.15 M M 4.3 9 70 M M 10 1 M M
30 41 33 37 3 28 0 0.11 M M 4.5 14 230 M M 10 1 17 220
31 40 33 37 3 28 0 0.10 M M 5.6 12 70 M M 9 1 16 80
================================================================================
SM 1237 965 907 0 11.02 M 205.2 M 263
================================================================================
AV 39.9 31.1 6.6 FASTST M M 9 MAX(MPH)
MISC ----> 36 120 50 120
================================================================================
NOTES:
# LAST OF SEVERAL OCCURRENCES
COLUMN 17 PEAK WIND IN M.P.H.
PRELIMINARY LOCAL CLIMATOLOGICAL DATA (WS FORM: F-6) , PAGE 2
STATION: YAKUTAT
MONTH: MARCH
YEAR: 2022
LATITUDE: 59 31 N
LONGITUDE: 139 40 W
[TEMPERATURE DATA] [PRECIPITATION DATA] SYMBOLS USED IN COLUMN 16
AVERAGE MONTHLY: 35.5 TOTAL FOR MONTH: 11.02 1 = FOG OR MIST
DPTR FM NORMAL: 3.6 DPTR FM NORMAL: 1.50 2 = FOG REDUCING VISIBILITY
HIGHEST: 44 ON 24,18 GRTST 24HR 2.40 ON 5- 6 TO 1/4 MILE OR LESS
LOWEST: 17 ON 8 3 = THUNDER
SNOW, ICE PELLETS, HAIL 4 = ICE PELLETS
TOTAL MONTH: M 5 = HAIL
GRTST 24HR M ON M 6 = FREEZING RAIN OR DRIZZLE
GRTST DEPTH: M ON M 7 = DUSTSTORM OR SANDSTORM:
VSBY 1/2 MILE OR LESS
8 = SMOKE OR HAZE
[NO. OF DAYS WITH] [WEATHER - DAYS WITH] 9 = BLOWING SNOW
X = TORNADO
MAX 32 OR BELOW: 0 0.01 INCH OR MORE: 25
MAX 90 OR ABOVE: 0 0.10 INCH OR MORE: 21
MIN 32 OR BELOW: 13 0.50 INCH OR MORE: 7
MIN 0 OR BELOW: 0 1.00 INCH OR MORE: 2
[HDD (BASE 65) ]
TOTAL THIS MO. 907 CLEAR (SCALE 0-3) 2
DPTR FM NORMAL -119 PTCLDY (SCALE 4-7) 3
TOTAL FM JUL 1 7133 CLOUDY (SCALE 8-10) 26
DPTR FM NORMAL 210
[CDD (BASE 65) ]
TOTAL THIS MO. 0
DPTR FM NORMAL 0 [PRESSURE DATA]
TOTAL FM JAN 1 0 HIGHEST SLP M ON M
DPTR FM NORMAL 0 LOWEST SLP 29.28 ON 22
[REMARKS]
#FINAL-03-22#