000
CXAK56 PAJK 031538
CF6YAK
PRELIMINARY LOCAL CLIMATOLOGICAL DATA (WS FORM: F-6)
STATION: YAKUTAT
MONTH: NOVEMBER
YEAR: 2021
LATITUDE: 59 31 N
LONGITUDE: 139 40 W
TEMPERATURE IN F: :PCPN: SNOW: WIND :SUNSHINE: SKY :PK WND
================================================================================
1 2 3 4 5 6A 6B 7 8 9 10 11 12 13 14 15 16 17 18
12Z AVG MX 2MIN
DY MAX MIN AVG DEP HDD CDD WTR SNW DPTH SPD SPD DIR MIN PSBL S-S WX SPD DR
================================================================================
1 48 32 40 3 25 0 0.04 M M 4.1 14 50 M M 8 18 50
2 51 42 47 11 18 0 0.17 M M 6.3 15 120 M M 10 1 21 120
3 46 38 42 6 23 0 0.19 M M 6.4 20 110 M M 10 1 28 110
4 43 29 36 0 29 0 0.00 M M 1.2 7 290 M M 2 18 9 280
5 40 30 35 -1 30 0 0.27 M M 3.4 17 80 M M 7 1 23 80
6 40 30 35 0 30 0 0.11 M M 4.0 31 150 M M 7 1 47 160
7 40 23 32 -3 33 0 0.00 M M 0.3 7 310 M M 0 1 8 320
8 40 19 30 -5 35 0 0.00 M M 2.0 7 360 M M 0 9 100
9 40 18 29 -5 36 0 0.00 M M 2.0 16 10 M M 1 21 10
10 34 19 27 -7 38 0 0.17 M M 4.9 12 70 M M 8 1 15 70
11 36 23 30 -4 35 0 0.05 M M 2.1 15 40 M M 5 1 19 40
12 38 33 36 2 29 0 0.72 M M 4.2 13 220 M M 10 1 17 80
13 34 28 31 -3 34 0 0.09 M M 3.5 13 70 M M 7 1 19 80
14 32 21 27 -7 38 0 0.00 M M 1.1 6 20 M M 1 1 9 350
15 30 18 24 -9 41 0 0.05 M M 3.0 12 80 M M 5 12 14 60
16 42 27 35 2 30 0 0.88 M M 10.7 23 180 M M 10 12 33 180
17 42 27 35 2 30 0 0.99 M M 5.4 23 240 M M 10 12 32 240
18 28 18 23 -10 42 0 0.23 M M 6.7 14 70 M M 8 12 17 220
19 22 5 14 -19 51 0 0.00 M M 1.9 7 80 M M 2 1 8 80
20 33 3 18 -15 47 0 0.28 M M 10.6 24 60 M M 5 1 30 50
21 34 30 32 -1 33 0 0.24 M M 11.5 21 80 M M 10 16 26 80
22 30 24 27 -6 38 0 0.03 M M 3.5 13 90 M M 10 1 16 90
23 31 21 26 -6 39 0 0.34 M M 6.3 15 240 M M 9 12 19 240
24 35 28 32 0 33 0 0.36 M M 7.5 16 70 M M 10 1 21 80
25 35 29 32 0 33 0 0.23 M M 4.5 18 250 M M 10 168 25 200
26 31 23 27 -5 38 0 0.42 M M 4.9 16 250 M M 9 12 22 240
27 30 26 28 -4 37 0 0.12 M M 2.8 16 240 M M 10 1 21 250
28 31 21 26 -6 39 0 0.10 M M 8.1 26 220 M M 8 18 34 230
29 33 21 27 -5 38 0 0.31 M M 10.8 17 60 M M 9 12 23 30
30 38 33 36 4 29 0 0.54 M M 9.7 20 220 M M 10 1 26 220
================================================================================
SM 1087 739 1031 0 6.93 M 153.4 M 211
================================================================================
AV 36.2 24.6 5.1 FASTST M M 7 MAX(MPH)
MISC ----> 31 150 47 160
================================================================================
NOTES:
# LAST OF SEVERAL OCCURRENCES
COLUMN 17 PEAK WIND IN M.P.H.
PRELIMINARY LOCAL CLIMATOLOGICAL DATA (WS FORM: F-6) , PAGE 2
STATION: YAKUTAT
MONTH: NOVEMBER
YEAR: 2021
LATITUDE: 59 31 N
LONGITUDE: 139 40 W
[TEMPERATURE DATA] [PRECIPITATION DATA] SYMBOLS USED IN COLUMN 16
AVERAGE MONTHLY: 30.4 TOTAL FOR MONTH: 6.93 1 = FOG OR MIST
DPTR FM NORMAL: -3.3 DPTR FM NORMAL: -6.62 2 = FOG REDUCING VISIBILITY
HIGHEST: 51 ON 2 GRTST 24HR 1.24 ON 16-17 TO 1/4 MILE OR LESS
LOWEST: 3 ON 20 3 = THUNDER
SNOW, ICE PELLETS, HAIL 4 = ICE PELLETS
TOTAL MONTH: M 5 = HAIL
GRTST 24HR M ON M 6 = FREEZING RAIN OR DRIZZLE
GRTST DEPTH: M ON M 7 = DUSTSTORM OR SANDSTORM:
VSBY 1/2 MILE OR LESS
8 = SMOKE OR HAZE
[NO. OF DAYS WITH] [WEATHER - DAYS WITH] 9 = BLOWING SNOW
X = TORNADO
MAX 32 OR BELOW: 9 0.01 INCH OR MORE: 24
MAX 90 OR ABOVE: 0 0.10 INCH OR MORE: 19
MIN 32 OR BELOW: 26 0.50 INCH OR MORE: 4
MIN 0 OR BELOW: 0 1.00 INCH OR MORE: 0
[HDD (BASE 65) ]
TOTAL THIS MO. 1031 CLEAR (SCALE 0-3) 6
DPTR FM NORMAL 92 PTCLDY (SCALE 4-7) 8
TOTAL FM JUL 1 2863 CLOUDY (SCALE 8-10) 16
DPTR FM NORMAL 118
[CDD (BASE 65) ]
TOTAL THIS MO. 0
DPTR FM NORMAL 0 [PRESSURE DATA]
TOTAL FM JAN 1 0 HIGHEST SLP 30.11 ON 20
DPTR FM NORMAL 0 LOWEST SLP 28.98 ON 30
[REMARKS]
#FINAL-11-21#