000
CXUS56 KPDT 011544
CLMYKM
CLIMATE REPORT
NATIONAL WEATHER SERVICE PENDLETON, OR
844 AM PDT MON MAY 01 2023
...................................
...THE YAKIMA WA CLIMATE SUMMARY FOR THE MONTH OF APRIL 2023...
CLIMATE NORMAL PERIOD 1991 TO 2020
CLIMATE RECORD PERIOD 1946 TO 2023
WEATHER OBSERVED NORMAL DEPART LAST YEAR`S
VALUE DATE(S) VALUE FROM VALUE DATE(S)
NORMAL
................................................................
TEMPERATURE (F)
RECORD
HIGH 92 04/24/1977
LOW 18 04/19/2008
HIGHEST 86 04/29 69 04/24
LOWEST 21 04/05 21 04/15
04/17
AVG. MAXIMUM 61.4 64.7 -3.3 56.7
AVG. MINIMUM 33.5 35.2 -1.7 31.2
MEAN 47.5 49.9 -2.5 44.0
DAYS MAX >= 90 0 0.0 0.0 0
DAYS MAX <= 32 0 0.0 0.0 0
DAYS MIN <= 32 17 11.4 5.6 17
DAYS MIN <= 0 0 0.0 0.0 0
PRECIPITATION (INCHES)
RECORD
MAXIMUM 1.83 1995
MINIMUM T 2015
TOTALS 1.06 0.55 0.51 0.57
DAILY AVG. 0.04 0.02 0.02 0.02
DAYS >= .01 8 5.6 2.4 7
DAYS >= .10 2 1.7 0.3 3
DAYS >= .50 1 0.1 0.9 0
DAYS >= 1.00 0 0.0 0.0 0
GREATEST
24 HR. TOTAL 0.61 04/10 TO 04/10 0.28 04/20 TO 04/21
DEGREE DAYS
HEATING TOTAL 527 452 75 623
SINCE 7/1 5693 5455 238
COOLING TOTAL 3 1 2 0
SINCE 1/1 3 1 2
................................................................
WIND (MPH)
AVERAGE WIND SPEED 6.1
RESULTANT WIND SPEED/DIRECTION 2/250
HIGHEST WIND SPEED/DIRECTION 30/190 DATE 04/09
HIGHEST GUST SPEED/DIRECTION 45/180 DATE 04/09
AVERAGE RH (PERCENT) 55
WEATHER CONDITIONS. NUMBER OF DAYS WITH
THUNDERSTORM 0 MIXED PRECIP 0
HEAVY RAIN 1 RAIN 1
LIGHT RAIN 12 FREEZING RAIN 0
LT FREEZING RAIN 0 HAIL 0
HEAVY SNOW 0 SNOW 0
LIGHT SNOW 0 SLEET 0
FOG 5 FOG W/VIS <= 1/4 MILE 0
HAZE 4
- INDICATES NEGATIVE NUMBERS.
R INDICATES RECORD WAS SET OR TIED.
MM INDICATES DATA IS MISSING.
T INDICATES TRACE AMOUNT.
$$