000
CXUS55 KABQ 251000
CF6ABQ
PRELIMINARY LOCAL CLIMATOLOGICAL DATA (WS FORM: F-6)

                                          STATION:   ALBUQUERQUE  NM
                                          MONTH:     APRIL
                                          YEAR:      2018
                                          LATITUDE:   35  2 N
                                          LONGITUDE: 106 37 W

  TEMPERATURE IN F:       :PCPN:    SNOW:  WIND      :SUNSHINE: SKY     :PK WND
================================================================================
1   2   3   4   5  6A  6B    7    8   9   10  11  12  13   14  15   16   17  18
                                     12Z  AVG MX 2MIN
DY MAX MIN AVG DEP HDD CDD  WTR  SNW DPTH SPD SPD DIR MIN PSBL S-S WX    SPD DR
================================================================================

 1  70  46  58   6   7   0 0.00  0.0    0  8.1 17 240   M    M   8        21 260
 2  75  43  59   7   6   0 0.00  0.0    0 15.0 30 270   M    M   5        38 260
 3  70  50  60   8   5   0 0.00  0.0    0 15.0 24 310   M    M   3        30 270
 4  73  38  56   4   9   0 0.00  0.0    0  7.1 18 190   M    M   4        24 220
 5  72  47  60   7   5   0 0.00  0.0    0  6.4 22 260   M    M   6        31 270
 6  77  46  62   9   3   0 0.00  0.0    0  6.2 23 280   M    M   8        27 270
 7  83  46  65  12   0   0 0.00  0.0    0 10.4 28 260   M    M   7        39 250
 8  79  55  67  13   0   2 0.00  0.0    0 18.1 36 290   M    M   3        47 290
 9  70  44  57   3   8   0 0.00  0.0    0 10.9 25  90   M    M   1        32 310
10  71  44  58   4   7   0 0.00  0.0    0  5.5 25  90   M    M   5        29  90
11  83  47  65  11   0   0 0.00  0.0    0  8.6 24 270   M    M   5        32 280
12  81  48  65  10   0   0 0.00  0.0    0 16.9 39 240   M    M   5        52 240
13  54  35  45 -10  20   0 0.00  0.0    0 22.3 38 300   M    M   5 7      52 290
14  63  38  51  -4  14   0 0.00  0.0    0 10.2 23 320   M    M   0        31 310
15  71  36  54  -2  11   0 0.00  0.0    0  4.3 16 190   M    M   3        23 170
16  79  48  64   8   1   0 0.00  0.0    0  8.6 26 210   M    M   7        33 220
17  78  47  63   7   2   0 0.00  0.0    0 20.7 44 290   M    M   2 78     55 270
18  69  37  53  -4  12   0 0.00  0.0    0  8.5 29  90   M    M   1        33  80
19  77  48  63   6   2   0 0.00  0.0    0 26.7 40 110   M    M   5        50 120
20  62  43  53  -4  12   0    T  0.0    0 15.8 32 280   M    M   6        40 280
21  68  35  52  -6  13   0 0.00  0.0    0  5.2 18 270   M    M   4        30 270
22  75  43  59   1   6   0 0.00  0.0    0  6.5 16 190   M    M   4        19 180
23  80  50  65   7   0   0 0.00  0.0    0  7.2 17 190   M    M   3        20 190
24  83  50  67   8   0   2 0.00  0.0    0 13.0 40  90   M    M   6        48  90
================================================================================
SM 1763 1064       143   4    T      0.0 277.2          M      106
================================================================================
AV 73.5 44.3                              11.6 FASTST   M    M   4    MAX(MPH)
                                 MISC ---->  # 44 290               # 55  270
================================================================================
NOTES:
# LAST OF SEVERAL OCCURRENCES

COLUMN 17 PEAK WIND IN M.P.H.

PRELIMINARY LOCAL CLIMATOLOGICAL DATA (WS FORM: F-6) , PAGE 2

                                          STATION:  ALBUQUERQUE  NM
                                          MONTH:    APRIL
                                          YEAR:     2018
                                          LATITUDE:   35  2 N
                                          LONGITUDE: 106 37 W

[TEMPERATURE DATA]      [PRECIPITATION DATA]       SYMBOLS USED IN COLUMN 16

AVERAGE MONTHLY: 58.9   TOTAL FOR MONTH:      T    1 = FOG OR MIST
DPTR FM NORMAL:   3.9   DPTR FM NORMAL:   -0.50    2 = FOG REDUCING VISIBILITY
HIGHEST:    83 ON 24,11 GRTST 24HR    T  ON 20-20      TO 1/4 MILE OR LESS
LOWEST:     35 ON 21,13                            3 = THUNDER
                        SNOW, ICE PELLETS, HAIL    4 = ICE PELLETS
                        TOTAL MONTH:   0.0 INCH    5 = HAIL
                        GRTST 24HR     0.0         6 = FREEZING RAIN OR DRIZZLE
                        GRTST DEPTH:   0           7 = DUSTSTORM OR SANDSTORM:
                                                       VSBY 1/2 MILE OR LESS
                                                   8 = SMOKE OR HAZE
[NO. OF DAYS WITH]      [WEATHER - DAYS WITH]      9 = BLOWING SNOW
                                                   X = TORNADO
MAX 32 OR BELOW:   0    0.01 INCH OR MORE:   0
MAX 90 OR ABOVE:   0    0.10 INCH OR MORE:   0
MIN 32 OR BELOW:   0    0.50 INCH OR MORE:   0
MIN  0 OR BELOW:   0    1.00 INCH OR MORE:   0

[HDD (BASE 65) ]
TOTAL THIS MO.   143    CLEAR  (SCALE 0-3)   6
DPTR FM NORMAL   -99    PTCLDY (SCALE 4-7)  16
TOTAL FM JUL 1  3296    CLOUDY (SCALE 8-10)  2
DPTR FM NORMAL  -773

[CDD (BASE 65) ]
TOTAL THIS MO.     4
DPTR FM NORMAL     4    [PRESSURE DATA]
TOTAL FM JAN 1     4    HIGHEST SLP M ON M
DPTR FM NORMAL     4    LOWEST  SLP 29.38 ON 12

[REMARKS]
