000
CXUS56 KSGX 281046
CF6AJO
PRELIMINARY LOCAL CLIMATOLOGICAL DATA (WS FORM: F-6)
STATION: CORONA AIRPORT CA
MONTH: MARCH
YEAR: 2024
LATITUDE: 33 53 N
LONGITUDE: 117-36 E
TEMPERATURE IN F: :PCPN: SNOW: WIND :SUNSHINE: SKY :PK WND
================================================================================
1 2 3 4 5 6A 6B 7 8 9 10 11 12 13 14 15 16 17 18
12Z AVG MX 2MIN
DY MAX MIN AVG DEP HDD CDD WTR SNW DPTH SPD SPD DIR MIN PSBL S-S WX SPD DR
================================================================================
1 66 50 58 M 7 0 0.00 M M 5.2 12 260 M M 7 M M
2 62 51 57 M 8 0 M M M 6.0 17 240 M M 9 1 22 240
3 60 46 53 M 12 0 0.00 M M 4.8 12 250 M M 7 1 17 240
4 64 42 53 M 12 0 0.00 M M 4.2 13 260 M M 3 16 260
5 66 40 53 M 12 0 0.00 M M 4.4 12 260 M M 1 1 17 280
6 64 44 54 M 11 0 0.00 M M 2.7 9 280 M M 8 1 M M
7 64 45 55 M 10 0 M M M 4.6 13 290 M M 6 12 M M
8 72 42 57 M 8 0 0.00 M M 4.0 13 260 M M 3 12 18 260
9 72 43 58 M 7 0 0.00 M M 4.4 10 270 M M 0 M M
10 71 40 56 M 9 0 0.00 M M 4.1 12 260 M M 0 1 M M
11 67 41 54 M 11 0 0.00 M M 4.9 15 270 M M 0 22 270
12 60 49 55 M 10 0 0.00 M M 2.8 9 260 M M 9 M M
13 69 48 59 M 6 0 0.00 M M 5.7 15 280 M M 2 18 280
14 66 54 60 M 5 0 0.00 M M 17.5 33 30 M M 2 48 50
15 66 48 57 M 8 0 0.00 M M 7.5 14 130 M M 7 17 50
16 65 46 56 M 9 0 T M M 3.4 12 240 M M 6 M M
17 71 42 57 M 8 0 0.00 M M 4.5 13 260 M M 1 18 270
18 76 42 59 M 6 0 0.00 M M 3.5 10 260 M M 1 M M
19 74 43 59 M 6 0 0.00 M M 5.4 17 280 M M 0 1 23 270
20 75 44 60 M 5 0 0.00 M M 6.1 15 260 M M 0 1 23 260
21 75 49 62 M 3 0 0.00 M M 4.3 14 290 M M 4 18 M M
22 74 45 60 M 5 0 0.00 M M 5.5 13 260 M M 0 1 M M
23 61 49 55 M 10 0 0.00 M M 5.1 14 230 M M 8 1 21 230
24 65 43 54 M 11 0 M M M 7.6 15 250 M M 3 22 240
25 68 38 53 M 12 0 0.00 M M 4.2 13 260 M M 1 1 16 220
26 68 44 56 M 9 0 0.00 M M 4.1 15 270 M M 3 21 260
27 72 41 57 M 8 0 0.00 M M 3.4 12 280 M M 1 12 20 280
================================================================================
SM 1833 1209 228 0 T M 139.8 M 92
================================================================================
AV 67.9 44.8 5.2 FASTST M M 3 MAX(MPH)
MISC ----> 33 30 48 50
================================================================================
NOTES:
# LAST OF SEVERAL OCCURRENCES
COLUMN 17 PEAK WIND IN M.P.H.
PRELIMINARY LOCAL CLIMATOLOGICAL DATA (WS FORM: F-6) , PAGE 2
STATION: CORONA AIRPORT CA
MONTH: MARCH
YEAR: 2024
LATITUDE: 33 53 N
LONGITUDE: 117-36 E
[TEMPERATURE DATA] [PRECIPITATION DATA] SYMBOLS USED IN COLUMN 16
AVERAGE MONTHLY: 56.3 TOTAL FOR MONTH: T 1 = FOG OR MIST
DPTR FM NORMAL: 0.0 DPTR FM NORMAL: -0.00 2 = FOG REDUCING VISIBILITY
HIGHEST: 76 ON 18 GRTST 24HR T ON 16-16 TO 1/4 MILE OR LESS
LOWEST: 38 ON 25 3 = THUNDER
SNOW, ICE PELLETS, HAIL 4 = ICE PELLETS
TOTAL MONTH: M 5 = HAIL
GRTST 24HR M ON M 6 = FREEZING RAIN OR DRIZZLE
GRTST DEPTH: M ON M 7 = DUSTSTORM OR SANDSTORM:
VSBY 1/2 MILE OR LESS
8 = SMOKE OR HAZE
[NO. OF DAYS WITH] [WEATHER - DAYS WITH] 9 = BLOWING SNOW
X = TORNADO
MAX 32 OR BELOW: 0 0.01 INCH OR MORE: 0
MAX 90 OR ABOVE: 0 0.10 INCH OR MORE: 0
MIN 32 OR BELOW: 0 0.50 INCH OR MORE: 0
MIN 0 OR BELOW: 0 1.00 INCH OR MORE: 0
[HDD (BASE 65) ]
TOTAL THIS MO. 228 CLEAR (SCALE 0-3) 17
DPTR FM NORMAL M PTCLDY (SCALE 4-7) 8
TOTAL FM JUL 1 1216 CLOUDY (SCALE 8-10) 2
DPTR FM NORMAL M
[CDD (BASE 65) ]
TOTAL THIS MO. 0
DPTR FM NORMAL M [PRESSURE DATA]
TOTAL FM JAN 1 3 HIGHEST SLP M ON M
DPTR FM NORMAL M LOWEST SLP M ON M
[REMARKS]