000
CXUS53 KIWX 270800
CF6AOH
PRELIMINARY LOCAL CLIMATOLOGICAL DATA (WS FORM: F-6)

                                          STATION:   LIMA
                                          MONTH:     MAY
                                          YEAR:      2018
                                          LATITUDE:   40 42 N
                                          LONGITUDE:  84  1 W

  TEMPERATURE IN F:       :PCPN:    SNOW:  WIND      :SUNSHINE: SKY     :PK WND
================================================================================
1   2   3   4   5  6A  6B    7    8   9   10  11  12  13   14  15   16   17  18
                                     12Z  AVG MX 2MIN
DY MAX MIN AVG DEP HDD CDD  WTR  SNW DPTH SPD SPD DIR MIN PSBL S-S WX    SPD DR
================================================================================

 1  80  51  66  10   0   1 0.00  0.0    0 11.5 22 220   M    M   0        29 210
 2  82  61  72  15   0   7 0.00  0.0    0 15.7 31 230   M    M   3        41 240
 3  73  65  69  12   0   4 0.09  0.0    0 11.1 23 230   M    M   8 3      30 210
 4  79  52  66   9   0   1    T  0.0    0 15.1 37 250   M    M   4 3      43 260
 5  73  48  61   3   4   0 0.00  0.0    0  6.6 12 160   M    M   0        13 180
 6  78  53  66   8   0   1 0.38  0.0    0  5.9 31 260   M    M   2 3      44 260
 7  67  47  57  -1   8   0 0.00  0.0    0  8.7 17  10   M    M   1 8      22  10
 8  77  40  59   1   6   0 0.00  0.0    0  3.9  8  50   M    M   0         M  M
 9  82  54  68   9   0   3 0.01  0.0    0 13.7 21 190   M    M   2 3      31 200
10  76  58  67   8   0   2 0.28  0.0    0 12.1 26 270   M    M   4 13     35 270
11  62  49  56  -3   9   0 0.00  0.0    0 12.6 22  70   M    M   5        27  70
12  68  46  57  -3   8   0    T    M    0  7.1 16  30   M    M   4 3      19  30
13  73  49  61   1   4   0    T    M    0  7.4 14  30   M    M   5 13     20 320
14  83  56  70  10   0   5 0.16  0.0    0  6.9 31 330   M    M   3 138    40 340
15  76  58  67   6   0   2 0.21  0.0    0  7.2 16 320   M    M   5 13     21 220
16  77  54  66   5   0   1    T  0.0    0  7.9 15  80   M    M   3        20  80
17  81  49  65   4   0   0 0.00  0.0    0 10.2 21  70   M    M   0        28  70
18  68  56  62   0   3   0 0.17  0.0    0 10.6 20  70   M    M   6 1      23  70
19  78  64  71   9   0   6 0.06  0.0    0 10.4 21 230   M    M   7 13     24 230
20  77  58  68   6   0   3 0.00  0.0    0  7.4 16  90   M    M   4        19  50
21  81  55  68   6   0   3 0.65  0.0    0  9.1 21  10   M    M   5 13     26  10
22  79  63  71   8   0   6 0.01  0.0    0 10.7 22 310   M    M   6 13     27 310
23  76  55  66   3   0   1 0.00  0.0    0  6.1 13  80   M    M   1 1      16  70
24  82  50  66   3   0   1 0.00  0.0    0  4.8 14 110   M    M   0        18 120
25  85  55  70   6   0   5 0.00  0.0    0  5.6 16 230   M    M   0        20 240
26  86  68  77  13   0  12 0.06  0.0    0  6.8 25 290   M    M   2 13     32 260
================================================================================
SM 1999 1414        42  64  2.08     0.0 235.1          M       80
================================================================================
AV 76.9 54.4                               9.0 FASTST   M    M   3    MAX(MPH)
                                 MISC ---->  # 37 250               # 44  260
================================================================================
NOTES:
# LAST OF SEVERAL OCCURRENCES

COLUMN 17 PEAK WIND IN M.P.H.

PRELIMINARY LOCAL CLIMATOLOGICAL DATA (WS FORM: F-6) , PAGE 2

                                          STATION:  LIMA
                                          MONTH:    MAY
                                          YEAR:     2018
                                          LATITUDE:   40 42 N
                                          LONGITUDE:  84  1 W

[TEMPERATURE DATA]      [PRECIPITATION DATA]       SYMBOLS USED IN COLUMN 16

AVERAGE MONTHLY: 65.6   TOTAL FOR MONTH:   2.08    1 = FOG OR MIST
DPTR FM NORMAL:   5.5   DPTR FM NORMAL:   -1.18    2 = FOG REDUCING VISIBILITY
HIGHEST:    86 ON 26    GRTST 24HR  0.65 ON 21-21      TO 1/4 MILE OR LESS
LOWEST:     40 ON  8                               3 = THUNDER
                        SNOW, ICE PELLETS, HAIL    4 = ICE PELLETS
                        TOTAL MONTH:   0.0 INCH    5 = HAIL
                        GRTST 24HR     0.0         6 = FREEZING RAIN OR DRIZZLE
                        GRTST DEPTH:   0           7 = DUSTSTORM OR SANDSTORM:
                                                       VSBY 1/2 MILE OR LESS
                                                   8 = SMOKE OR HAZE
[NO. OF DAYS WITH]      [WEATHER - DAYS WITH]      9 = BLOWING SNOW
                                                   X = TORNADO
MAX 32 OR BELOW:   0    0.01 INCH OR MORE:  11
MAX 90 OR ABOVE:   0    0.10 INCH OR MORE:   6
MIN 32 OR BELOW:   0    0.50 INCH OR MORE:   1
MIN  0 OR BELOW:   0    1.00 INCH OR MORE:   0

[HDD (BASE 65) ]
TOTAL THIS MO.    42    CLEAR  (SCALE 0-3)  14
DPTR FM NORMAL  -122    PTCLDY (SCALE 4-7)  12
TOTAL FM JUL 1  5691    CLOUDY (SCALE 8-10)  0
DPTR FM NORMAL  -118

[CDD (BASE 65) ]
TOTAL THIS MO.    64
DPTR FM NORMAL    25    [PRESSURE DATA]
TOTAL FM JAN 1    69    HIGHEST SLP M ON M
DPTR FM NORMAL    20    LOWEST  SLP 29.65 ON  4

[REMARKS]
