000
CXUS53 KBIS 260803
CF6BIS
PRELIMINARY LOCAL CLIMATOLOGICAL DATA (WS FORM: F-6)

                                          STATION:   BISMARCK ND
                                          MONTH:     MAY
                                          YEAR:      2018
                                          LATITUDE:   46 46 N
                                          LONGITUDE: 100 45 W

  TEMPERATURE IN F:       :PCPN:    SNOW:  WIND      :SUNSHINE: SKY     :PK WND
================================================================================
1   2   3   4   5  6A  6B    7    8   9   10  11  12  13   14  15   16   17  18
                                     12Z  AVG MX 2MIN
DY MAX MIN AVG DEP HDD CDD  WTR  SNW DPTH SPD SPD DIR MIN PSBL S-S WX    SPD DR
================================================================================

 1  54  37  46  -4  19   0 0.01  0.0    0  5.7 14 360   M    M   8 1      17 360
 2  73  33  53   2  12   0 0.01  0.0    0  7.4 21 280   M    M   3 1      28 290
 3  75  31  53   2  12   0 0.00  0.0    0  7.2 25 280   M    M   1        31 270
 4  82  39  61   9   4   0 0.00  0.0    0  8.7 25 340   M    M   2        36 340
 5  83  43  63  11   2   0 0.00  0.0    0  8.1 25 340   M    M   1        31 340
 6  83  38  61   9   4   0 0.00  0.0    0  4.9 17 260   M    M   1 8      23 240
 7  84  49  67  14   0   2 0.01  0.0    0 11.5 29 160   M    M   1 3      34 150
 8  66  45  56   3   9   0 0.01  0.0    0  7.7 18  60   M    M   5 1      22  20
 9  73  45  59   6   6   0 0.02  0.0    0 12.0 26 330   M    M   5 1      37 320
10  47  34  41 -13  24   0    T    T    0  9.2 18  90   M    M   7        21 100
11  54  44  49  -5  16   0 0.13  0.0    0  7.9 20 140   M    M  10        23 130
12  58  46  52  -2  13   0    T  0.0    0  4.2 13 160   M    M  10 8      16 160
13  73  51  62   7   3   0 0.00  0.0    0  5.9 14 200   M    M   8        18 200
14  80  49  65  10   0   0 0.00  0.0    0  5.2 15  80   M    M   2        18  80
15  83  38  61   6   4   0 0.00  0.0    0  6.7 18 200   M    M   0        25 230
16  88  46  67  11   0   2 0.00  0.0    0  4.6 17  80   M    M   0        22  80
17  66  55  61   5   4   0 0.17  0.0    0  9.3 30 130   M    M   4 3      37 130
18  60  47  54  -2  11   0 0.56  0.0    0 12.3 22  30   M    M   9 1      28  30
19  65  42  54  -3  11   0 0.00  0.0    0 10.7 24  70   M    M   0        31  80
20  71  35  53  -4  12   0 0.00  0.0    0  6.1 20 170   M    M   0 1      23 170
21  74  39  57   0   8   0 0.00  0.0    0  6.9 16 140   M    M   1        22 120
22  85  48  67   9   0   2 0.18  0.0    0  6.8 21  80   M    M   2 13     28  90
23  83  59  71  13   0   6    T  0.0    0  9.1 21 140   M    M   3        24 150
24  86  63  75  17   0  10 0.05  0.0    0 10.2 26 130   M    M   1 3      35 210
25  92  59  76  18   0  11 0.00  0.0    0  9.7 24 270   M    M   1        30 270
================================================================================
SM 1838 1115       174  33  1.15    T    198.0          M       85
================================================================================
AV 73.5 44.6                               7.9 FASTST   M    M   3    MAX(MPH)
                                 MISC ---->  # 30 130               # 37  320
================================================================================
NOTES:
# LAST OF SEVERAL OCCURRENCES

COLUMN 17 PEAK WIND IN M.P.H.

PRELIMINARY LOCAL CLIMATOLOGICAL DATA (WS FORM: F-6) , PAGE 2

                                          STATION:  BISMARCK ND
                                          MONTH:    MAY
                                          YEAR:     2018
                                          LATITUDE:   46 46 N
                                          LONGITUDE: 100 45 W

[TEMPERATURE DATA]      [PRECIPITATION DATA]       SYMBOLS USED IN COLUMN 16

AVERAGE MONTHLY: 59.1   TOTAL FOR MONTH:   1.15    1 = FOG OR MIST
DPTR FM NORMAL:   4.5   DPTR FM NORMAL:   -0.71    2 = FOG REDUCING VISIBILITY
HIGHEST:    92 ON 25    GRTST 24HR  0.56 ON 18-18      TO 1/4 MILE OR LESS
LOWEST:     31 ON  3                               3 = THUNDER
                        SNOW, ICE PELLETS, HAIL    4 = ICE PELLETS
                        TOTAL MONTH:    T          5 = HAIL
                        GRTST 24HR    T  ON 10-10  6 = FREEZING RAIN OR DRIZZLE
                        GRTST DEPTH:   0           7 = DUSTSTORM OR SANDSTORM:
                                                       VSBY 1/2 MILE OR LESS
                                                   8 = SMOKE OR HAZE
[NO. OF DAYS WITH]      [WEATHER - DAYS WITH]      9 = BLOWING SNOW
                                                   X = TORNADO
MAX 32 OR BELOW:   0    0.01 INCH OR MORE:  10
MAX 90 OR ABOVE:   1    0.10 INCH OR MORE:   4
MIN 32 OR BELOW:   1    0.50 INCH OR MORE:   1
MIN  0 OR BELOW:   0    1.00 INCH OR MORE:   0

[HDD (BASE 65) ]
TOTAL THIS MO.   174    CLEAR  (SCALE 0-3)  16
DPTR FM NORMAL   -97    PTCLDY (SCALE 4-7)   6
TOTAL FM JUL 1  8535    CLOUDY (SCALE 8-10)  3
DPTR FM NORMAL   109

[CDD (BASE 65) ]
TOTAL THIS MO.    33
DPTR FM NORMAL    26    [PRESSURE DATA]
TOTAL FM JAN 1    34    HIGHEST SLP M ON M
DPTR FM NORMAL    26    LOWEST  SLP 29.66 ON 25

[REMARKS]
