000
CXUS51 KRLX 210717
CF6BKW
PRELIMINARY LOCAL CLIMATOLOGICAL DATA (WS FORM: F-6)

                                          STATION:   BECKLEY WV
                                          MONTH:     MAY
                                          YEAR:      2018
                                          LATITUDE:   37 46 N
                                          LONGITUDE:  81  7 W

  TEMPERATURE IN F:       :PCPN:    SNOW:  WIND      :SUNSHINE: SKY     :PK WND
================================================================================
1   2   3   4   5  6A  6B    7    8   9   10  11  12  13   14  15   16   17  18
                                     12Z  AVG MX 2MIN
DY MAX MIN AVG DEP HDD CDD  WTR  SNW DPTH SPD SPD DIR MIN PSBL S-S WX    SPD DR
================================================================================

 1  78  40  59   3   6   0 0.00  0.0    0  5.4 16 270   M    M   0        25 260
 2  81  52  67  10   0   2 0.00  0.0    0  7.3 18 230   M    M   0        25 280
 3  85  60  73  16   0   8 0.00  0.0    0  7.8 20 270   M    M   0        25 260
 4  81  62  72  15   0   7    T  0.0    0 11.1 26 310   M    M   4        33 310
 5  65  56  61   4   4   0 1.72  0.0    0  4.8 20 230   M    M   9 1      26 260
 6  64  47  56  -2   9   0 0.66  0.0    0  6.8 21 320   M    M   5 1      30 330
 7  69  45  57  -1   8   0    T  0.0    0  4.3 14 180   M    M   5 12     18 160
 8  72  48  60   2   5   0 0.00  0.0    0  7.5 14 160   M    M   3        22 160
 9  78  52  65   7   0   0 0.00  0.0    0  7.2 14 260   M    M   2        19 250
10  77  58  68  10   0   3 0.08  0.0    0 10.4 26 260   M    M   3 1      35 260
11  82  55  69  10   0   4 0.00  0.0    0  6.8 17 320   M    M   3        24 250
12  83  63  73  14   0   8 0.00  0.0    0  8.4 20 270   M    M   0        25 270
13  83  60  72  13   0   7 0.00  0.0    0  6.7 18 260   M    M   0        25 280
14  84  60  72  13   0   7 0.00  0.0    0  4.9 14 270   M    M   1        19 260
15  86  60  73  13   0   8 0.39  0.0    M  6.6 17 230   M    M   4 1      20 230
16  68  60  64   4   1   0 0.19  0.0    0  3.7 10 140   M    M   9 1      14 140
17  74  63  69   9   0   4 0.36  0.0    0  5.8 16 130   M    M   9 12     21 100
18  69  62  66   6   0   1 0.08  0.0    0 11.4 18 110   M    M   8 1      24 130
19  77  61  69   9   0   4 0.29  0.0    0  8.6 22 270   M    M   6 1      31 270
20  80  60  70   9   0   5 0.00  0.0    0  5.9 15 270   M    M   3        22 260
================================================================================
SM 1536 1124        33  68  3.77     0.0 141.4          M       74
================================================================================
AV 76.8 56.2                               7.1 FASTST   M    M   4    MAX(MPH)
                                 MISC ---->  # 26 310               # 35  260
================================================================================
NOTES:
# LAST OF SEVERAL OCCURRENCES

COLUMN 17 PEAK WIND IN M.P.H.

PRELIMINARY LOCAL CLIMATOLOGICAL DATA (WS FORM: F-6) , PAGE 2

                                          STATION:  BECKLEY WV
                                          MONTH:    MAY
                                          YEAR:     2018
                                          LATITUDE:   37 46 N
                                          LONGITUDE:  81  7 W

[TEMPERATURE DATA]      [PRECIPITATION DATA]       SYMBOLS USED IN COLUMN 16

AVERAGE MONTHLY: 66.5   TOTAL FOR MONTH:   3.77    1 = FOG OR MIST
DPTR FM NORMAL:   8.0   DPTR FM NORMAL:    0.81    2 = FOG REDUCING VISIBILITY
HIGHEST:    86 ON 15    GRTST 24HR  1.72 ON  5- 5      TO 1/4 MILE OR LESS
LOWEST:     40 ON  1                               3 = THUNDER
                        SNOW, ICE PELLETS, HAIL    4 = ICE PELLETS
                        TOTAL MONTH:   0.0 INCH    5 = HAIL
                        GRTST 24HR     0.0         6 = FREEZING RAIN OR DRIZZLE
                        GRTST DEPTH:   0           7 = DUSTSTORM OR SANDSTORM:
                                                       VSBY 1/2 MILE OR LESS
                                                   8 = SMOKE OR HAZE
[NO. OF DAYS WITH]      [WEATHER - DAYS WITH]      9 = BLOWING SNOW
                                                   X = TORNADO
MAX 32 OR BELOW:   0    0.01 INCH OR MORE:   8
MAX 90 OR ABOVE:   0    0.10 INCH OR MORE:   6
MIN 32 OR BELOW:   0    0.50 INCH OR MORE:   2
MIN  0 OR BELOW:   0    1.00 INCH OR MORE:   1

[HDD (BASE 65) ]
TOTAL THIS MO.    33    CLEAR  (SCALE 0-3)   9
DPTR FM NORMAL  -112    PTCLDY (SCALE 4-7)   7
TOTAL FM JUL 1  5072    CLOUDY (SCALE 8-10)  4
DPTR FM NORMAL  -182

[CDD (BASE 65) ]
TOTAL THIS MO.    68
DPTR FM NORMAL    54    [PRESSURE DATA]
TOTAL FM JAN 1    80    HIGHEST SLP  0.00 ON  8
DPTR FM NORMAL    56    LOWEST  SLP 29.83 ON 15

[REMARKS]
