000
CXUS53 KLMK 250800
CF6BWG
PRELIMINARY LOCAL CLIMATOLOGICAL DATA (WS FORM: F-6)

                                          STATION:   BOWLING GREEN KY
                                          MONTH:     MAY
                                          YEAR:      2018
                                          LATITUDE:   36 58 N
                                          LONGITUDE:  86 26 W

  TEMPERATURE IN F:       :PCPN:    SNOW:  WIND      :SUNSHINE: SKY     :PK WND
================================================================================
1   2   3   4   5  6A  6B    7    8   9   10  11  12  13   14  15   16   17  18
                                     12Z  AVG MX 2MIN
DY MAX MIN AVG DEP HDD CDD  WTR  SNW DPTH SPD SPD DIR MIN PSBL S-S WX    SPD DR
================================================================================

 1  83  44  64   2   1   0 0.00  0.0    0  6.2 16 200   M    M   0        22 200
 2  85  62  74  12   0   9 0.00  0.0    0  9.9 18 180   M    M   2        27 220
 3  86  65  76  13   0  11 0.00  0.0    0 10.8 22 210   M    M   3        31 210
 4  75  69  72   9   0   7 0.20  0.0    0  8.3 17 220   M    M   5 13     24 230
 5  70  57  64   1   1   0 1.51  0.0    0  2.6 16 280   M    M  10 13     24 300
 6  83  53  68   4   0   3 0.22  0.0    0  5.0 13 280   M    M   4 138    20 290
 7  80  54  67   3   0   2 0.00  0.0    0  2.7 13 300   M    M   0 12     19 310
 8  80  50  65   1   0   0 0.00  0.0    0  2.5  9  90   M    M   0        13  80
 9  87  53  70   6   0   5    T  0.0    0  8.3 22 220   M    M   2 1      33 230
10  87  67  77  12   0  12 0.06  0.0    0  7.5 20 230   M    M   1 3      28 230
11  88  70  79  14   0  14 0.00  0.0    0  9.6 21 220   M    M   0        27 220
12  88  65  77  12   0  12 0.00  0.0    0  6.9 17 240   M    M   1        23 240
13  89  61  75   9   0  10 0.00  0.0    0  5.4 16 230   M    M   1 1      22 230
14  92  66  79  13   0  14 0.00  0.0    0  3.6 12 180   M    M   2        16 130
15  91  70  81  15   0  16 0.00  0.0    0  5.6 15 280   M    M   1        20 270
16  84  67  76  10   0  11 0.00  0.0    0  4.6 12  30   M    M   2        17 360
17  84  63  74   7   0   9 0.02  0.0    0  5.3 23 120   M    M   4 12     29 110
18  83  67  75   8   0  10 0.40  0.0    0  3.9 16 160   M    M   6 13     22 230
19  86  67  77  10   0  12 0.03  0.0    0  7.7 18 250   M    M   5 3      28 220
20  89  67  78  10   0  13 0.33  0.0    0  4.9 23 150   M    M   4 13     31 140
21  86  67  77   9   0  12 0.52  0.0    0  3.6 23 210   M    M   3 138    32 220
22  84  68  76   8   0  11 0.14  0.0    0  4.1 22  50   M    M   2 3      28  50
23  87  65  76   8   0  11 0.00  0.0    0  2.6  9  10   M    M   3 1      15 350
24  87  64  76   7   0  11 0.00  0.0    0  2.7 12  50   M    M   1        14  60
================================================================================
SM 2034 1501         2 215  3.43     0.0 134.3          M       62
================================================================================
AV 84.8 62.5                               5.6 FASTST   M    M   3    MAX(MPH)
                                 MISC ---->  # 23 120               # 33  230
================================================================================
NOTES:
# LAST OF SEVERAL OCCURRENCES

COLUMN 17 PEAK WIND IN M.P.H.

PRELIMINARY LOCAL CLIMATOLOGICAL DATA (WS FORM: F-6) , PAGE 2

                                          STATION:  BOWLING GREEN KY
                                          MONTH:    MAY
                                          YEAR:     2018
                                          LATITUDE:   36 58 N
                                          LONGITUDE:  86 26 W

[TEMPERATURE DATA]      [PRECIPITATION DATA]       SYMBOLS USED IN COLUMN 16

AVERAGE MONTHLY: 73.7   TOTAL FOR MONTH:   3.43    1 = FOG OR MIST
DPTR FM NORMAL:   8.2   DPTR FM NORMAL:   -0.96    2 = FOG REDUCING VISIBILITY
HIGHEST:    92 ON 14    GRTST 24HR  1.51 ON  5- 5      TO 1/4 MILE OR LESS
LOWEST:     44 ON  1                               3 = THUNDER
                        SNOW, ICE PELLETS, HAIL    4 = ICE PELLETS
                        TOTAL MONTH:   0.0 INCH    5 = HAIL
                        GRTST 24HR     0.0         6 = FREEZING RAIN OR DRIZZLE
                        GRTST DEPTH:   0           7 = DUSTSTORM OR SANDSTORM:
                                                       VSBY 1/2 MILE OR LESS
                                                   8 = SMOKE OR HAZE
[NO. OF DAYS WITH]      [WEATHER - DAYS WITH]      9 = BLOWING SNOW
                                                   X = TORNADO
MAX 32 OR BELOW:   0    0.01 INCH OR MORE:  10
MAX 90 OR ABOVE:   2    0.10 INCH OR MORE:   7
MIN 32 OR BELOW:   0    0.50 INCH OR MORE:   2
MIN  0 OR BELOW:   0    1.00 INCH OR MORE:   1

[HDD (BASE 65) ]
TOTAL THIS MO.     2    CLEAR  (SCALE 0-3)  16
DPTR FM NORMAL   -65    PTCLDY (SCALE 4-7)   7
TOTAL FM JUL 1  3926    CLOUDY (SCALE 8-10)  1
DPTR FM NORMAL  -110

[CDD (BASE 65) ]
TOTAL THIS MO.   215
DPTR FM NORMAL   138    [PRESSURE DATA]
TOTAL FM JAN 1   241    HIGHEST SLP M ON M
DPTR FM NORMAL   128    LOWEST  SLP 29.84 ON 18

[REMARKS]
