000
CXUS55 KPIH 191200
CF6BYI

PRELIMINARY LOCAL CLIMATOLOGICAL DATA (WS FORM: F-6)

                                          STATION:   BURLEY ID
                                          MONTH:     APRIL
                                          YEAR:      2018
                                          LATITUDE:   42 32 N
                                          LONGITUDE: 113 46 W

  TEMPERATURE IN F:       :PCPN:    SNOW:  WIND      :SUNSHINE: SKY     :PK WND
================================================================================
1   2   3   4   5  6A  6B    7    8   9   10  11  12  13   14  15   16   17  18
                                     12Z  AVG MX 2MIN
DY MAX MIN AVG DEP HDD CDD  WTR  SNW DPTH SPD SPD DIR MIN PSBL S-S WX    SPD DR
================================================================================

 1  60  38  49   6  16   0    T    M    M 10.8 20 280   M    M   3        29 280
 2  49  22  36  -7  29   0 0.06    M    M 17.7 39 290   M    M   6 1      57 260
 3  51  21  36  -7  29   0 0.00    M    M 11.1 23 210   M    M   0        38 210
 4  58  34  46   2  19   0 0.00    M    M 11.7 22 290   M    M   5        36 220
 5  57  32  45   1  20   0 0.05    M    M  8.2 21 250   M    M   8        29 250
 6  54  44  49   5  16   0 0.12    M    M  9.4 18 250   M    M   9        27 270
 7  64  44  54  10  11   0 0.13    M    M 12.1 37 260   M    M   8 1      51 270
 8  53  37  45   1  20   0 0.01    M    M 13.6 25 270   M    M   8        38 300
 9  59  29  44   0  21   0 0.00    M    M  8.6 17 250   M    M   0        24 250
10   M   M   M   M   M   M    M    M    M   M   M   M   M    M   3         M  M
11  61   M   M   M   M   M    T    M    M  9.0 21 230   M    M   5        33 210
12  53  32  43  -2  22   0 0.01    M    M 22.1 38 290   M    M   4 1      55 300
13  50  30  40  -5  25   0 0.00    M    M 16.5 24 270   M    M   1        38 270
14  57  34  46   0  19   0    T    M    M  8.7 22 290   M    M   4        30 280
15  70  36  53   7  12   0 0.00    M    M 10.2 23 200   M    M   3        29 180
16  60  32  46   0  19   0 0.15    M    M 12.4 25 280   M    M   7 1      39 290
17  46  29  38  -8  27   0 0.00    M    M 17.0 32 290   M    M   1        50 260
18  57  25  41  -5  24   0 0.00    M    M  8.7 18 140   M    M   1        28 100
================================================================================
SM  959  519       329   0  0.53    M    207.8          M       76
================================================================================
AV 56.4 32.4                              12.2 FASTST   M    M   4    MAX(MPH)
                                 MISC ---->  # 39 290               # 57  260
================================================================================
NOTES:
# LAST OF SEVERAL OCCURRENCES
PRECIPITATION SUSPECT DURING FREEZING/FROZEN EVENTS

COLUMN 17 PEAK WIND IN M.P.H.

PRELIMINARY LOCAL CLIMATOLOGICAL DATA (WS FORM: F-6) , PAGE 2

                                          STATION:  BURLEY ID
                                          MONTH:    APRIL
                                          YEAR:     2018
                                          LATITUDE:   42 32 N
                                          LONGITUDE: 113 46 W

[TEMPERATURE DATA]      [PRECIPITATION DATA]       SYMBOLS USED IN COLUMN 16

AVERAGE MONTHLY: 44.4   TOTAL FOR MONTH:   0.53    1 = FOG OR MIST
DPTR FM NORMAL:  -0.2   DPTR FM NORMAL:   -0.05    2 = FOG REDUCING VISIBILITY
HIGHEST:    70 ON 15    GRTST 24HR  0.15 ON 16-16      TO 1/4 MILE OR LESS
LOWEST:     21 ON  3                               3 = THUNDER
                        SNOW, ICE PELLETS, HAIL    4 = ICE PELLETS
                        TOTAL MONTH:    M          5 = HAIL
                        GRTST 24HR    M  ON   M    6 = FREEZING RAIN OR DRIZZLE
                        GRTST DEPTH:  M  ON   M    7 = DUSTSTORM OR SANDSTORM:
                                                       VSBY 1/2 MILE OR LESS
                                                   8 = SMOKE OR HAZE
[NO. OF DAYS WITH]      [WEATHER - DAYS WITH]      9 = BLOWING SNOW
                                                   X = TORNADO
MAX 32 OR BELOW:   0    0.01 INCH OR MORE:   7
MAX 90 OR ABOVE:   0    0.10 INCH OR MORE:   3
MIN 32 OR BELOW:   9    0.50 INCH OR MORE:   0
MIN  0 OR BELOW:   0    1.00 INCH OR MORE:   0

[HDD (BASE 65) ]
TOTAL THIS MO.   329    CLEAR  (SCALE 0-3)   8
DPTR FM NORMAL   -37    PTCLDY (SCALE 4-7)   9
TOTAL FM JUL 1  5476    CLOUDY (SCALE 8-10)  1
DPTR FM NORMAL  -709

[CDD (BASE 65) ]
TOTAL THIS MO.     0
DPTR FM NORMAL     0    [PRESSURE DATA]
TOTAL FM JAN 1     0    HIGHEST SLP M ON M
DPTR FM NORMAL     0    LOWEST  SLP 29.46 ON 16

[REMARKS]
