000
CXUS55 KCAE 211400
CF6CAE
PRELIMINARY LOCAL CLIMATOLOGICAL DATA (WS FORM: F-6)

                                          STATION:   COLUMBIA METRO AIRPORT SC
                                          MONTH:     MAY
                                          YEAR:      2018
                                          LATITUDE:   33 57 N
                                          LONGITUDE:  81  7 W

  TEMPERATURE IN F:       :PCPN:    SNOW:  WIND      :SUNSHINE: SKY     :PK WND
================================================================================
1   2   3   4   5  6A  6B    7    8   9   10  11  12  13   14  15   16   17  18
                                     12Z  AVG MX 2MIN
DY MAX MIN AVG DEP HDD CDD  WTR  SNW DPTH SPD SPD DIR MIN PSBL S-S WX    SPD DR
================================================================================

 1  85  48  67   0   0   2 0.00  0.0    0  4.3 14 180   M    M   0 8      18 240
 2  86  57  72   4   0   7 0.00  0.0    0  5.5 13 260   M    M   1 8      17 240
 3  88  58  73   5   0   8 0.00  0.0    0  5.9 14 180   M    M   2        17 210
 4  88  60  74   6   0   9 0.00  0.0    0  6.4 14 230   M    M   3 8      21 280
 5  83  63  73   5   0   8 0.00  0.0    0  5.0 14 190   M    M   8        17 190
 6  88  64  76   7   0  11 0.00  0.0    0  7.4 23 270   M    M   5        31 290
 7  85  56  71   2   0   6 0.00  0.0    0  6.2 16  10   M    M   1        23 340
 8  84  62  73   4   0   8 0.00  0.0    0  5.3 14  10   M    M   2        18  10
 9  86  56  71   1   0   6 0.00  0.0    0  2.0  9 330   M    M   2 1      14 290
10  92  64  78   8   0  13    T  0.0    0  6.9 17 350   M    M   3 8      28 300
11  95  61  78   8   0  13 0.00  0.0    0  3.5 14 300   M    M   3        21 290
12  96  65  81  11   0  16 0.01  0.0    0  4.3 20 220   M    M   2 3      24 220
13  98  67  83  12   0  18 0.00  0.0    0  3.7 13 170   M    M   3 1      18 190
14  94  68  81  10   0  16 0.00  0.0    0  5.9 18 110   M    M   7        22 130
15  81  71  76   5   0  11 0.55  0.0    0  5.6 16 210   M    M   8 13     19 220
16  86  71  79   7   0  14 0.03  0.0    0  6.0 21 190   M    M   7 13     27 180
17  82  70  76   4   0  11    T  0.0    0  6.3 15 110   M    M   9 1      18 140
18  80  69  75   3   0  10 0.55  0.0    0  7.6 18 200   M    M   9 13     23 200
19  87  69  78   6   0  13 0.00  0.0    0  7.0 17 100   M    M   8 1      21 120
20  82  72  77   4   0  12 0.03  0.0    0  3.8 10 180   M    M  10 13     14 180
================================================================================
SM 1746 1271         0 212  1.17     0.0 108.6          M       93
================================================================================
AV 87.3 63.6                               5.4 FASTST   M    M   5    MAX(MPH)
                                 MISC ---->  # 23 270               # 31  290
================================================================================
NOTES:
# LAST OF SEVERAL OCCURRENCES

COLUMN 17 PEAK WIND IN M.P.H.

PRELIMINARY LOCAL CLIMATOLOGICAL DATA (WS FORM: F-6) , PAGE 2

                                          STATION:  COLUMBIA METRO AIRPORT SC
                                          MONTH:    MAY
                                          YEAR:     2018
                                          LATITUDE:   33 57 N
                                          LONGITUDE:  81  7 W

[TEMPERATURE DATA]      [PRECIPITATION DATA]       SYMBOLS USED IN COLUMN 16

AVERAGE MONTHLY: 75.4   TOTAL FOR MONTH:   1.17    1 = FOG OR MIST
DPTR FM NORMAL:   5.4   DPTR FM NORMAL:   -0.65    2 = FOG REDUCING VISIBILITY
HIGHEST:    98 ON 13    GRTST 24HR  0.55 ON 18-18      TO 1/4 MILE OR LESS
LOWEST:     48 ON  1                               3 = THUNDER
                        SNOW, ICE PELLETS, HAIL    4 = ICE PELLETS
                        TOTAL MONTH:   0.0 INCH    5 = HAIL
                        GRTST 24HR     0.0         6 = FREEZING RAIN OR DRIZZLE
                        GRTST DEPTH:   0           7 = DUSTSTORM OR SANDSTORM:
                                                       VSBY 1/2 MILE OR LESS
                                                   8 = SMOKE OR HAZE
[NO. OF DAYS WITH]      [WEATHER - DAYS WITH]      9 = BLOWING SNOW
                                                   X = TORNADO
MAX 32 OR BELOW:   0    0.01 INCH OR MORE:   5
MAX 90 OR ABOVE:   5    0.10 INCH OR MORE:   2
MIN 32 OR BELOW:   0    0.50 INCH OR MORE:   2
MIN  0 OR BELOW:   0    1.00 INCH OR MORE:   0

[HDD (BASE 65) ]
TOTAL THIS MO.     0    CLEAR  (SCALE 0-3)  11
DPTR FM NORMAL   -18    PTCLDY (SCALE 4-7)   6
TOTAL FM JUL 1  2185    CLOUDY (SCALE 8-10)  3
DPTR FM NORMAL  -364

[CDD (BASE 65) ]
TOTAL THIS MO.   212
DPTR FM NORMAL    93    [PRESSURE DATA]
TOTAL FM JAN 1   331    HIGHEST SLP M ON M
DPTR FM NORMAL   117    LOWEST  SLP 29.82 ON  6

[REMARKS]
