000
CXUS53 KARX 280718
CF6CCY
PRELIMINARY LOCAL CLIMATOLOGICAL DATA (WS FORM: F-6)

                                          STATION:   CHARLES_CITY IA
                                          MONTH:     MAY
                                          YEAR:      2018
                                          LATITUDE:   43  4 N
                                          LONGITUDE:  92 37 W

  TEMPERATURE IN F:       :PCPN:    SNOW:  WIND      :SUNSHINE: SKY     :PK WND
================================================================================
1   2   3   4   5  6A  6B    7    8   9   10  11  12  13   14  15   16   17  18
                                     12Z  AVG MX 2MIN
DY MAX MIN AVG DEP HDD CDD  WTR  SNW DPTH SPD SPD DIR MIN PSBL S-S WX    SPD DR
================================================================================

 1  73  57  65  11   0   0 0.62  0.0    0 13.7 24 190   M    M   7 1      31 190
 2  63  55  59   4   6   0 0.17  0.0    0  5.8 13  10   M    M   8 138    22  10
 3  68  48  58   3   7   0 2.78  0.0    0  7.2 24 340   M    M   7 28     31 340
 4  73  54  64   8   1   0 0.10  0.0    0 11.7 20 300   M    M   2        28 320
 5  79  52  66  10   0   1 0.00  0.0    0  8.7 15 240   M    M   1        21 240
 6  75  54  65   9   0   0 0.00  0.0    0  8.7 17  10   M    M   1        22 350
 7  81  48  65   9   0   0 0.00  0.0    0  7.4 16 240   M    M   0        21 230
 8  81  54  68  11   0   3 0.09  0.0    0 12.7 21 150   M    M   3        30 170
 9  68  55  62   5   3   0    M  0.0    0 12.9 17 290   M    M   5        28  30
10  64  50  57   0   8   0 0.00  0.0    0  9.2 16  20   M    M   6 1      17 350
11  50  41  46 -12  19   0 0.75  0.0    0 16.0 23  90   M    M  10 13     31  90
12  54  45  50  -8  15   0 0.30  0.0    0 12.5 18  70   M    M  10 1      23  90
13  57  46  52  -6  13   0 0.03  0.0    0  6.2 17 110   M    M  10 1      14  50
14  72  54  63   4   2   0 0.00  0.0    0  6.0 13 110   M    M   7 18     13   0
15  79  54  67   8   0   2 0.00  0.0    0  4.9  9  60   M    M   2 12      M  M
16  82  55  69  10   0   4 0.00  0.0    0  4.7 10 210   M    M   0        13 250
17  86  57  72  12   0   7 0.00  0.0    0  6.1 16 110   M    M   1        23 110
18  81  55  68   8   0   3 0.00  0.0    0 13.3 18 120   M    M   1        32 150
19  73  54  64   4   1   0 0.00  0.0    0  9.6 18  30   M    M   3        23  20
20  61  48  55  -5  10   0 0.13  0.0    0 12.4 17  50   M    M  10        22  40
21  59  54  57  -4   8   0    M  0.0    M  4.9 14  90   M    M  10 1       M  M
22  77  57  67   6   0   2 0.00  0.0    0  4.4 10 110   M    M   5 1       M  M
23   M  61   M   M   M   M 0.37  0.0    0  7.1 15 160   M    M   7         M  M
24  90  73  82  20   0  17 0.00  0.0    M 14.9 22 200   M    M   1        29 200
25  90  64  77  15   0  12 0.39  0.0    0  9.9 25 340   M    M   3 8      21 200
26  93  61  77  15   0  12 0.00  0.0    0  5.8 10 180   M    M   0         M  M
27  95  64  80  17   0  15 0.00  0.0    0  5.8 10 140   M    M   0        16 110
================================================================================
SM 1924 1470        93  78  5.73     0.0 242.5          M      120
================================================================================
AV 74.0 54.4                               9.0 FASTST   M    M   4    MAX(MPH)
                                 MISC ---->  # 25 340               # 32  150
================================================================================
NOTES:
# LAST OF SEVERAL OCCURRENCES

COLUMN 17 PEAK WIND IN M.P.H.

PRELIMINARY LOCAL CLIMATOLOGICAL DATA (WS FORM: F-6) , PAGE 2

                                          STATION:  CHARLES_CITY IA
                                          MONTH:    MAY
                                          YEAR:     2018
                                          LATITUDE:   43  4 N
                                          LONGITUDE:  92 37 W

[TEMPERATURE DATA]      [PRECIPITATION DATA]       SYMBOLS USED IN COLUMN 16

AVERAGE MONTHLY: 64.2   TOTAL FOR MONTH:   5.73    1 = FOG OR MIST
DPTR FM NORMAL:   5.6   DPTR FM NORMAL:    1.80    2 = FOG REDUCING VISIBILITY
HIGHEST:    95 ON 27    GRTST 24HR  2.78 ON  3- 3      TO 1/4 MILE OR LESS
LOWEST:     41 ON 11                               3 = THUNDER
                        SNOW, ICE PELLETS, HAIL    4 = ICE PELLETS
                        TOTAL MONTH:   0.0 INCH    5 = HAIL
                        GRTST 24HR     0.0         6 = FREEZING RAIN OR DRIZZLE
                        GRTST DEPTH:   0           7 = DUSTSTORM OR SANDSTORM:
                                                       VSBY 1/2 MILE OR LESS
                                                   8 = SMOKE OR HAZE
[NO. OF DAYS WITH]      [WEATHER - DAYS WITH]      9 = BLOWING SNOW
                                                   X = TORNADO
MAX 32 OR BELOW:   0    0.01 INCH OR MORE:  11
MAX 90 OR ABOVE:   4    0.10 INCH OR MORE:   9
MIN 32 OR BELOW:   0    0.50 INCH OR MORE:   3
MIN  0 OR BELOW:   0    1.00 INCH OR MORE:   1

[HDD (BASE 65) ]
TOTAL THIS MO.    93    CLEAR  (SCALE 0-3)  13
DPTR FM NORMAL  -105    PTCLDY (SCALE 4-7)   9
TOTAL FM JUL 1  6862    CLOUDY (SCALE 8-10)  5
DPTR FM NORMAL  -435

[CDD (BASE 65) ]
TOTAL THIS MO.    78
DPTR FM NORMAL    52    [PRESSURE DATA]
TOTAL FM JAN 1    80    HIGHEST SLP M ON M
DPTR FM NORMAL    48    LOWEST  SLP M ON M

[REMARKS]
