000
CXUS55 KRIW 230945
CF6COD
PRELIMINARY LOCAL CLIMATOLOGICAL DATA (WS FORM: F-6)

                                          STATION:   CODY WY
                                          MONTH:     MAY
                                          YEAR:      2018
                                          LATITUDE:   44 31 N
                                          LONGITUDE: 109  1 W

  TEMPERATURE IN F:       :PCPN:    SNOW:  WIND      :SUNSHINE: SKY     :PK WND
================================================================================
1   2   3   4   5  6A  6B    7    8   9   10  11  12  13   14  15   16   17  18
                                     12Z  AVG MX 2MIN
DY MAX MIN AVG DEP HDD CDD  WTR  SNW DPTH SPD SPD DIR MIN PSBL S-S WX    SPD DR
================================================================================

 1  50  35  43  -6  22   0 0.08    M    M  4.3  7  50   M    M   6         M  M
 2  57  35  46  -4  19   0 0.00  0.0    M  3.2 10 120   M    M   6         M  M
 3  64  36  50   0  15   0 0.00    M    M  3.2  8  20   M    M   2         M  M
 4  71  41  56   6   9   0 0.00  0.0    0  7.6 20 330   M    M   1        27 330
 5  71  51  61  10   4   0    T  0.0    M  6.9 14  20   M    M   2        38 190
 6  75  49  62  11   3   0 0.01    M    M  7.0 18 130   M    M   1 3      39 200
 7  76  46  61  10   4   0 0.00    M    M  7.5 21  20   M    M   1        25 360
 8  76  42  59   7   6   0 0.00    M    M  4.8 10 320   M    M   1        17  99
 9  74  46  60   8   5   0    T    M    M  6.8 13 150   M    M   0 3      22 150
10  64  47  56   4   9   0 0.00    M    M  6.6 15 190   M    M   4        20 190
11  50  37  44  -8  21   0 0.19    M    M 13.3 22 340   M    M   9        30 330
12  44  34  39 -14  26   0 0.37    M    M  6.9 13 360   M    M  10 1       M  M
13  58  41  50  -3  15   0    T    M    M  5.1 12  30   M    M   5        17  30
14  63  45  54   1  11   0    T    M    M  5.1 12 350   M    M   6        17 350
15  71  45  58   4   7   0 0.00    M    M  7.2 16 240   M    M   0        36 220
16  75  50  63   9   2   0    T    M    M  9.2 18 270   M    M   0        35 270
17  70  47  59   5   6   0 0.02    M    M  6.7 17 210   M    M   1 3      33 210
18  55  40  48  -6  17   0 0.00    M    M 11.9 23 360   M    M   9        27 360
19  52  38  45 -10  20   0    T    M    M  7.1 17 360   M    M  10         M  M
20  69  36  53  -2  12   0 0.00  0.0    M  5.0 12 120   M    M   0        16 150
21  73  50  62   7   3   0 0.01    M    M  4.9  9 200   M    M   0 3      16 240
22  73  45  59   4   6   0 0.49    M    M  5.5 15 360   M    M   2 3      21 360
================================================================================
SM 1431  936       242   0  1.17     0.0 145.8          M       76
================================================================================
AV 65.1 42.6                               6.6 FASTST   M    M   3    MAX(MPH)
                                 MISC ---->  # 23 360               # 39  200
================================================================================
NOTES:
# LAST OF SEVERAL OCCURRENCES

COLUMN 17 PEAK WIND IN M.P.H.

PRELIMINARY LOCAL CLIMATOLOGICAL DATA (WS FORM: F-6) , PAGE 2

                                          STATION:  CODY WY
                                          MONTH:    MAY
                                          YEAR:     2018
                                          LATITUDE:   44 31 N
                                          LONGITUDE: 109  1 W

[TEMPERATURE DATA]      [PRECIPITATION DATA]       SYMBOLS USED IN COLUMN 16

AVERAGE MONTHLY: 53.8   TOTAL FOR MONTH:   1.17    1 = FOG OR MIST
DPTR FM NORMAL:   1.3   DPTR FM NORMAL:   -0.08    2 = FOG REDUCING VISIBILITY
HIGHEST:    76 ON  8, 7 GRTST 24HR  0.49 ON 22-22      TO 1/4 MILE OR LESS
LOWEST:     34 ON 12                               3 = THUNDER
                        SNOW, ICE PELLETS, HAIL    4 = ICE PELLETS
                        TOTAL MONTH:   0.0 INCH    5 = HAIL
                        GRTST 24HR     0.0         6 = FREEZING RAIN OR DRIZZLE
                        GRTST DEPTH:   0           7 = DUSTSTORM OR SANDSTORM:
                                                       VSBY 1/2 MILE OR LESS
                                                   8 = SMOKE OR HAZE
[NO. OF DAYS WITH]      [WEATHER - DAYS WITH]      9 = BLOWING SNOW
                                                   X = TORNADO
MAX 32 OR BELOW:   0    0.01 INCH OR MORE:   7
MAX 90 OR ABOVE:   0    0.10 INCH OR MORE:   3
MIN 32 OR BELOW:   0    0.50 INCH OR MORE:   0
MIN  0 OR BELOW:   0    1.00 INCH OR MORE:   0

[HDD (BASE 65) ]
TOTAL THIS MO.   242    CLEAR  (SCALE 0-3)  13
DPTR FM NORMAL     M    PTCLDY (SCALE 4-7)   5
TOTAL FM JUL 1  7305    CLOUDY (SCALE 8-10)  4
DPTR FM NORMAL     M

[CDD (BASE 65) ]
TOTAL THIS MO.     0
DPTR FM NORMAL     0    [PRESSURE DATA]
TOTAL FM JAN 1     0    HIGHEST SLP M ON M
DPTR FM NORMAL     0    LOWEST  SLP M ON M

[REMARKS]
