000
CXUS55 KEAX 250736
CF6DMO
PRELIMINARY LOCAL CLIMATOLOGICAL DATA (WS FORM: F-6)

                                          STATION:   SEDALIA MO
                                          MONTH:     MAY
                                          YEAR:      2018
                                          LATITUDE:   38 42 N
                                          LONGITUDE:  93  6 W

  TEMPERATURE IN F:       :PCPN:    SNOW:  WIND      :SUNSHINE: SKY     :PK WND
================================================================================
1   2   3   4   5  6A  6B    7    8   9   10  11  12  13   14  15   16   17  18
                                     12Z  AVG MX 2MIN
DY MAX MIN AVG DEP HDD CDD  WTR  SNW DPTH SPD SPD DIR MIN PSBL S-S WX    SPD DR
================================================================================

 1  81  64  73  12   0   8 0.00  0.0    0 15.9 28 200   M    M   6        38 190
 2  87  65  76  14   0  11 0.37  0.0    0 13.5 23 190   M    M   9 13     30 180
 3  75  61  68   6   0   3 0.02  0.0    0 11.3 20 170   M    M   2 3      24 190
 4  78  58  68   6   0   3 0.00  0.0    M  8.7 23 310   M    M   1        31 300
 5  84  54  69   7   0   4 0.00  0.0    0  5.1 16 320   M    M   0        22 320
 6  89  62  76  13   0  11 0.02  0.0    0  6.8 20 320   M    M   4        25 310
 7  84  57  71   8   0   6 0.00  0.0    0  7.5 13 120   M    M   0        20  40
 8  86  61  74  11   0   9 0.00  0.0    0 13.2 22 150   M    M   1        31 160
 9  90  64  77  13   0  12    T  0.0    0 12.1 22 270   M    M   0 3      35 270
10  88  61  75  11   0  10 0.00  0.0    0  9.1 18 200   M    M   1 8      26 180
11  89  64  77  13   0  12 0.01  0.0    0 13.3 32 180   M    M   0 3      47 170
12  89  69  79  15   0  14    T  0.0    0 11.3 23 200   M    M   2        31 220
13  91  69  80  15   0  15 0.00  0.0    0 10.6 20 220   M    M   1        28 220
14  90  64  77  12   0  12 1.23  0.0    0 11.1 33 150   M    M   4 13     42 150
15  82  65  74   9   0   9 0.00  0.0    0  4.9 16 170   M    M   2 8      21 280
16  84  65  75   9   0  10 0.00  0.0    0  3.9 10  60   M    M   5 12     13  60
17  78  62  70   4   0   5 0.10  0.0    0  3.7 16 180   M    M   5 13     20 180
18  83  60  72   6   0   7 0.00  0.0    0  6.0 17  90   M    M   2 1      25  90
19  79  63  71   5   0   6 0.63  0.0    0  6.6 31 220   M    M   4 123    46 220
20  80  64  72   5   0   7 0.89  0.0    0  6.9 23 190   M    M   6 13     30 200
21  77  62  70   3   0   5 0.00  0.0    0  5.6 15 220   M    M   8 1      20 220
22  84  57  71   3   0   6 0.00    M    M  4.0  9 130   M    M   0 1      14 130
23  88  66  77   9   0  12 0.00    M    M  7.0 15 210   M    M   1        21 210
24  86  66  76   8   0  11 0.10    M    M  7.3 22 170   M    M   2 38     29 180
================================================================================
SM 2022 1503         0 208  3.37     0.0 205.4          M       66
================================================================================
AV 84.3 62.6                               8.6 FASTST   M    M   3    MAX(MPH)
                                 MISC ---->  # 33 150               # 47  170
================================================================================
NOTES:
# LAST OF SEVERAL OCCURRENCES

COLUMN 17 PEAK WIND IN M.P.H.

PRELIMINARY LOCAL CLIMATOLOGICAL DATA (WS FORM: F-6) , PAGE 2

                                          STATION:  SEDALIA MO
                                          MONTH:    MAY
                                          YEAR:     2018
                                          LATITUDE:   38 42 N
                                          LONGITUDE:  93  6 W

[TEMPERATURE DATA]      [PRECIPITATION DATA]       SYMBOLS USED IN COLUMN 16

AVERAGE MONTHLY: 73.4   TOTAL FOR MONTH:   3.37    1 = FOG OR MIST
DPTR FM NORMAL:   8.8   DPTR FM NORMAL:   -0.32    2 = FOG REDUCING VISIBILITY
HIGHEST:    91 ON 13    GRTST 24HR  1.23 ON 14-14      TO 1/4 MILE OR LESS
LOWEST:     54 ON  5                               3 = THUNDER
                        SNOW, ICE PELLETS, HAIL    4 = ICE PELLETS
                        TOTAL MONTH:   0.0 INCH    5 = HAIL
                        GRTST 24HR     0.0         6 = FREEZING RAIN OR DRIZZLE
                        GRTST DEPTH:   0           7 = DUSTSTORM OR SANDSTORM:
                                                       VSBY 1/2 MILE OR LESS
                                                   8 = SMOKE OR HAZE
[NO. OF DAYS WITH]      [WEATHER - DAYS WITH]      9 = BLOWING SNOW
                                                   X = TORNADO
MAX 32 OR BELOW:   0    0.01 INCH OR MORE:   9
MAX 90 OR ABOVE:   3    0.10 INCH OR MORE:   6
MIN 32 OR BELOW:   0    0.50 INCH OR MORE:   3
MIN  0 OR BELOW:   0    1.00 INCH OR MORE:   1

[HDD (BASE 65) ]
TOTAL THIS MO.     0    CLEAR  (SCALE 0-3)  15
DPTR FM NORMAL   -76    PTCLDY (SCALE 4-7)   8
TOTAL FM JUL 1  4619    CLOUDY (SCALE 8-10)  1
DPTR FM NORMAL    61

[CDD (BASE 65) ]
TOTAL THIS MO.   208
DPTR FM NORMAL   142    [PRESSURE DATA]
TOTAL FM JAN 1   228    HIGHEST SLP  0.00 ON 24
DPTR FM NORMAL   128    LOWEST  SLP  0.00 ON 24

[REMARKS]
