000
CXUS53 KPAH 220648
CF6EVV
PRELIMINARY LOCAL CLIMATOLOGICAL DATA (WS FORM: F-6)

                                          STATION:   EVANSVILLE IN
                                          MONTH:     APRIL
                                          YEAR:      2018
                                          LATITUDE:   38  2 N
                                          LONGITUDE:  87 32 W

  TEMPERATURE IN F:       :PCPN:    SNOW:  WIND      :SUNSHINE: SKY     :PK WND
================================================================================
1   2   3   4   5  6A  6B    7    8   9   10  11  12  13   14  15   16   17  18
                                     12Z  AVG MX 2MIN
DY MAX MIN AVG DEP HDD CDD  WTR  SNW DPTH SPD SPD DIR MIN PSBL S-S WX    SPD DR
================================================================================

 1  51  35  43  -8  22   0 0.65  0.0    0 10.2 20 360   M    M   6 13     30 360
 2  50  36  43  -9  22   0 0.75  0.0    0  8.2 17 180   M    M  10 13     21 170
 3  73  42  58   6   7   0 0.29  0.0    0 15.0 28 210   M    M   7 138    47 290
 4  42  30  36 -16  29   0 0.00  0.0    0  9.3 24 290   M    M   6        41 280
 5  55  28  42 -11  23   0 0.00  0.0    0  5.0 14 150   M    M   0 1      21 180
 6  58  32  45  -8  20   0 0.00  0.0    0  9.0 22 360   M    M   5        33 340
 7  44  28  36 -17  29   0 0.02  0.3    T  9.0 17 340   M    M   5 1      27  10
 8  43  27  35 -19  30   0    T  0.0    0  2.5 15  40   M    M   4        19  30
 9  53  33  43 -11  22   0 0.00  0.0    0  6.5 15  50   M    M   8        20  50
10  47  33  40 -14  25   0 0.00  0.0    0  5.3 14 300   M    M   7        18 300
11  67  31  49  -6  16   0 0.00  0.0    0  9.2 23 210   M    M   2 1      32 220
12  80  54  67  12   0   2 0.00  0.0    0 16.9 32 220   M    M   0        44 220
13  77  64  71  16   0   6 0.03  0.0    0 13.7 29 200   M    M   4        38 200
14  71  51  61   5   4   0 0.94  0.0    0  9.3 22 160   M    M   9 13     36 170
15  51  36  44 -12  21   0 0.32  0.0    0 11.8 20 290   M    M   9 1      31 260
16  37  30  34 -22  31   0 0.01    T    0  9.1 24 260   M    M   9 1      36 250
17  60  28  44 -13  21   0 0.00  0.0    0  5.3 15 240   M    M   0        21 280
18  77  42  60   3   5   0 0.00  0.0    0 13.8 28 230   M    M   2        40 240
19  55  38  47 -10  18   0 0.00  0.0    0  9.0 20 320   M    M   6        31 330
20  65  35  50  -8  15   0 0.00  0.0    0  8.3 14 100   M    M   0        19 100
21  70  42  56  -2   9   0 0.00  0.0    0  7.8 15  70   M    M   0        22  60
================================================================================
SM 1226  775       369   8  3.01     0.3 194.2          M       99
================================================================================
AV 58.4 36.9                               9.2 FASTST   M    M   5    MAX(MPH)
                                 MISC ---->  # 32 220               # 47  290
================================================================================
NOTES:
# LAST OF SEVERAL OCCURRENCES

COLUMN 17 PEAK WIND IN M.P.H.

PRELIMINARY LOCAL CLIMATOLOGICAL DATA (WS FORM: F-6) , PAGE 2

                                          STATION:  EVANSVILLE IN
                                          MONTH:    APRIL
                                          YEAR:     2018
                                          LATITUDE:   38  2 N
                                          LONGITUDE:  87 32 W

[TEMPERATURE DATA]      [PRECIPITATION DATA]       SYMBOLS USED IN COLUMN 16

AVERAGE MONTHLY: 47.6   TOTAL FOR MONTH:   3.01    1 = FOG OR MIST
DPTR FM NORMAL:  -7.0   DPTR FM NORMAL:    0.08    2 = FOG REDUCING VISIBILITY
HIGHEST:    80 ON 12    GRTST 24HR  0.94 ON 14-14      TO 1/4 MILE OR LESS
LOWEST:     27 ON  8                               3 = THUNDER
                        SNOW, ICE PELLETS, HAIL    4 = ICE PELLETS
                        TOTAL MONTH:   0.3 INCH    5 = HAIL
                        GRTST 24HR   0.3 ON  7- 7  6 = FREEZING RAIN OR DRIZZLE
                        GRTST DEPTH:   T           7 = DUSTSTORM OR SANDSTORM:
                                                       VSBY 1/2 MILE OR LESS
                                                   8 = SMOKE OR HAZE
[NO. OF DAYS WITH]      [WEATHER - DAYS WITH]      9 = BLOWING SNOW
                                                   X = TORNADO
MAX 32 OR BELOW:   0    0.01 INCH OR MORE:   8
MAX 90 OR ABOVE:   0    0.10 INCH OR MORE:   5
MIN 32 OR BELOW:   8    0.50 INCH OR MORE:   3
MIN  0 OR BELOW:   0    1.00 INCH OR MORE:   0

[HDD (BASE 65) ]
TOTAL THIS MO.   369    CLEAR  (SCALE 0-3)   7
DPTR FM NORMAL   139    PTCLDY (SCALE 4-7)  10
TOTAL FM JUL 1  4402    CLOUDY (SCALE 8-10)  4
DPTR FM NORMAL     6

[CDD (BASE 65) ]
TOTAL THIS MO.     8
DPTR FM NORMAL    -5    [PRESSURE DATA]
TOTAL FM JAN 1    15    HIGHEST SLP M ON M
DPTR FM NORMAL    -1    LOWEST  SLP 29.56 ON  3

[REMARKS]
