000
CXUS53 KPAH 190730
CF6EVV
PRELIMINARY LOCAL CLIMATOLOGICAL DATA (WS FORM: F-6)
STATION: EVANSVILLE IN
MONTH: MARCH
YEAR: 2024
LATITUDE: 38 2 N
LONGITUDE: 87 32 W
TEMPERATURE IN F: :PCPN: SNOW: WIND :SUNSHINE: SKY :PK WND
================================================================================
1 2 3 4 5 6A 6B 7 8 9 10 11 12 13 14 15 16 17 18
12Z AVG MX 2MIN
DY MAX MIN AVG DEP HDD CDD WTR SNW DPTH SPD SPD DIR MIN PSBL S-S WX SPD DR
================================================================================
1 45 33 39 -3 26 0 0.03 T 0 4.0 12 140 M M 9 1 18 130
2 57 39 48 6 17 0 0.00 0.0 0 3.5 12 190 M M 6 12 16 160
3 75 39 57 15 8 0 0.00 0.0 0 7.4 22 200 M M 0 12 30 190
4 80 52 66 23 0 1 0.00 0.0 0 7.5 18 170 M M 5 12 27 170
5 75 57 66 23 0 1 0.22 0.0 0 7.0 16 210 M M 7 13 21 200
6 57 49 53 10 12 0 0.01 M 0 8.7 15 350 M M 10 18 22 350
7 58 50 54 10 11 0 0.03 M 0 5.6 10 100 M M 9 8 16 110
8 62 53 58 14 7 0 0.90 0.0 0 5.0 12 150 M M 10 1 18 280
9 55 38 47 3 18 0 T 0.0 0 8.6 17 320 M M 7 26 320
10 51 30 41 -4 24 0 0.00 0.0 0 7.6 18 290 M M 0 29 290
11 63 26 45 0 20 0 0.00 0.0 0 6.1 17 210 M M 0 22 220
12 70 41 56 11 9 0 0.00 0.0 0 7.5 20 210 M M 0 27 210
13 77 45 61 15 4 0 0.00 0.0 0 5.1 17 200 M M 1 23 200
14 79 56 68 22 0 3 0.38 0.0 0 M M M M M 5 13 M M
15 60 46 53 7 12 0 0.00 0.0 0 8.1 14 320 M M 6 1 21 350
16 68 35 52 6 13 0 0.00 0.0 0 8.1 21 250 M M 2 1 31 330
17 53 33 43 -4 22 0 0.00 0.0 0 9.2 20 320 M M 3 31 280
18 38 27 33 -14 32 0 0.00 0.0 0 7.4 17 300 M M 5 27 290
================================================================================
SM 1123 749 235 5 1.57 T 116.4 M 85
================================================================================
AV 62.4 41.6 6.8 FASTST M M 5 MAX(MPH)
MISC ----> 22 200 # 31 330
================================================================================
NOTES:
# LAST OF SEVERAL OCCURRENCES
COLUMN 17 PEAK WIND IN M.P.H.
PRELIMINARY LOCAL CLIMATOLOGICAL DATA (WS FORM: F-6) , PAGE 2
STATION: EVANSVILLE IN
MONTH: MARCH
YEAR: 2024
LATITUDE: 38 2 N
LONGITUDE: 87 32 W
[TEMPERATURE DATA] [PRECIPITATION DATA] SYMBOLS USED IN COLUMN 16
AVERAGE MONTHLY: 52.0 TOTAL FOR MONTH: 1.57 1 = FOG OR MIST
DPTR FM NORMAL: 7.6 DPTR FM NORMAL: -1.07 2 = FOG REDUCING VISIBILITY
HIGHEST: 80 ON 4 GRTST 24HR 0.90 ON 8- 8 TO 1/4 MILE OR LESS
LOWEST: 26 ON 11 3 = THUNDER
SNOW, ICE PELLETS, HAIL 4 = ICE PELLETS
TOTAL MONTH: T 5 = HAIL
GRTST 24HR T ON 1- 1 6 = FREEZING RAIN OR DRIZZLE
GRTST DEPTH: 0 7 = DUSTSTORM OR SANDSTORM:
VSBY 1/2 MILE OR LESS
8 = SMOKE OR HAZE
[NO. OF DAYS WITH] [WEATHER - DAYS WITH] 9 = BLOWING SNOW
X = TORNADO
MAX 32 OR BELOW: 0 0.01 INCH OR MORE: 6
MAX 90 OR ABOVE: 0 0.10 INCH OR MORE: 3
MIN 32 OR BELOW: 3 0.50 INCH OR MORE: 1
MIN 0 OR BELOW: 0 1.00 INCH OR MORE: 0
[HDD (BASE 65) ]
TOTAL THIS MO. 235 CLEAR (SCALE 0-3) 7
DPTR FM NORMAL -136 PTCLDY (SCALE 4-7) 7
TOTAL FM JUL 1 3107 CLOUDY (SCALE 8-10) 4
DPTR FM NORMAL -690
[CDD (BASE 65) ]
TOTAL THIS MO. 5
DPTR FM NORMAL 5 [PRESSURE DATA]
TOTAL FM JAN 1 8 HIGHEST SLP M ON M
DPTR FM NORMAL 8 LOWEST SLP 29.75 ON 8
[REMARKS]