000
CXUS56 KSLC 251232
CF6EVW
PRELIMINARY LOCAL CLIMATOLOGICAL DATA (WS FORM: F-6)

                                          STATION:   EVANSTON WY
                                          MONTH:     MAY
                                          YEAR:      2018
                                          LATITUDE:   41 16 N
                                          LONGITUDE: 111  2 W

  TEMPERATURE IN F:       :PCPN:    SNOW:  WIND      :SUNSHINE: SKY     :PK WND
================================================================================
1   2   3   4   5  6A  6B    7    8   9   10  11  12  13   14  15   16   17  18
                                     12Z  AVG MX 2MIN
DY MAX MIN AVG DEP HDD CDD  WTR  SNW DPTH SPD SPD DIR MIN PSBL S-S WX    SPD DR
================================================================================

 1  52  28  40  -4  25   0 0.00  0.0    0  6.0 16 270   M    M   2 8      23 290
 2  49  32  41  -3  24   0    T    M    0  8.1 22  10   M    M   8 138    26  20
 3  57  33  45   0  20   0 0.00  0.0    0  8.5 18 320   M    M   5 12     27 310
 4  65  35  50   5  15   0 0.00  0.0    0  8.3 18 250   M    M   0        24 260
 5  68  39  54   9  11   0 0.00  0.0    0  6.4 15 250   M    M   0        21 230
 6  75  47  61  15   4   0 0.00  0.0    0 11.4 28 220   M    M   0        37 190
 7  72  46  59  13   6   0 0.00  0.0    0 13.5 28 260   M    M   0        37 270
 8  72  41  57  11   8   0 0.00  0.0    0  8.7 16 260   M    M   0        21 250
 9  76  44  60  13   5   0 0.00  0.0    0 10.8 23 270   M    M   3        30 270
10  61  43  52   5  13   0    M    M    0 11.4 45 290   M    M   5 3      56 290
11  44  36  40  -7  25   0    T    M    0  6.7 18 360   M    M  10 123    21 360
12  48  35  42  -6  23   0    M    M    0 15.4 37  90   M    M   8 13     46  90
13  56  31  44  -4  21   0 0.00  0.0    0  8.8 25 200   M    M   3 123    32 190
14  60  35  48   0  17   0    M    M    0  7.3 22 260   M    M   3 3      26 260
15  61  40  51   2  14   0 0.00  0.0    0  9.0 26 240   M    M   4 3      37 230
16  71  40  56   7   9   0    T    M    0  6.5 22 230   M    M   2        27 220
17  69  44  57   8   8   0    M    M    0  8.4 28 180   M    M   2        36 180
18  60  41  51   1  14   0 0.06    M    0  7.3 23 170   M    M   5 13     29 160
19  62  41  52   2  13   0 0.00  0.0    0 10.5 20  80   M    M   7        26  80
20  64  40  52   2  13   0    T    M    0 10.7 22 180   M    M   3 3      27 180
21  68  40  54   4  11   0 0.05    M    0  7.6 29 220   M    M   3 13     37 220
22  61  42  52   1  13   0 0.01    M    0  6.3 26 220   M    M   7 3      34 130
23  63  40  52   1  13   0 0.01    M    0  9.9 25 220   M    M   3        33 250
24  72  43  58   7   7   0 0.00  0.0    0  8.4 21 240   M    M   1        26 240
================================================================================
SM 1506  936       332   0  0.13     0.0 215.9          M       84
================================================================================
AV 62.8 39.0                               9.0 FASTST   M    M   4    MAX(MPH)
                                 MISC ---->  # 45 290               # 56  290
================================================================================
NOTES:
# LAST OF SEVERAL OCCURRENCES

COLUMN 17 PEAK WIND IN M.P.H.

PRELIMINARY LOCAL CLIMATOLOGICAL DATA (WS FORM: F-6) , PAGE 2

                                          STATION:  EVANSTON WY
                                          MONTH:    MAY
                                          YEAR:     2018
                                          LATITUDE:   41 16 N
                                          LONGITUDE: 111  2 W

[TEMPERATURE DATA]      [PRECIPITATION DATA]       SYMBOLS USED IN COLUMN 16

AVERAGE MONTHLY: 50.9   TOTAL FOR MONTH:   0.13    1 = FOG OR MIST
DPTR FM NORMAL:   3.1   DPTR FM NORMAL:   -1.28    2 = FOG REDUCING VISIBILITY
HIGHEST:    76 ON  9    GRTST 24HR  0.06 ON 18-18      TO 1/4 MILE OR LESS
LOWEST:     28 ON  1                               3 = THUNDER
                        SNOW, ICE PELLETS, HAIL    4 = ICE PELLETS
                        TOTAL MONTH:   0.0 INCH    5 = HAIL
                        GRTST 24HR     0.0         6 = FREEZING RAIN OR DRIZZLE
                        GRTST DEPTH:   0           7 = DUSTSTORM OR SANDSTORM:
                                                       VSBY 1/2 MILE OR LESS
                                                   8 = SMOKE OR HAZE
[NO. OF DAYS WITH]      [WEATHER - DAYS WITH]      9 = BLOWING SNOW
                                                   X = TORNADO
MAX 32 OR BELOW:   0    0.01 INCH OR MORE:   4
MAX 90 OR ABOVE:   0    0.10 INCH OR MORE:   0
MIN 32 OR BELOW:   3    0.50 INCH OR MORE:   0
MIN  0 OR BELOW:   0    1.00 INCH OR MORE:   0

[HDD (BASE 65) ]
TOTAL THIS MO.   332    CLEAR  (SCALE 0-3)  13
DPTR FM NORMAL   -83    PTCLDY (SCALE 4-7)   9
TOTAL FM JUL 1  7127    CLOUDY (SCALE 8-10)  2
DPTR FM NORMAL -1125

[CDD (BASE 65) ]
TOTAL THIS MO.     0
DPTR FM NORMAL     0    [PRESSURE DATA]
TOTAL FM JAN 1     0    HIGHEST SLP M ON M
DPTR FM NORMAL     0    LOWEST  SLP 29.64 ON M

[REMARKS]
