355
CXUS52 KKEY 220545
CF6EYW
PRELIMINARY LOCAL CLIMATOLOGICAL DATA (WS FORM: F-6)

                                          STATION:   KEY WEST
                                          MONTH:     APRIL
                                          YEAR:      2018
                                          LATITUDE:   24 32 N
                                          LONGITUDE:  81 45 W

  TEMPERATURE IN F:       :PCPN:    SNOW:  WIND      :SUNSHINE: SKY     :PK WND
================================================================================
1   2   3   4   5  6A  6B    7    8   9   10  11  12  13   14  15   16   17  18
                                     12Z  AVG MX 2MIN
DY MAX MIN AVG DEP HDD CDD  WTR  SNW DPTH SPD SPD DIR MIN PSBL S-S WX    SPD DR
================================================================================

 1  81  72  77   2   0  12 0.00  0.0    0  9.8 17 100   M    M   1        23 100
 2  82  73  78   3   0  13 0.00  0.0    0 10.3 17 100   M    M   2        20  90
 3  83  75  79   4   0  14 0.00  0.0    0 13.2 17 110   M    M   1        22 130
 4  84  73  79   4   0  14 0.00  0.0    0  8.4 16 130   M    M   2        20 130
 5  82  71  77   2   0  12 0.00  0.0    0  8.1 14 360   M    M   2        18  20
 6  83  74  79   4   0  14 0.00  0.0    0 11.1 18 130   M    M   1        24 130
 7  82  76  79   4   0  14 0.00  0.0    0  9.7 20 160   M    M   1        23 170
 8  82  74  78   2   0  13 0.00  0.0    0  6.7 13 220   M    M   1        16 180
 9  84  78  81   5   0  16 0.00  0.0    0  8.4 15 180   M    M   1        18 180
10  86  78  82   6   0  17 0.00  0.0    0  9.0 16 320   M    M   2 8      20 350
11  83  76  80   4   0  15 0.00  0.0    0 10.7 21 200   M    M   2        24 190
12  84  73  79   3   0  14    T  0.0    0 13.4 22 110   M    M   3        27 100
13  84  75  80   4   0  15 0.00  0.0    0 15.1 20 110   M    M   1        25 120
14  84  76  80   4   0  15 0.00  0.0    0 15.0 22 110   M    M   1        27 120
15  85  73  79   3   0  14 0.17  0.0    0 15.7 35 260   M    M   4 13     44 260
16  77  68  73  -3   0   8 0.00  0.0    0 15.7 21 350   M    M   3        28 330
17  78  67  73  -4   0   8 0.00  0.0    0  9.5 17 340   M    M   0        23  10
18  81  68  75  -2   0  10 0.00  0.0    0  9.7 20 100   M    M   1        24 100
19  84  73  79   2   0  14 0.00  0.0    0  6.8 17 110   M    M   2        20 120
20  83  70  77   0   0  12 0.00  0.0    0  5.1 14 350   M    M   1        18 340
21  84  72  78   1   0  13 0.00  0.0    0  9.0 16  90   M    M   0        22 130
================================================================================
SM 1736 1535         0 277  0.17     0.0 220.4          M       32
================================================================================
AV 82.7 73.1                              10.5 FASTST   M    M   2    MAX(MPH)
                                 MISC ---->  # 35 260               # 44  260
================================================================================
NOTES:
# LAST OF SEVERAL OCCURRENCES

COLUMN 17 PEAK WIND IN M.P.H.

PRELIMINARY LOCAL CLIMATOLOGICAL DATA (WS FORM: F-6) , PAGE 2

                                          STATION:  KEY WEST
                                          MONTH:    APRIL
                                          YEAR:     2018
                                          LATITUDE:   24 32 N
                                          LONGITUDE:  81 45 W

[TEMPERATURE DATA]      [PRECIPITATION DATA]       SYMBOLS USED IN COLUMN 16

AVERAGE MONTHLY: 77.9   TOTAL FOR MONTH:   0.17    1 = FOG OR MIST
DPTR FM NORMAL:   2.0   DPTR FM NORMAL:   -1.32    2 = FOG REDUCING VISIBILITY
HIGHEST:    86 ON 10    GRTST 24HR  0.17 ON 15-15      TO 1/4 MILE OR LESS
LOWEST:     67 ON 17                               3 = THUNDER
                        SNOW, ICE PELLETS, HAIL    4 = ICE PELLETS
                        TOTAL MONTH:   0.0 INCH    5 = HAIL
                        GRTST 24HR     0.0         6 = FREEZING RAIN OR DRIZZLE
                        GRTST DEPTH:   0           7 = DUSTSTORM OR SANDSTORM:
                                                       VSBY 1/2 MILE OR LESS
                                                   8 = SMOKE OR HAZE
[NO. OF DAYS WITH]      [WEATHER - DAYS WITH]      9 = BLOWING SNOW
                                                   X = TORNADO
MAX 32 OR BELOW:   0    0.01 INCH OR MORE:   1
MAX 90 OR ABOVE:   0    0.10 INCH OR MORE:   1
MIN 32 OR BELOW:   0    0.50 INCH OR MORE:   0
MIN  0 OR BELOW:   0    1.00 INCH OR MORE:   0

[HDD (BASE 65) ]
TOTAL THIS MO.     0    CLEAR  (SCALE 0-3)  19
DPTR FM NORMAL     0    PTCLDY (SCALE 4-7)   2
TOTAL FM JUL 1    44    CLOUDY (SCALE 8-10)  0
DPTR FM NORMAL   -29

[CDD (BASE 65) ]
TOTAL THIS MO.   277
DPTR FM NORMAL    48    [PRESSURE DATA]
TOTAL FM JAN 1   962    HIGHEST SLP M ON M
DPTR FM NORMAL   123    LOWEST  SLP 29.85 ON  7

[REMARKS]
