000
CXUS51 KPHI 250800
CF6GED
PRELIMINARY LOCAL CLIMATOLOGICAL DATA (WS FORM: F-6)

                                          STATION:   GEORGETOWN DE
                                          MONTH:     MAY
                                          YEAR:      2018
                                          LATITUDE:   38 41 N
                                          LONGITUDE:  75 22 W

  TEMPERATURE IN F:       :PCPN:    SNOW:  WIND      :SUNSHINE: SKY     :PK WND
================================================================================
1   2   3   4   5  6A  6B    7    8   9   10  11  12  13   14  15   16   17  18
                                     12Z  AVG MX 2MIN
DY MAX MIN AVG DEP HDD CDD  WTR  SNW DPTH SPD SPD DIR MIN PSBL S-S WX    SPD DR
================================================================================

 1  79  40  60   2   5   0 0.00    M    M  5.3 15 280   M    M   0        20 260
 2  90  53  72  13   0   7 0.00    M    M  7.3 17 220   M    M   0        22 230
 3  90  67  79  20   0  14 0.00    M    M 10.7 22 200   M    M   0        26 200
 4  90  67  79  20   0  14 0.00    M    M 11.5 20 210   M    M   0        25 220
 5  77  60  69   9   0   4 0.01    M    M  5.3 14  30   M    M   4        23  10
 6  68  57  63   3   2   0    T    M    M  3.6 10  40   M    M   8 12     13  40
 7  73  53  63   3   2   0 0.00    M    M  7.7 20  50   M    M   5 1      30  50
 8  70  51  61   1   4   0 0.00    M    M 10.3 24  50   M    M   0 1      30  50
 9  73  49  61   0   4   0 0.00    M    M  6.5 16  70   M    M   M 1      21  70
10  85  48  67   6   0   2 0.02    M    M  9.5 22 210   M    M   0        27 200
11  84  62  73  12   0   8 0.00    M    M  7.0 14 290   M    M   2        20 290
12  91  61  76  14   0  11 0.88    M    M  6.9 37  40   M    M   2 13     46  20
13  65  57  61  -1   4   0 0.15    M    M  8.7 20 100   M    M  10 123    25 100
14  78  57  68   6   0   3 0.02    M    M  5.3 18 200   M    M   7 13     24 200
15  88  66  77  14   0  12 0.83    M    M 10.8 24 220   M    M   2 13     32 230
16  74  62  68   5   0   3 0.25    M    M  6.3 14 100   M    M   9 1      17  90
17  70  60  65   2   0   0 0.16    M    M  4.7 12  70   M    M  10 1      14  60
18  66  55  61  -3   4   0 2.38    M    M 13.7 23  60   M    M  10 18     30  40
19  77  56  67   3   0   2 1.00    M    M  9.4 17 230   M    M   8 18     26 230
20  84  71  78  14   0  13 0.00    M    M 10.3 18 230   M    M   6 3      25 230
21  75  60  68   3   0   3 0.00    M    M  7.2 16  50   M    M   1 8      20  50
22  81  60  71   6   0   6 0.19    M    M  5.8 13 220   M    M   5 13     15 220
23  83  64  74   9   0   9 0.00    M    M  5.9 15 360   M    M   2 8      21 300
24  82  61  72   6   0   7 0.00    M    M  5.2 13 130   M    M   0        17  40
================================================================================
SM 1893 1397        25 118  5.89    M    184.9          M       91
================================================================================
AV 78.9 58.2                               7.7 FASTST   M    M   4    MAX(MPH)
                                 MISC ---->  # 37  40               # 46   20
================================================================================
NOTES:
# LAST OF SEVERAL OCCURRENCES

COLUMN 17 PEAK WIND IN M.P.H.

PRELIMINARY LOCAL CLIMATOLOGICAL DATA (WS FORM: F-6) , PAGE 2

                                          STATION:  GEORGETOWN DE
                                          MONTH:    MAY
                                          YEAR:     2018
                                          LATITUDE:   38 41 N
                                          LONGITUDE:  75 22 W

[TEMPERATURE DATA]      [PRECIPITATION DATA]       SYMBOLS USED IN COLUMN 16

AVERAGE MONTHLY: 68.5   TOTAL FOR MONTH:   5.89    1 = FOG OR MIST
DPTR FM NORMAL:   6.6   DPTR FM NORMAL:    3.25    2 = FOG REDUCING VISIBILITY
HIGHEST:    91 ON 12    GRTST 24HR  2.38 ON 18-18      TO 1/4 MILE OR LESS
LOWEST:     40 ON  1                               3 = THUNDER
                        SNOW, ICE PELLETS, HAIL    4 = ICE PELLETS
                        TOTAL MONTH:    M          5 = HAIL
                        GRTST 24HR    M  ON   M    6 = FREEZING RAIN OR DRIZZLE
                        GRTST DEPTH:  M  ON   M    7 = DUSTSTORM OR SANDSTORM:
                                                       VSBY 1/2 MILE OR LESS
                                                   8 = SMOKE OR HAZE
[NO. OF DAYS WITH]      [WEATHER - DAYS WITH]      9 = BLOWING SNOW
                                                   X = TORNADO
MAX 32 OR BELOW:   0    0.01 INCH OR MORE:  11
MAX 90 OR ABOVE:   4    0.10 INCH OR MORE:   8
MIN 32 OR BELOW:   0    0.50 INCH OR MORE:   4
MIN  0 OR BELOW:   0    1.00 INCH OR MORE:   2

[HDD (BASE 65) ]
TOTAL THIS MO.    25    CLEAR  (SCALE 0-3)  12
DPTR FM NORMAL   -96    PTCLDY (SCALE 4-7)   6
TOTAL FM JUL 1  4057    CLOUDY (SCALE 8-10)  5
DPTR FM NORMAL  -324

[CDD (BASE 65) ]
TOTAL THIS MO.   118
DPTR FM NORMAL    71    [PRESSURE DATA]
TOTAL FM JAN 1   140    HIGHEST SLP M ON M
DPTR FM NORMAL    73    LOWEST  SLP 29.80 ON 15

[REMARKS]
