000
CXUS54 KSHV 261500
CF6GGG
PRELIMINARY LOCAL CLIMATOLOGICAL DATA (WS FORM: F-6)

                                          STATION:   LONGVIEW
                                          MONTH:     MAY
                                          YEAR:      2018
                                          LATITUDE:   32 22 N
                                          LONGITUDE:  94 43 W

  TEMPERATURE IN F:       :PCPN:    SNOW:  WIND      :SUNSHINE: SKY     :PK WND
================================================================================
1   2   3   4   5  6A  6B    7    8   9   10  11  12  13   14  15   16   17  18
                                     12Z  AVG MX 2MIN
DY MAX MIN AVG DEP HDD CDD  WTR  SNW DPTH SPD SPD DIR MIN PSBL S-S WX    SPD DR
================================================================================

 1  82  66  74   5   0   9 0.00  0.0    0 11.7 20 190   M    M   8 8      26 150
 2  85  71  78   9   0  13 0.00  0.0    0 12.2 21 160   M    M   8 8      26 170
 3  82  72  77   7   0  12    T  0.0    0 10.8 21 160   M    M   7        27 150
 4  76  64  70   0   0   5 0.51  0.0    0  6.4 20 340   M    M   8 13     28 330
 5  80  60  70   0   0   5 0.05  0.0    0  4.6 15 310   M    M   6 128    22 320
 6  87  56  72   2   0   7 0.00  0.0    0  2.8  8 270   M    M   0        12 340
 7  88  58  73   2   0   8 0.00  0.0    0  4.1 10 250   M    M   0        15 290
 8  88  64  76   5   0  11 0.00  0.0    0  7.5 15 220   M    M   0         M  M
 9  88  63  76   5   0  11 0.00  0.0    0  8.9 21 190   M    M   0        26 210
10  86  62  74   2   0   9 0.00  0.0    0  7.8 17 200   M    M   0        24 210
11  89  66  78   6   0  13 0.00  0.0    0 11.3 22 200   M    M   3        29 190
12  88  72  80   8   0  15 0.00  0.0    0  9.6 16 170   M    M   4        21 180
13  89  69  79   7   0  14 0.00  0.0    0  7.5 13 150   M    M   3        18 210
14  88  70  79   6   0  14 0.00  0.0    0  7.8 17 210   M    M   3        21 210
15  91  65  78   5   0  13 0.00  0.0    0  5.3 16  40   M    M   1        21  40
16  93  62  78   5   0  13 0.00  0.0    0  2.7 10 270   M    M   2        14 250
17  92  65  79   6   0  14 0.00  0.0    0  2.4 10 310   M    M   0 1      14 320
18  94  71  83   9   0  18    T  0.0    0  6.6 15 180   M    M   2        22 190
19  93  72  83   9   0  18 0.00  0.0    0 10.8 21 190   M    M   3        27 200
20  90  67  79   5   0  14 0.06  0.0    0  6.1 20 160   M    M   4 3      25 170
21  90  68  79   5   0  14 0.00  0.0    0  2.4 12 240   M    M   4        14 240
22  90  68  79   5   0  14    T  0.0    0  1.9 14 140   M    M   2 3      16 140
23  92  68  80   5   0  15 0.01  0.0    0  3.6 23 170   M    M   2 3      30 160
24  91  66  79   4   0  14 0.00  0.0    0  3.7 15 150   M    M   3        18 140
25  92  70  81   6   0  16    T  0.0    0  6.0 31 290   M    M   2 3      41 300
================================================================================
SM 2204 1655         0 309  0.63     0.0 164.5          M       75
================================================================================
AV 88.2 66.2                               6.6 FASTST   M    M   3    MAX(MPH)
                                 MISC ---->  # 31 290               # 41  300
================================================================================
NOTES:
# LAST OF SEVERAL OCCURRENCES

COLUMN 17 PEAK WIND IN M.P.H.

PRELIMINARY LOCAL CLIMATOLOGICAL DATA (WS FORM: F-6) , PAGE 2

                                          STATION:  LONGVIEW
                                          MONTH:    MAY
                                          YEAR:     2018
                                          LATITUDE:   32 22 N
                                          LONGITUDE:  94 43 W

[TEMPERATURE DATA]      [PRECIPITATION DATA]       SYMBOLS USED IN COLUMN 16

AVERAGE MONTHLY: 77.2   TOTAL FOR MONTH:   0.63    1 = FOG OR MIST
DPTR FM NORMAL:   4.9   DPTR FM NORMAL:   -3.19    2 = FOG REDUCING VISIBILITY
HIGHEST:    94 ON 18    GRTST 24HR  0.51 ON  4- 4      TO 1/4 MILE OR LESS
LOWEST:     56 ON  6                               3 = THUNDER
                        SNOW, ICE PELLETS, HAIL    4 = ICE PELLETS
                        TOTAL MONTH:   0.0 INCH    5 = HAIL
                        GRTST 24HR     0.0         6 = FREEZING RAIN OR DRIZZLE
                        GRTST DEPTH:   0           7 = DUSTSTORM OR SANDSTORM:
                                                       VSBY 1/2 MILE OR LESS
                                                   8 = SMOKE OR HAZE
[NO. OF DAYS WITH]      [WEATHER - DAYS WITH]      9 = BLOWING SNOW
                                                   X = TORNADO
MAX 32 OR BELOW:   0    0.01 INCH OR MORE:   4
MAX 90 OR ABOVE:  11    0.10 INCH OR MORE:   1
MIN 32 OR BELOW:   0    0.50 INCH OR MORE:   1
MIN  0 OR BELOW:   0    1.00 INCH OR MORE:   0

[HDD (BASE 65) ]
TOTAL THIS MO.     0    CLEAR  (SCALE 0-3)  16
DPTR FM NORMAL    -8    PTCLDY (SCALE 4-7)   8
TOTAL FM JUL 1  2077    CLOUDY (SCALE 8-10)  1
DPTR FM NORMAL  -180

[CDD (BASE 65) ]
TOTAL THIS MO.   309
DPTR FM NORMAL   119    [PRESSURE DATA]
TOTAL FM JAN 1   455    HIGHEST SLP M ON M
DPTR FM NORMAL   142    LOWEST  SLP 29.76 ON 18

[REMARKS]
