000
CXUS53 KGRR 241017
CF6GRR
PRELIMINARY LOCAL CLIMATOLOGICAL DATA (WS FORM: F-6)

                                          STATION:   GRAND RAPIDS
                                          MONTH:     MAY
                                          YEAR:      2018
                                          LATITUDE:   42 52 N
                                          LONGITUDE:  85 31 W

  TEMPERATURE IN F:       :PCPN:    SNOW:  WIND      :SUNSHINE: SKY     :PK WND
================================================================================
1   2   3   4   5  6A  6B    7    8   9   10  11  12  13   14  15   16   17  18
                                     12Z  AVG MX 2MIN
DY MAX MIN AVG DEP HDD CDD  WTR  SNW DPTH SPD SPD DIR MIN PSBL S-S WX    SPD DR
================================================================================

 1  83  59  71  17   0   6 0.00  0.0    0 14.3 31 220 808   95   4        38 220
 2  83  62  73  19   0   8 0.22  0.0    0 13.6 30 250 390   46   7 13     37 230
 3  72  59  66  12   0   1 0.55  0.0    0  7.2 16 230 201   24  10 1      22 200
 4  68  51  60   5   5   0 0.01  0.0    0 16.9 47 240 693   81   6 1      56 250
 5  79  53  66  11   0   1 0.00  0.0    0  8.5 17 260 820   96   3        23 230
 6  67  50  59   4   6   0    T  0.0    0  8.5 17  30 731   85   5        23  40
 7  73  42  58   2   7   0 0.00  0.0    0  4.8 15 240 852   99   1        19 240
 8  79  50  65   9   0   0 0.00  0.0    0  9.5 20 250 813   94   3        25 250
 9  80  54  67  11   0   2 0.15  0.0    0 11.8 29 170 488   56   8 3      36 160
10  67  50  59   2   6   0    T  0.0    0 11.8 18  40 407   47   9 1      23 280
11  50  40  45 -12  20   0 0.57  0.0    0 13.3 21  70  30    3   9 13     25  80
12  57  42  50  -7  15   0 0.52  0.0    0  8.7 17  60 143   16  10 13     24  70
13  63  47  55  -3  10   0 0.31  0.0    0  5.4 13 220 288   33   9 1      16 100
14  75  51  63   5   2   0 0.20  0.0    0  6.1 26 250 318   36   9 1238   33 250
15  75  57  66   8   0   1 0.28  0.0    0  7.1 15 360 509   58   8 138    20 360
16  80  52  66   7   0   1 0.00  0.0    0  4.9 12 280 881  100   2 1      17 280
17  78  49  64   5   1   0 0.00  0.0    0 10.0 21  70 862   98   4 1      28  70
18  76  50  63   4   2   0 0.04  0.0    0 14.7 23  90 690   78   7        30  90
19  66  55  61   1   4   0 0.59  0.0    0  8.8 18 270 165   19   9 1      22 280
20  62  51  57  -3   8   0    T  0.0    0  5.5 12  20 311   35   8        14  30
21  58  50  54  -6  11   0 0.73  0.0    0  9.3 20 100 136   15   8 1      24  90
22  65  50  58  -3   7   0 0.01  0.0    0  6.0 10 240 145   16   7 12     13 290
23  79  48  64   3   1   0 0.00  0.0    0  2.4 13 290 670   75   7 12     15 280
================================================================================
SM 1635 1172       105  20  4.18     0.0 209.1        11351    153
================================================================================
AV 71.1 51.0                               9.1 FASTST  494  57   7    MAX(MPH)
                                 MISC ---->  # 47 240               # 56  250
================================================================================
NOTES:
# LAST OF SEVERAL OCCURRENCES

COLUMN 17 PEAK WIND IN M.P.H.

PRELIMINARY LOCAL CLIMATOLOGICAL DATA (WS FORM: F-6) , PAGE 2

                                          STATION:  GRAND RAPIDS
                                          MONTH:    MAY
                                          YEAR:     2018
                                          LATITUDE:   42 52 N
                                          LONGITUDE:  85 31 W

[TEMPERATURE DATA]      [PRECIPITATION DATA]       SYMBOLS USED IN COLUMN 16

AVERAGE MONTHLY: 61.0   TOTAL FOR MONTH:   4.18    1 = FOG OR MIST
DPTR FM NORMAL:   3.7   DPTR FM NORMAL:    1.22    2 = FOG REDUCING VISIBILITY
HIGHEST:    83 ON  2, 1 GRTST 24HR  0.73 ON 21-21      TO 1/4 MILE OR LESS
LOWEST:     40 ON 11                               3 = THUNDER
                        SNOW, ICE PELLETS, HAIL    4 = ICE PELLETS
                        TOTAL MONTH:   0.0 INCH    5 = HAIL
                        GRTST 24HR     0.0         6 = FREEZING RAIN OR DRIZZLE
                        GRTST DEPTH:   0           7 = DUSTSTORM OR SANDSTORM:
                                                       VSBY 1/2 MILE OR LESS
                                                   8 = SMOKE OR HAZE
[NO. OF DAYS WITH]      [WEATHER - DAYS WITH]      9 = BLOWING SNOW
                                                   X = TORNADO
MAX 32 OR BELOW:   0    0.01 INCH OR MORE:  13
MAX 90 OR ABOVE:   0    0.10 INCH OR MORE:  10
MIN 32 OR BELOW:   0    0.50 INCH OR MORE:   5
MIN  0 OR BELOW:   0    1.00 INCH OR MORE:   0

[HDD (BASE 65) ]
TOTAL THIS MO.   105    CLEAR  (SCALE 0-3)   4
DPTR FM NORMAL   -92    PTCLDY (SCALE 4-7)  11
TOTAL FM JUL 1  6444    CLOUDY (SCALE 8-10)  8
DPTR FM NORMAL    42

[CDD (BASE 65) ]
TOTAL THIS MO.    20
DPTR FM NORMAL    -1    [PRESSURE DATA]
TOTAL FM JAN 1    20    HIGHEST SLP M ON M
DPTR FM NORMAL    -9    LOWEST  SLP 29.58 ON M

[REMARKS]
