000
CXUS53 KGID 280830
CF6HDE
PRELIMINARY LOCAL CLIMATOLOGICAL DATA (WS FORM: F-6)
STATION: HOLDREGE NE
MONTH: MARCH
YEAR: 2024
LATITUDE: 40 27 N
LONGITUDE: 99 20 W
TEMPERATURE IN F: :PCPN: SNOW: WIND :SUNSHINE: SKY :PK WND
================================================================================
1 2 3 4 5 6A 6B 7 8 9 10 11 12 13 14 15 16 17 18
12Z AVG MX 2MIN
DY MAX MIN AVG DEP HDD CDD WTR SNW DPTH SPD SPD DIR MIN PSBL S-S WX SPD DR
================================================================================
1 63 27 45 M 20 0 0.00 M M 13.3 17 200 M M 0 23 200
2 55 33 44 M 21 0 0.00 M M 10.7 16 180 M M 5 12 18 170
3 62 36 49 M 16 0 0.00 M M 12.9 27 300 M M 2 8 36 300
4 57 29 43 M 22 0 0.00 M M 13.3 21 10 M M 0 27 10
5 55 22 39 M 26 0 0.00 M M 5.0 15 340 M M 0 16 330
6 58 25 42 M 23 0 0.00 M M 12.1 23 180 M M 4 28 180
7 49 29 39 M 26 0 0.06 M M 17.4 27 50 M M 7 32 50
8 34 24 29 M 36 0 M M M 17.5 24 10 M M 8 1 33 10
9 51 20 36 M 29 0 0.00 M M 5.6 10 320 M M 0 M M
10 69 27 48 M 17 0 0.00 M M 8.1 16 210 M M 0 22 210
11 74 32 53 M 12 0 0.00 M M 10.7 23 210 M M 0 29 210
12 69 32 51 M 14 0 0.00 M M 7.0 13 10 M M 0 18 10
13 67 44 56 M 9 0 T M M 11.5 28 20 M M 7 35 30
14 51 40 46 M 19 0 0.05 M M 12.9 22 30 M M 9 27 30
15 57 31 44 M 21 0 0.00 M M 9.3 14 10 M M 1 24 10
16 57 32 45 M 20 0 0.00 M M 9.6 22 360 M M 0 30 360
17 45 18 32 M 33 0 0.00 M M 13.8 29 350 M M 0 36 350
18 52 14 33 M 32 0 0.00 M M 7.6 14 200 M M 0 16 200
19 67 37 52 M 13 0 0.00 M M 8.3 16 360 M M 0 23 360
20 49 30 40 M 25 0 0.00 M M 13.7 23 70 M M 2 28 50
21 60 28 44 M 21 0 0.00 M M 10.6 18 190 M M 5 22 190
22 50 23 37 M 28 0 0.00 M M 17.2 29 360 M M 1 37 360
23 42 18 30 M 35 0 0.00 M M 12.2 18 130 M M 3 25 130
24 58 33 46 M 19 0 0.20 M M 17.6 27 360 M M 10 3 32 160
25 33 22 28 M 37 0 M M M 29.7 45 350 M M 10 1 51 350
26 30 15 23 M 42 0 M M M 14.6 28 340 M M 2 8 38 340
27 46 13 30 M 35 0 0.00 M M 6.5 17 220 M M 3 16 210
================================================================================
SM 1460 734 651 0 0.31 M 328.7 M 79
================================================================================
AV 54.1 27.2 12.2 FASTST M M 3 MAX(MPH)
MISC ----> 45 350 51 350
================================================================================
NOTES:
# LAST OF SEVERAL OCCURRENCES
COLUMN 17 PEAK WIND IN M.P.H.
PRELIMINARY LOCAL CLIMATOLOGICAL DATA (WS FORM: F-6) , PAGE 2
STATION: HOLDREGE NE
MONTH: MARCH
YEAR: 2024
LATITUDE: 40 27 N
LONGITUDE: 99 20 W
[TEMPERATURE DATA] [PRECIPITATION DATA] SYMBOLS USED IN COLUMN 16
AVERAGE MONTHLY: 40.6 TOTAL FOR MONTH: 0.31 1 = FOG OR MIST
DPTR FM NORMAL: 0.0 DPTR FM NORMAL: -1.31 2 = FOG REDUCING VISIBILITY
HIGHEST: 74 ON 11 GRTST 24HR 0.20 ON 24-24 TO 1/4 MILE OR LESS
LOWEST: 13 ON 27 3 = THUNDER
SNOW, ICE PELLETS, HAIL 4 = ICE PELLETS
TOTAL MONTH: M 5 = HAIL
GRTST 24HR M ON M 6 = FREEZING RAIN OR DRIZZLE
GRTST DEPTH: M ON M 7 = DUSTSTORM OR SANDSTORM:
VSBY 1/2 MILE OR LESS
8 = SMOKE OR HAZE
[NO. OF DAYS WITH] [WEATHER - DAYS WITH] 9 = BLOWING SNOW
X = TORNADO
MAX 32 OR BELOW: 1 0.01 INCH OR MORE: 3
MAX 90 OR ABOVE: 0 0.10 INCH OR MORE: 1
MIN 32 OR BELOW: 21 0.50 INCH OR MORE: 0
MIN 0 OR BELOW: 0 1.00 INCH OR MORE: 0
[HDD (BASE 65) ]
TOTAL THIS MO. 651 CLEAR (SCALE 0-3) 18
DPTR FM NORMAL M PTCLDY (SCALE 4-7) 6
TOTAL FM JUL 1 4668 CLOUDY (SCALE 8-10) 3
DPTR FM NORMAL M
[CDD (BASE 65) ]
TOTAL THIS MO. 0
DPTR FM NORMAL M [PRESSURE DATA]
TOTAL FM JAN 1 0 HIGHEST SLP M ON M
DPTR FM NORMAL M LOWEST SLP M ON M
[REMARKS]