000
CXUS54 KMAF 161110
CF6HOB
PRELIMINARY LOCAL CLIMATOLOGICAL DATA (WS FORM: F-6)
STATION: LEA AIRPORT, HOBBS
MONTH: APRIL
YEAR: 2024
LATITUDE: 32 40 N
LONGITUDE: 103-12 E
TEMPERATURE IN F: :PCPN: SNOW: WIND :SUNSHINE: SKY :PK WND
================================================================================
1 2 3 4 5 6A 6B 7 8 9 10 11 12 13 14 15 16 17 18
12Z AVG MX 2MIN
DY MAX MIN AVG DEP HDD CDD WTR SNW DPTH SPD SPD DIR MIN PSBL S-S WX SPD DR
================================================================================
1 68 50 59 M 6 0 0.00 M M 17.1 35 260 M M 5 8 46 260
2 64 37 51 M 14 0 0.00 M M 13.8 22 350 M M 3 36 350
3 75 36 56 M 9 0 0.00 M M 7.6 13 250 M M 0 20 240
4 81 43 62 M 3 0 0.00 M M 9.9 18 150 M M 0 24 99
5 82 46 64 M 1 0 0.00 M M 18.7 28 160 M M 0 38 160
6 72 45 59 M 6 0 0.00 M M 21.8 39 260 M M 0 7 47 270
7 73 32 53 M 12 0 0.00 M M 11.7 17 230 M M 0 7 35 250
8 75 39 57 M 8 0 0.00 M M 11.3 25 60 M M 1 31 60
9 57 41 49 M 16 0 0.01 M M 21.0 32 10 M M 7 40 20
10 86 36 61 M 4 0 0.00 M M 10.9 16 330 M M 1 25 350
11 75 39 57 M 8 0 0.00 M M 10.2 20 160 M M 0 20 150
12 84 45 65 M 0 0 0.00 M M 14.0 24 140 M M 0 35 140
13 86 50 68 M 0 3 0.00 M M 11.3 21 240 M M 0 28 240
14 86 55 71 M 0 6 0.00 M M 9.4 18 260 M M 0 220 200
15 90 57 74 M 0 9 0.00 M M 15.6 30 220 M M 2 8 41 230
================================================================================
SM 1154 651 87 18 0.01 M 204.3 M 19
================================================================================
AV 76.9 43.4 13.6 FASTST M M 1 MAX(MPH)
MISC ----> 39 260 220 200
================================================================================
NOTES:
# LAST OF SEVERAL OCCURRENCES
COLUMN 17 PEAK WIND IN M.P.H.
PRELIMINARY LOCAL CLIMATOLOGICAL DATA (WS FORM: F-6) , PAGE 2
STATION: LEA AIRPORT, HOBBS
MONTH: APRIL
YEAR: 2024
LATITUDE: 32 40 N
LONGITUDE: 103-12 E
[TEMPERATURE DATA] [PRECIPITATION DATA] SYMBOLS USED IN COLUMN 16
AVERAGE MONTHLY: 60.2 TOTAL FOR MONTH: 0.01 1 = FOG OR MIST
DPTR FM NORMAL: 0.0 DPTR FM NORMAL: -0.14 2 = FOG REDUCING VISIBILITY
HIGHEST: 90 ON 15 GRTST 24HR 0.01 ON 9- 9 TO 1/4 MILE OR LESS
LOWEST: 32 ON 7 3 = THUNDER
SNOW, ICE PELLETS, HAIL 4 = ICE PELLETS
TOTAL MONTH: M 5 = HAIL
GRTST 24HR M ON M 6 = FREEZING RAIN OR DRIZZLE
GRTST DEPTH: M ON M 7 = DUSTSTORM OR SANDSTORM:
VSBY 1/2 MILE OR LESS
8 = SMOKE OR HAZE
[NO. OF DAYS WITH] [WEATHER - DAYS WITH] 9 = BLOWING SNOW
X = TORNADO
MAX 32 OR BELOW: 0 0.01 INCH OR MORE: 1
MAX 90 OR ABOVE: 1 0.10 INCH OR MORE: 0
MIN 32 OR BELOW: 1 0.50 INCH OR MORE: 0
MIN 0 OR BELOW: 0 1.00 INCH OR MORE: 0
[HDD (BASE 65) ]
TOTAL THIS MO. 87 CLEAR (SCALE 0-3) 13
DPTR FM NORMAL M PTCLDY (SCALE 4-7) 2
TOTAL FM JUL 1 2696 CLOUDY (SCALE 8-10) 0
DPTR FM NORMAL M
[CDD (BASE 65) ]
TOTAL THIS MO. 18
DPTR FM NORMAL M [PRESSURE DATA]
TOTAL FM JAN 1 178 HIGHEST SLP M ON M
DPTR FM NORMAL M LOWEST SLP M ON M
[REMARKS]