000
CXHW53 PHFO 211250
CF6KOA
PRELIMINARY LOCAL CLIMATOLOGICAL DATA (WS FORM: F-6)

                                          STATION:   KONA HI
                                          MONTH:     APRIL
                                          YEAR:      2018
                                          LATITUDE:   19 38 N
                                          LONGITUDE: 156  0 W

  TEMPERATURE IN F:       :PCPN:    SNOW:  WIND      :SUNSHINE: SKY     :PK WND
================================================================================
1   2   3   4   5  6A  6B    7    8   9   10  11  12  13   14  15   16   17  18
                                     12Z  AVG MX 2MIN
DY MAX MIN AVG DEP HDD CDD  WTR  SNW DPTH SPD SPD DIR MIN PSBL S-S WX    SPD DR
================================================================================

 1  83  74  79   2   0  14 0.00  0.0    M  8.4 17  40   M    M   M        21  40
 2  84  74  79   2   0  14 0.21  0.0    M 15.0 26 170   M    M   M 18     30 160
 3  84  74  79   2   0  14 0.00  0.0    M 12.7 20 170   M    M   M        23 170
 4  86  74  80   3   0  15 0.00  0.0    M 15.0 24 170   M    M   M        29 170
 5  86  75  81   4   0  16 0.00  0.0    M  9.0 18 200   M    M   M        22 180
 6   M   M   M   M   M   M    M    M    M   M   M   M   M    M   M         M  M
 7  81  74  78   1   0  13 0.38  0.0    M  8.0 18 230   M    M   M 1      21 240
 8  83  73  78   1   0  13 0.31  0.0    M  5.8 14 310   M    M   M 1      17 300
 9  82  73  78   1   0  13 0.00  0.0    M  5.8 18 360   M    M   M        21 350
10  84  73  79   2   0  14 0.00  0.0    M  8.1 16 180   M    M   M        19 170
11  82  74  78   1   0  13 0.10  0.0    M  8.2 15 230   M    M   M        18 220
12  83  74  79   2   0  14 0.01  0.0    M  8.2 16 230   M    M   M        19 150
13  84  72  78   1   0  13 0.00  0.0    M  7.2 15 170   M    M   M 3      18 220
14  86  72  79   2   0  14 0.00  0.0    M  7.4 16 190   M    M   M 3      19 180
15  87  72  80   3   0  15 0.00  0.0    M  9.3 24  20   M    M   M        28  20
16  84  75  80   3   0  15 0.00  0.0    M  6.7 13 150   M    M   M        16 160
17  83  73  78   1   0  13 0.04  0.0    M  5.6 15 180   M    M   M 8      19 190
18  85  70  78   1   0  13 0.01  0.0    M  7.0 16 180   M    M   M        19 170
19  83  72  78   1   0  13 0.00  0.0    M  5.0 14 190   M    M   M        17 160
20  85  74  80   3   0  15    T  0.0    M  7.1 22  50   M    M   M        27  50
================================================================================
SM 1595 1392         0 264  1.06     0.0 159.5          M        M
================================================================================
AV 84.0 73.3                               8.4 FASTST   M    M   0    MAX(MPH)
                                 MISC ---->  # 26 170               # 30  160
================================================================================
NOTES:
# LAST OF SEVERAL OCCURRENCES

COLUMN 17 PEAK WIND IN M.P.H.

PRELIMINARY LOCAL CLIMATOLOGICAL DATA (WS FORM: F-6) , PAGE 2

                                          STATION:  KONA HI
                                          MONTH:    APRIL
                                          YEAR:     2018
                                          LATITUDE:   19 38 N
                                          LONGITUDE: 156  0 W

[TEMPERATURE DATA]      [PRECIPITATION DATA]       SYMBOLS USED IN COLUMN 16

AVERAGE MONTHLY: 78.6   TOTAL FOR MONTH:   1.06    1 = FOG OR MIST
DPTR FM NORMAL:   1.6   DPTR FM NORMAL:    0.07    2 = FOG REDUCING VISIBILITY
HIGHEST:    87 ON 15    GRTST 24HR  0.38 ON  7- 7      TO 1/4 MILE OR LESS
LOWEST:     70 ON 18                               3 = THUNDER
                        SNOW, ICE PELLETS, HAIL    4 = ICE PELLETS
                        TOTAL MONTH:   0.0 INCH    5 = HAIL
                        GRTST 24HR     0.0         6 = FREEZING RAIN OR DRIZZLE
                        GRTST DEPTH:  M  ON   M    7 = DUSTSTORM OR SANDSTORM:
                                                       VSBY 1/2 MILE OR LESS
                                                   8 = SMOKE OR HAZE
[NO. OF DAYS WITH]      [WEATHER - DAYS WITH]      9 = BLOWING SNOW
                                                   X = TORNADO
MAX 32 OR BELOW:   0    0.01 INCH OR MORE:   7
MAX 90 OR ABOVE:   0    0.10 INCH OR MORE:   4
MIN 32 OR BELOW:   0    0.50 INCH OR MORE:   0
MIN  0 OR BELOW:   0    1.00 INCH OR MORE:   0

[HDD (BASE 65) ]
TOTAL THIS MO.     0    CLEAR  (SCALE 0-3)   0
DPTR FM NORMAL     0    PTCLDY (SCALE 4-7)   0
TOTAL FM JUL 1     0    CLOUDY (SCALE 8-10)  0
DPTR FM NORMAL     0

[CDD (BASE 65) ]
TOTAL THIS MO.   264
DPTR FM NORMAL    24    [PRESSURE DATA]
TOTAL FM JAN 1  1195    HIGHEST SLP M ON M
DPTR FM NORMAL    35    LOWEST  SLP 29.80 ON  3

[REMARKS]
