000
CXUS55 KLOX 241655
CF6LAX
PRELIMINARY LOCAL CLIMATOLOGICAL DATA (WS FORM: F-6)

                                          STATION:   LOS ANGELES INTL AIRPORT CA
                                          MONTH:     MAY
                                          YEAR:      2018
                                          LATITUDE:   33 55 N
                                          LONGITUDE: 118 24 W

  TEMPERATURE IN F:       :PCPN:    SNOW:  WIND      :SUNSHINE: SKY     :PK WND
================================================================================
1   2   3   4   5  6A  6B    7    8   9   10  11  12  13   14  15   16   17  18
                                     12Z  AVG MX 2MIN
DY MAX MIN AVG DEP HDD CDD  WTR  SNW DPTH SPD SPD DIR MIN PSBL S-S WX    SPD DR
================================================================================

 1  61  54  58  -4   7   0 0.01  0.0    0  7.9 17 150   M    M   9 1      22 140
 2  65  54  60  -2   5   0 0.00  0.0    0  7.2 20 260   M    M   7        24 250
 3  67  54  61  -1   4   0 0.00  0.0    0  8.4 20 260   M    M   2        24 260
 4  76  56  66   4   0   1 0.00  0.0    0  8.3 23 260   M    M   4        27 270
 5  75  58  67   5   0   2 0.00  0.0    0  8.5 18 250   M    M   5        23 250
 6  73  57  65   3   0   0 0.00  0.0    0  8.4 20 260   M    M   7        23 260
 7  70  55  63   1   2   0 0.00  0.0    0  6.4 15 270   M    M   3 18     19 260
 8  69  55  62   0   3   0 0.00  0.0    0  6.4 16 270   M    M   7 128    20 270
 9  69  59  64   2   1   0 0.00  0.0    0  6.7 17 260   M    M   4 18     23 260
10  69  60  65   3   0   0 0.00  0.0    0  7.2 17 270   M    M   6 8      22 270
11  65  60  63   1   2   0    T  0.0    0  9.2 15 160   M    M   9 8      22 160
12  67  58  63   1   2   0    T  0.0    0  7.8 15 260   M    M   9        18 270
13  68  59  64   2   1   0 0.05  0.0    0  9.9 20 260   M    M   6 1      24 260
14  67  55  61  -2   4   0 0.00  0.0    0 10.1 20 260   M    M   3        25 260
15  68  56  62  -1   3   0 0.00  0.0    0 10.6 22 260   M    M   3        27 260
16  70  55  63   0   2   0 0.00  0.0    0 11.4 25 260   M    M   2 1      29 260
17  70  54  62  -1   3   0 0.00  0.0    0  8.1 17 260   M    M   3        23 250
18  67  58  63   0   2   0 0.00  0.0    0  7.7 16 260   M    M   6        20 280
19  67  58  63   0   2   0 0.00  0.0    0  7.6 16 260   M    M   9        20 270
20  68  59  64   1   1   0 0.00  0.0    0  8.7 20 270   M    M   9        23 270
21  66  59  63   0   2   0 0.00  0.0    0  7.5 14 270   M    M   8        19 260
22  67  59  63   0   2   0 0.00  0.0    0  8.1 17 250   M    M   7        20 250
23  67  59  63   0   2   0 0.00  0.0    0  9.8 18 260   M    M   7        22 260
================================================================================
SM 1571 1311        50   3  0.06     0.0 191.8          M      135
================================================================================
AV 68.3 57.0                               8.3 FASTST   M    M   6    MAX(MPH)
                                 MISC ---->    25   M                 29    M
================================================================================
NOTES:
# LAST OF SEVERAL OCCURRENCES

COLUMN 17 PEAK WIND IN M.P.H.

PRELIMINARY LOCAL CLIMATOLOGICAL DATA (WS FORM: F-6) , PAGE 2

                                          STATION:  LOS ANGELES INTL AIRPORT CA
                                          MONTH:    MAY
                                          YEAR:     2018
                                          LATITUDE:   33 55 N
                                          LONGITUDE: 118 24 W

[TEMPERATURE DATA]      [PRECIPITATION DATA]       SYMBOLS USED IN COLUMN 16

AVERAGE MONTHLY: 62.7   TOTAL FOR MONTH:   0.06    1 = FOG OR MIST
DPTR FM NORMAL:   0.2   DPTR FM NORMAL:   -0.12    2 = FOG REDUCING VISIBILITY
HIGHEST:    76 ON  4    GRTST 24HR  0.05 ON 13-13      TO 1/4 MILE OR LESS
LOWEST:     54 ON 17, 3                            3 = THUNDER
                        SNOW, ICE PELLETS, HAIL    4 = ICE PELLETS
                        TOTAL MONTH:   0.0 INCH    5 = HAIL
                        GRTST 24HR     0.0         6 = FREEZING RAIN OR DRIZZLE
                        GRTST DEPTH:   0           7 = DUSTSTORM OR SANDSTORM:
                                                       VSBY 1/2 MILE OR LESS
                                                   8 = SMOKE OR HAZE
[NO. OF DAYS WITH]      [WEATHER - DAYS WITH]      9 = BLOWING SNOW
                                                   X = TORNADO
MAX 32 OR BELOW:   0    0.01 INCH OR MORE:   2
MAX 90 OR ABOVE:   0    0.10 INCH OR MORE:   0
MIN 32 OR BELOW:   0    0.50 INCH OR MORE:   0
MIN  0 OR BELOW:   0    1.00 INCH OR MORE:   0

[HDD (BASE 65) ]
TOTAL THIS MO.    50    CLEAR  (SCALE 0-3)   6
DPTR FM NORMAL   -20    PTCLDY (SCALE 4-7)  12
TOTAL FM JUL 1   789    CLOUDY (SCALE 8-10)  5
DPTR FM NORMAL  -589

[CDD (BASE 65) ]
TOTAL THIS MO.     3
DPTR FM NORMAL    -1    [PRESSURE DATA]
TOTAL FM JAN 1    53    HIGHEST SLP M ON M
DPTR FM NORMAL    23    LOWEST  SLP 29.76 ON 10

[REMARKS]
