000
CXUS55 KBOI 241002
CF6MUO
PRELIMINARY LOCAL CLIMATOLOGICAL DATA (WS FORM: F-6)

                                          STATION:   MOUNTAIN HOME AFB
                                          MONTH:     APRIL
                                          YEAR:      2018
                                          LATITUDE:   43  2 N
                                          LONGITUDE: 115 52 W

  TEMPERATURE IN F:       :PCPN:    SNOW:  WIND      :SUNSHINE: SKY     :PK WND
================================================================================
1   2   3   4   5  6A  6B    7    8   9   10  11  12  13   14  15   16   17  18
                                     12Z  AVG MX 2MIN
DY MAX MIN AVG DEP HDD CDD  WTR  SNW DPTH SPD SPD DIR MIN PSBL S-S WX    SPD DR
================================================================================

 1  61  31  46   0  19   0    T    M    M  4.4 10 350   M    M   6         M  M
 2  51  26  39  -8  26   0 0.06    M    M 19.2 36 320   M    M   5 1      45 320
 3  53  19  36 -11  29   0 0.00    M    M 10.5 20 110   M    M   3        20 120
 4  61  43  52   5  13   0    T    M    M  7.4 14 120   M    M   8         M  M
 5  62  42  52   5  13   0 0.04    M    M  4.8 12 100   M    M   9         M  M
 6  55  45  50   3  15   0 0.17    M    M  4.2 10 340   M    M   8 12      M  M
 7   M   M   M   M   M   M 0.06    M    M 15.6 33  90   M    M   9        39 260
 8  56  34  45  -3  20   0    T    M    M 11.5 23 290   M    M   7        33 290
 9  60  29  45  -3  20   0    T    M    M  3.5  8 160   M    M   0         M  M
10  66  37  52   4  13   0    T    M    M 13.0 21 120   M    M   6        29 120
11  63  38  51   3  14   0    T    M    M 10.5 21 240   M    M   5        37 160
12  54  32  43  -6  22   0 0.03    M    M 18.6 30 290   M    M   7        40 280
13  56  27  42  -7  23   0    T    M    M 10.1 15 290   M    M   5        22 270
14  61  37  49   0  16   0    T    M    M  5.2  9 110   M    M   6         M  M
15  69  45  57   8   8   0 0.00    M    M 11.7 18 100   M    M   5        35 300
16  57  35  46  -3  19   0    T    M    M 11.9 20 300   M    M   7        35 320
17  53  25  39 -11  26   0 0.00    M    M 12.5 21 320   M    M   3        31 270
18  63  23  43  -7  22   0 0.00    M    M 14.6 23 100   M    M   3        35  90
19  68  37  53   3  12   0    T    M    M 11.6 23 310   M    M   7        36 320
20  69  41  55   5  10   0 0.00    M    M 23.3 31 310   M    M   0        40 330
21  72  35  54   3  11   0 0.00    M    M  9.1 18 350   M    M   0        30 300
22  66  34  50  -1  15   0 0.00    M    M 12.4 27 320   M    M   2        35 330
23  65  39  52   1  13   0 0.00    M    M 15.2 24 310   M    M   1        32 290
================================================================================
SM 1341  754       379   0  0.36    M    260.8          M      112
================================================================================
AV 61.0 34.3                              11.3 FASTST   M    M   5    MAX(MPH)
                                 MISC ---->  # 36 320               # 45  320
================================================================================
NOTES:
# LAST OF SEVERAL OCCURRENCES

COLUMN 17 PEAK WIND IN M.P.H.

PRELIMINARY LOCAL CLIMATOLOGICAL DATA (WS FORM: F-6) , PAGE 2

                                          STATION:  MOUNTAIN HOME AFB
                                          MONTH:    APRIL
                                          YEAR:     2018
                                          LATITUDE:   43  2 N
                                          LONGITUDE: 115 52 W

[TEMPERATURE DATA]      [PRECIPITATION DATA]       SYMBOLS USED IN COLUMN 16

AVERAGE MONTHLY: 47.6   TOTAL FOR MONTH:   0.36    1 = FOG OR MIST
DPTR FM NORMAL:  -1.0   DPTR FM NORMAL:   -0.44    2 = FOG REDUCING VISIBILITY
HIGHEST:    72 ON 21    GRTST 24HR  0.17 ON  6- 6      TO 1/4 MILE OR LESS
LOWEST:     19 ON  3                               3 = THUNDER
                        SNOW, ICE PELLETS, HAIL    4 = ICE PELLETS
                        TOTAL MONTH:    M          5 = HAIL
                        GRTST 24HR    M  ON   M    6 = FREEZING RAIN OR DRIZZLE
                        GRTST DEPTH:  M  ON   M    7 = DUSTSTORM OR SANDSTORM:
                                                       VSBY 1/2 MILE OR LESS
                                                   8 = SMOKE OR HAZE
[NO. OF DAYS WITH]      [WEATHER - DAYS WITH]      9 = BLOWING SNOW
                                                   X = TORNADO
MAX 32 OR BELOW:   0    0.01 INCH OR MORE:   5
MAX 90 OR ABOVE:   0    0.10 INCH OR MORE:   1
MIN 32 OR BELOW:   8    0.50 INCH OR MORE:   0
MIN  0 OR BELOW:   0    1.00 INCH OR MORE:   0

[HDD (BASE 65) ]
TOTAL THIS MO.   379    CLEAR  (SCALE 0-3)   8
DPTR FM NORMAL    -6    PTCLDY (SCALE 4-7)  12
TOTAL FM JUL 1  5226    CLOUDY (SCALE 8-10)  3
DPTR FM NORMAL  -192

[CDD (BASE 65) ]
TOTAL THIS MO.     0
DPTR FM NORMAL     0    [PRESSURE DATA]
TOTAL FM JAN 1     0    HIGHEST SLP M ON M
DPTR FM NORMAL     0    LOWEST  SLP M ON M

[REMARKS]
