296
CXUS51 KAKQ 221010
CF6ORF
PRELIMINARY LOCAL CLIMATOLOGICAL DATA (WS FORM: F-6)

                                          STATION:   NORFOLK VA
                                          MONTH:     APRIL
                                          YEAR:      2018
                                          LATITUDE:   36 54 N
                                          LONGITUDE:  76 12 W

  TEMPERATURE IN F:       :PCPN:    SNOW:  WIND      :SUNSHINE: SKY     :PK WND
================================================================================
1   2   3   4   5  6A  6B    7    8   9   10  11  12  13   14  15   16   17  18
                                     12Z  AVG MX 2MIN
DY MAX MIN AVG DEP HDD CDD  WTR  SNW DPTH SPD SPD DIR MIN PSBL S-S WX    SPD DR
================================================================================

 1  74  44  59   5   6   0 0.00  0.0    0  9.1 21 220   M    M   1        24 210
 2  64  44  54   0  11   0    T  0.0    0 13.6 24  30   M    M   6        30  20
 3  69  44  57   2   8   0 0.00  0.0    0  6.8 21 200   M    M   6        27 190
 4  81  50  66  11   0   1    T  0.0    0 17.1 35 220   M    M   4        41 220
 5  55  43  49  -6  16   0 0.00  0.0    0  9.5 16 340   M    M   0        27 330
 6  75  44  60   4   5   0 0.00  0.0    0 18.0 30 200   M    M   0        38 220
 7  64  39  52  -4  13   0 0.60  0.0    0 15.6 25  10   M    M  10 1      34  20
 8  49  38  44 -12  21   0 0.08  0.0    0 12.2 24 360   M    M   3 1      33  10
 9  51  42  47  -9  18   0    T  0.0    0  8.0 20  70   M    M   7        25  70
10  54  42  48  -9  17   0 0.00  0.0    0 10.1 18  30   M    M   5        22  20
11  56  42  49  -8  16   0 0.00  0.0    0  8.2 13  70   M    M   0        16  60
12  76  44  60   3   5   0 0.00  0.0    0 17.4 32 210   M    M   1        39 200
13  83  58  71  13   0   6 0.00  0.0    0 18.9 26 220   M    M   0        33 220
14  83  61  72  14   0   7 0.00  0.0    0 16.6 25 210   M    M   1        33 210
15  79  65  72  14   0   7 0.33  0.0    0 12.0 28 170   M    M   7 1      40 180
16  73  52  63   5   2   0 0.78  0.0    0 15.3 39 180   M    M   8 13     52 170
17  56  42  49 -10  16   0 0.02    M    0  9.2 17 250   M    M   5        28 270
18  68  47  58  -1   7   0 0.00  0.0    0  8.6 16  30   M    M   2        20 130
19  70  48  59   0   6   0 0.00  0.0    0 12.6 28 350   M    M   2        36 360
20  57  43  50 -10  15   0 0.00  0.0    0  7.7 17 340   M    M   0        25 340
21  57  41  49 -11  16   0 0.00  0.0    0  6.6 15  60   M    M   0        18  80
================================================================================
SM 1394  973       198  21  1.81     0.0 253.1          M       68
================================================================================
AV 66.4 46.3                              12.1 FASTST   M    M   3    MAX(MPH)
                                 MISC ---->  # 39 180               # 52  170
================================================================================
NOTES:
# LAST OF SEVERAL OCCURRENCES

COLUMN 17 PEAK WIND IN M.P.H.

PRELIMINARY LOCAL CLIMATOLOGICAL DATA (WS FORM: F-6) , PAGE 2

                                          STATION:  NORFOLK VA
                                          MONTH:    APRIL
                                          YEAR:     2018
                                          LATITUDE:   36 54 N
                                          LONGITUDE:  76 12 W

[TEMPERATURE DATA]      [PRECIPITATION DATA]       SYMBOLS USED IN COLUMN 16

AVERAGE MONTHLY: 56.4   TOTAL FOR MONTH:   1.81    1 = FOG OR MIST
DPTR FM NORMAL:  -0.6   DPTR FM NORMAL:   -0.59    2 = FOG REDUCING VISIBILITY
HIGHEST:    83 ON 14,13 GRTST 24HR  0.78 ON 16-16      TO 1/4 MILE OR LESS
LOWEST:     38 ON  8                               3 = THUNDER
                        SNOW, ICE PELLETS, HAIL    4 = ICE PELLETS
                        TOTAL MONTH:   0.0 INCH    5 = HAIL
                        GRTST 24HR     0.0         6 = FREEZING RAIN OR DRIZZLE
                        GRTST DEPTH:   0           7 = DUSTSTORM OR SANDSTORM:
                                                       VSBY 1/2 MILE OR LESS
                                                   8 = SMOKE OR HAZE
[NO. OF DAYS WITH]      [WEATHER - DAYS WITH]      9 = BLOWING SNOW
                                                   X = TORNADO
MAX 32 OR BELOW:   0    0.01 INCH OR MORE:   5
MAX 90 OR ABOVE:   0    0.10 INCH OR MORE:   3
MIN 32 OR BELOW:   0    0.50 INCH OR MORE:   2
MIN  0 OR BELOW:   0    1.00 INCH OR MORE:   0

[HDD (BASE 65) ]
TOTAL THIS MO.   198    CLEAR  (SCALE 0-3)  12
DPTR FM NORMAL     9    PTCLDY (SCALE 4-7)   7
TOTAL FM JUL 1  3138    CLOUDY (SCALE 8-10)  2
DPTR FM NORMAL  -112

[CDD (BASE 65) ]
TOTAL THIS MO.    21
DPTR FM NORMAL    -1    [PRESSURE DATA]
TOTAL FM JAN 1    43    HIGHEST SLP M ON M
DPTR FM NORMAL    14    LOWEST  SLP 29.50 ON 16

[REMARKS]
