000
CXUS53 KARX 280900
CF6OVS
PRELIMINARY LOCAL CLIMATOLOGICAL DATA (WS FORM: F-6)
STATION: BOSCOBEL_(ASOS) WI
MONTH: MARCH
YEAR: 2024
LATITUDE: 43 9 N
LONGITUDE: 90 41 W
TEMPERATURE IN F: :PCPN: SNOW: WIND :SUNSHINE: SKY :PK WND
================================================================================
1 2 3 4 5 6A 6B 7 8 9 10 11 12 13 14 15 16 17 18
12Z AVG MX 2MIN
DY MAX MIN AVG DEP HDD CDD WTR SNW DPTH SPD SPD DIR MIN PSBL S-S WX SPD DR
================================================================================
1 54 31 43 14 22 0 0.00 0.0 0 6.7 17 210 M M 0 26 200
2 64 25 45 15 20 0 0.00 0.0 0 3.8 15 200 M M 0 1 25 180
3 78 45 62 32 3 0 T 0.0 0 7.9 26 270 M M 3 40 190
4 50 28 39 8 26 0 0.33 0.0 0 4.3 13 20 M M 7 13 20 30
5 56 27 42 11 23 0 0.00 0.0 0 3.6 12 50 M M 4 18 18 80
6 57 21 39 7 26 0 0.00 0.0 0 4.7 14 90 M M 0 1 22 100
7 59 31 45 13 20 0 0.00 0.0 0 2.0 10 190 M M 4 8 17 160
8 47 38 43 10 22 0 0.25 M M 5.1 12 330 M M 10 1 20 340
9 43 25 34 1 31 0 0.00 M M 6.9 17 320 M M 1 8 28 270
10 50 18 34 0 31 0 0.00 0.0 0 2.2 9 290 M M 0 18 M M
11 72 22 47 13 18 0 0.00 0.0 0 5.0 16 230 M M 0 8 23 220
12 72 36 54 20 11 0 0.00 0.0 0 6.9 17 230 M M 0 8 24 220
13 73 27 50 15 15 0 0.00 0.0 0 2.7 12 110 M M 3 1 20 110
14 54 40 47 12 18 0 0.59 0.0 0 3.2 12 70 M M 7 20 80
15 59 29 44 8 21 0 0.00 0.0 0 4.4 15 260 M M 3 23 330
16 52 38 45 9 20 0 0.00 0.0 0 11.8 28 290 M M 3 40 300
17 38 29 34 -2 31 0 T M 0 11.1 21 340 M M 9 31 350
18 39 26 33 -4 32 0 0.00 0.0 0 9.4 16 330 M M 6 25 330
19 60 30 45 8 20 0 0.00 0.0 0 12.5 25 310 M M 0 40 300
20 41 28 35 -3 30 0 0.00 0.0 0 8.6 18 290 M M 0 28 360
21 39 24 32 -6 33 0 0.11 M 0 2.4 10 80 M M 9 15 70
22 37 29 33 -6 32 0 0.07 M M 5.6 14 360 M M 10 16 20 10
23 41 17 29 -10 36 0 T M M 2.4 9 360 M M 3 8 15 20
24 44 30 37 -2 28 0 M M M 6.1 15 120 M M 9 18 26 120
25 59 42 51 11 14 0 0.06 M M 5.0 16 90 M M 10 30 80
26 54 27 41 1 24 0 0.18 M M 11.7 21 270 M M 10 1 33 240
27 41 27 34 -7 31 0 M M M 10.7 20 280 M M 7 30 250
================================================================================
SM 1433 790 638 0 1.59 0.0 166.7 M 118
================================================================================
AV 53.1 29.3 6.2 FASTST M M 4 MAX(MPH)
MISC ----> 28 290 # 40 190
================================================================================
NOTES:
# LAST OF SEVERAL OCCURRENCES
COLUMN 17 PEAK WIND IN M.P.H.
PRELIMINARY LOCAL CLIMATOLOGICAL DATA (WS FORM: F-6) , PAGE 2
STATION: BOSCOBEL_(ASOS) WI
MONTH: MARCH
YEAR: 2024
LATITUDE: 43 9 N
LONGITUDE: 90 41 W
[TEMPERATURE DATA] [PRECIPITATION DATA] SYMBOLS USED IN COLUMN 16
AVERAGE MONTHLY: 41.2 TOTAL FOR MONTH: 1.59 1 = FOG OR MIST
DPTR FM NORMAL: 6.0 DPTR FM NORMAL: 0.03 2 = FOG REDUCING VISIBILITY
HIGHEST: 78 ON 3 GRTST 24HR 0.59 ON 14-14 TO 1/4 MILE OR LESS
LOWEST: 17 ON 23 3 = THUNDER
SNOW, ICE PELLETS, HAIL 4 = ICE PELLETS
TOTAL MONTH: 0.0 INCH 5 = HAIL
GRTST 24HR 0.0 6 = FREEZING RAIN OR DRIZZLE
GRTST DEPTH: 0 7 = DUSTSTORM OR SANDSTORM:
VSBY 1/2 MILE OR LESS
8 = SMOKE OR HAZE
[NO. OF DAYS WITH] [WEATHER - DAYS WITH] 9 = BLOWING SNOW
X = TORNADO
MAX 32 OR BELOW: 0 0.01 INCH OR MORE: 7
MAX 90 OR ABOVE: 0 0.10 INCH OR MORE: 5
MIN 32 OR BELOW: 21 0.50 INCH OR MORE: 1
MIN 0 OR BELOW: 0 1.00 INCH OR MORE: 0
[HDD (BASE 65) ]
TOTAL THIS MO. 638 CLEAR (SCALE 0-3) 14
DPTR FM NORMAL -169 PTCLDY (SCALE 4-7) 6
TOTAL FM JUL 1 4895 CLOUDY (SCALE 8-10) 7
DPTR FM NORMAL -1136
[CDD (BASE 65) ]
TOTAL THIS MO. 0
DPTR FM NORMAL 0 [PRESSURE DATA]
TOTAL FM JAN 1 0 HIGHEST SLP M ON M
DPTR FM NORMAL 0 LOWEST SLP 29.25 ON 26
[REMARKS]