000
CXUS53 KARX 250930
CF6PDC
PRELIMINARY LOCAL CLIMATOLOGICAL DATA (WS FORM: F-6)

                                          STATION:   PRAIRIE_DU_CHIEN_MUN
                                          MONTH:     APRIL
                                          YEAR:      2018
                                          LATITUDE:   43  1 N
                                          LONGITUDE:  91  7 W

  TEMPERATURE IN F:       :PCPN:    SNOW:  WIND      :SUNSHINE: SKY     :PK WND
================================================================================
1   2   3   4   5  6A  6B    7    8   9   10  11  12  13   14  15   16   17  18
                                     12Z  AVG MX 2MIN
DY MAX MIN AVG DEP HDD CDD  WTR  SNW DPTH SPD SPD DIR MIN PSBL S-S WX    SPD DR
================================================================================

 1  36  17  27   M  38   0 0.00  0.0    0  8.3 14 300   M    M   0        22 310
 2  40  18  29   M  36   0 0.00  0.0    0  5.1 12 120   M    M   5        16 100
 3  38  30  34   M  31   0 0.08    M    M  9.3 17  70   M    M  10 18     23  70
 4  30  19  25   M  40   0 0.00  0.0    M 10.8 17 320   M    M   5        27 320
 5  39  18  29   M  36   0 0.00  0.0    M  3.4  9 200   M    M   7         M  M
 6  36  17  27   M  38   0    M    M    M 16.7 28 300   M    M   4        38 300
 7  35  14  25   M  40   0 0.00  0.0    M  9.5 16 310   M    M   0        23 300
 8  39  16  28   M  37   0 0.00  0.0    0  3.3 12 250   M    M   5         M  M
 9  37  28  33   M  32   0 0.02    M    M  2.8  8 270   M    M   8         M  M
10  40  21  31   M  34   0 0.00  0.0    M  4.0  9 240   M    M   6         M  M
11  59  28  44   M  21   0 0.09  0.0    0  3.5 10 110   M    M   5         M  M
12  60  38  49   M  16   0 0.00  0.0    0  5.8 13 300   M    M   3 12      M  M
13  49  36  43   M  22   0 0.42    M    0 11.4 21  50   M    M  10 13     30  30
14  36  28  32   M  33   0 0.57    M    0 13.6 24  60   M    M  10 1      37  60
15  29  27  28   M  37   0 0.01    M    M  9.2 16  20   M    M  10        21 360
16  33  26  30   M  35   0    M    M    M 12.6 18 280   M    M  10        25 320
17  43  28  36   M  29   0 0.00  0.0    0  7.4 13 330   M    M   2        18 330
18  33  27  30   M  35   0 0.13    M    M  5.8 13  50   M    M   7        18  50
19  48  24  36   M  29   0 0.00  0.0    M  3.2 10 300   M    M   1 1       M  M
20  57  25  41   M  24   0 0.00  0.0    M  0.8  7 230   M    M   0         M  M
21  58  35  47   M  18   0 0.01    M    M  1.8  6  80   M    M   6         M  M
22  66  39  53   M  12   0 0.00  0.0    0  5.0 12  90   M    M   2        20  90
23  70  37  54   M  11   0 0.00  0.0    0  2.8 12 100   M    M   0         M  M
24  73  35  54   M  11   0 0.00  0.0    0  5.1 13 350   M    M   2        23 350
================================================================================
SM 1084  631       695   0  1.33     0.0 161.2          M      118
================================================================================
AV 45.2 26.3                               6.7 FASTST   M    M   5    MAX(MPH)
                                 MISC ---->  # 28 300               # 38  300
================================================================================
NOTES:
# LAST OF SEVERAL OCCURRENCES

COLUMN 17 PEAK WIND IN M.P.H.

PRELIMINARY LOCAL CLIMATOLOGICAL DATA (WS FORM: F-6) , PAGE 2

                                          STATION:  PRAIRIE_DU_CHIEN_MUN
                                          MONTH:    APRIL
                                          YEAR:     2018
                                          LATITUDE:   43  1 N
                                          LONGITUDE:  91  7 W

[TEMPERATURE DATA]      [PRECIPITATION DATA]       SYMBOLS USED IN COLUMN 16

AVERAGE MONTHLY: 35.7   TOTAL FOR MONTH:   1.33    1 = FOG OR MIST
DPTR FM NORMAL:     M   DPTR FM NORMAL:       M    2 = FOG REDUCING VISIBILITY
HIGHEST:    73 ON 24    GRTST 24HR  0.57 ON 14-14      TO 1/4 MILE OR LESS
LOWEST:     14 ON  7                               3 = THUNDER
                        SNOW, ICE PELLETS, HAIL    4 = ICE PELLETS
                        TOTAL MONTH:   0.0 INCH    5 = HAIL
                        GRTST 24HR     0.0         6 = FREEZING RAIN OR DRIZZLE
                        GRTST DEPTH:   0           7 = DUSTSTORM OR SANDSTORM:
                                                       VSBY 1/2 MILE OR LESS
                                                   8 = SMOKE OR HAZE
[NO. OF DAYS WITH]      [WEATHER - DAYS WITH]      9 = BLOWING SNOW
                                                   X = TORNADO
MAX 32 OR BELOW:   2    0.01 INCH OR MORE:   8
MAX 90 OR ABOVE:   0    0.10 INCH OR MORE:   3
MIN 32 OR BELOW:  18    0.50 INCH OR MORE:   1
MIN  0 OR BELOW:   0    1.00 INCH OR MORE:   0

[HDD (BASE 65) ]
TOTAL THIS MO.   695    CLEAR  (SCALE 0-3)   8
DPTR FM NORMAL     M    PTCLDY (SCALE 4-7)  11
TOTAL FM JUL 1  6781    CLOUDY (SCALE 8-10)  5
DPTR FM NORMAL     M

[CDD (BASE 65) ]
TOTAL THIS MO.     0
DPTR FM NORMAL     M    [PRESSURE DATA]
TOTAL FM JAN 1     0    HIGHEST SLP M ON M
DPTR FM NORMAL     M    LOWEST  SLP M ON M

[REMARKS]
