000
CXUS55 KTBW 241000
CF6PGD
PRELIMINARY LOCAL CLIMATOLOGICAL DATA (WS FORM: F-6)

                                          STATION:   Punta Gorda
                                          MONTH:     APRIL
                                          YEAR:      2018
                                          LATITUDE:   26 55 N
                                          LONGITUDE:  82  0 W

  TEMPERATURE IN F:       :PCPN:    SNOW:  WIND      :SUNSHINE: SKY     :PK WND
================================================================================
1   2   3   4   5  6A  6B    7    8   9   10  11  12  13   14  15   16   17  18
                                     12Z  AVG MX 2MIN
DY MAX MIN AVG DEP HDD CDD  WTR  SNW DPTH SPD SPD DIR MIN PSBL S-S WX    SPD DR
================================================================================

 1  89  64  77   7   0  12 0.01  0.0    0  7.2 17 290   M    M   7 12     20 290
 2  88  67  78   8   0  13 0.00  0.0    0  6.2 16 290   M    M   6        23 260
 3  89  63  76   6   0  11 0.00  0.0    0  6.4 15 240   M    M   2 12     19 240
 4  88  59  74   4   0   9 0.00  0.0    0  6.5 18 230   M    M   1 12     23 250
 5  89  63  76   6   0  11 0.00  0.0    0  8.8 16  30   M    M   1        20  50
 6  90  58  74   3   0   9 0.00  0.0    0  5.5 16 240   M    M   1 1      26 130
 7  87  63  75   4   0  10 0.01  0.0    0 12.3 26 220   M    M   4 13     33 300
 8  87  67  77   6   0  12 0.01  0.0    0  7.3 20 240   M    M   5        25 220
 9  90  70  80   9   0  15 0.00  0.0    0  9.1 21 240   M    M   4 128    26 220
10  89  69  79   8   0  14 0.55  0.0    0  8.1 23 360   M    M   7 1238   27 220
11  84  62  73   2   0   8 0.00  0.0    0  9.8 18  20   M    M   3 18     26  30
12  87  55  71   0   0   6 0.00  0.0    0  7.7 15 100   M    M   2 8      20  70
13  89  62  76   5   0  11 0.00  0.0    0  8.3 18 140   M    M   2        26 140
14  92  58  75   3   0  10 0.00  0.0    0  8.0 17 260   M    M   1 1      21 230
15  92  67  80   8   0  15 0.57  0.0    0 15.8 32 180   M    M   4 138    40 250
16  75  59  67  -5   0   2 0.00  0.0    0 12.4 24 330   M    M   3        29 310
17  85  52  69  -3   0   4 0.00  0.0    0  5.8 15 350   M    M   0 1      20 350
18  90  50  70  -2   0   5 0.00  0.0    0  4.4 16 240   M    M   0 18     20 240
19  85  59  72   0   0   7 0.00  0.0    0  7.1 16 270   M    M   1 1      20 250
20  88  55  72   0   0   7 0.00  0.0    0  5.6 15 290   M    M   1 128    19 280
21  92  65  79   7   0  14 0.00  0.0    0 10.2 22  80   M    M   3 13     27  80
22  92  69  81   8   0  16 0.00  0.0    0  8.9 18 130   M    M   6 138    25 150
23  89  67  78   5   0  13 0.00  0.0    0  9.8 23 240   M    M   4 12     27 230
================================================================================
SM 2026 1423         0 234  1.15     0.0 191.2          M       68
================================================================================
AV 88.1 61.9                               8.3 FASTST   M    M   3    MAX(MPH)
                                 MISC ---->  # 32 180               # 40  250
================================================================================
NOTES:
# LAST OF SEVERAL OCCURRENCES

COLUMN 17 PEAK WIND IN M.P.H.

PRELIMINARY LOCAL CLIMATOLOGICAL DATA (WS FORM: F-6) , PAGE 2

                                          STATION:  Punta Gorda
                                          MONTH:    APRIL
                                          YEAR:     2018
                                          LATITUDE:   26 55 N
                                          LONGITUDE:  82  0 W

[TEMPERATURE DATA]      [PRECIPITATION DATA]       SYMBOLS USED IN COLUMN 16

AVERAGE MONTHLY: 75.0   TOTAL FOR MONTH:   1.15    1 = FOG OR MIST
DPTR FM NORMAL:   3.7   DPTR FM NORMAL:   -0.71    2 = FOG REDUCING VISIBILITY
HIGHEST:    92 ON 22,21 GRTST 24HR  0.57 ON 15-15      TO 1/4 MILE OR LESS
LOWEST:     50 ON 18                               3 = THUNDER
                        SNOW, ICE PELLETS, HAIL    4 = ICE PELLETS
                        TOTAL MONTH:   0.0 INCH    5 = HAIL
                        GRTST 24HR     0.0         6 = FREEZING RAIN OR DRIZZLE
                        GRTST DEPTH:   0           7 = DUSTSTORM OR SANDSTORM:
                                                       VSBY 1/2 MILE OR LESS
                                                   8 = SMOKE OR HAZE
[NO. OF DAYS WITH]      [WEATHER - DAYS WITH]      9 = BLOWING SNOW
                                                   X = TORNADO
MAX 32 OR BELOW:   0    0.01 INCH OR MORE:   5
MAX 90 OR ABOVE:   7    0.10 INCH OR MORE:   2
MIN 32 OR BELOW:   0    0.50 INCH OR MORE:   2
MIN  0 OR BELOW:   0    1.00 INCH OR MORE:   0

[HDD (BASE 65) ]
TOTAL THIS MO.     0    CLEAR  (SCALE 0-3)  13
DPTR FM NORMAL    -3    PTCLDY (SCALE 4-7)  10
TOTAL FM JUL 1   319    CLOUDY (SCALE 8-10)  0
DPTR FM NORMAL   -73

[CDD (BASE 65) ]
TOTAL THIS MO.   234
DPTR FM NORMAL    81    [PRESSURE DATA]
TOTAL FM JAN 1   636    HIGHEST SLP M ON M
DPTR FM NORMAL   206    LOWEST  SLP 29.85 ON  7

[REMARKS]
