000
CXUS51 KPBZ 230804
CF6PHD
PRELIMINARY LOCAL CLIMATOLOGICAL DATA (WS FORM: F-6)

                                          STATION:   NEW PHILADELPHIA OH
                                          MONTH:     APRIL
                                          YEAR:      2018
                                          LATITUDE:   40 28 N
                                          LONGITUDE:  81 25 W

  TEMPERATURE IN F:       :PCPN:    SNOW:  WIND      :SUNSHINE: SKY     :PK WND
================================================================================
1   2   3   4   5  6A  6B    7    8   9   10  11  12  13   14  15   16   17  18
                                     12Z  AVG MX 2MIN
DY MAX MIN AVG DEP HDD CDD  WTR  SNW DPTH SPD SPD DIR MIN PSBL S-S WX    SPD DR
================================================================================

 1  51  33  42  -4  23   0 0.21    M    0  7.6 23 330   M    M   7 1      31 310
 2  42  32  37  -9  28   0 0.09    M    M  3.8  8 160   M    M   9 1      10 150
 3  61  38  50   3  15   0 1.55    M    M  5.8 16 180   M    M   9 13     26 180
 4  61  30  46  -1  19   0 0.07    M    0 15.2 28 260   M    M   9 18     41 270
 5  47  29  38 -10  27   0 0.00    M    M  5.9 16 300   M    M   5        24 280
 6  57  28  43  -5  22   0 0.13    M    M 10.1 25 270   M    M   8 1      36 260
 7  38  27  33 -15  32   0 0.01    M    M  4.8 18 330   M    M   7 1      26 330
 8  40  27  34 -15  31   0 0.00    M    M  6.7 14 320   M    M   3        20 330
 9  37  29  33 -16  32   0    T    M    0  3.8 12  90   M    M  10 1      14 100
10  44  23  34 -15  31   0 0.00  0.0    0  2.0 13 290   M    M   7 128    16 290
11  60  30  45  -5  20   0 0.00  0.0    0  6.0 16 250   M    M   5        26 230
12  78  49  64  14   1   0    T    M    0  9.9 26 250   M    M   4        41 220
13  83  63  73  23   0   8 0.00  0.0    0  9.1 21 240   M    M   0        35 250
14  80  45  63  12   2   0 0.04    M    0  6.6 21 210   M    M   5        28 200
15  64  44  54   3  11   0 1.63    M    0  4.2 17 250   M    M  10 1      27 260
16  46  33  40 -11  25   0 0.16    M    0 10.9 20 260   M    M  10 1      33 250
17  36  31  34 -18  31   0 0.03    M    0  8.6 18 260   M    M  10 18     26 270
18  54  26  40 -12  25   0 0.17    M    0  2.7 10 360   M    M   4 1      12 360
19  49  33  41 -11  24   0 0.05    M    M  9.7 22 320   M    M   6 1      29 330
20  55  26  41 -11  24   0 0.00    M    M  5.5 16 320   M    M   0 8      24 330
21  57  26  42 -11  23   0 0.00    M    M  2.1  8 340   M    M   2        11  30
22  70  40  55   2  10   0 0.00  0.0    0  3.2 13  80   M    M   1        15  80
================================================================================
SM 1210  742       456   8  4.14     0.0 144.2          M      131
================================================================================
AV 55.0 33.7                               6.6 FASTST   M    M   6    MAX(MPH)
                                 MISC ---->  # 28 260               # 41  270
================================================================================
NOTES:
# LAST OF SEVERAL OCCURRENCES

COLUMN 17 PEAK WIND IN M.P.H.

PRELIMINARY LOCAL CLIMATOLOGICAL DATA (WS FORM: F-6) , PAGE 2

                                          STATION:  NEW PHILADELPHIA OH
                                          MONTH:    APRIL
                                          YEAR:     2018
                                          LATITUDE:   40 28 N
                                          LONGITUDE:  81 25 W

[TEMPERATURE DATA]      [PRECIPITATION DATA]       SYMBOLS USED IN COLUMN 16

AVERAGE MONTHLY: 44.4   TOTAL FOR MONTH:   4.14    1 = FOG OR MIST
DPTR FM NORMAL:  -5.4   DPTR FM NORMAL:    1.70    2 = FOG REDUCING VISIBILITY
HIGHEST:    83 ON 13    GRTST 24HR  1.63 ON 15-15      TO 1/4 MILE OR LESS
LOWEST:     23 ON 10                               3 = THUNDER
                        SNOW, ICE PELLETS, HAIL    4 = ICE PELLETS
                        TOTAL MONTH:   0.0 INCH    5 = HAIL
                        GRTST 24HR     0.0         6 = FREEZING RAIN OR DRIZZLE
                        GRTST DEPTH:   0           7 = DUSTSTORM OR SANDSTORM:
                                                       VSBY 1/2 MILE OR LESS
                                                   8 = SMOKE OR HAZE
[NO. OF DAYS WITH]      [WEATHER - DAYS WITH]      9 = BLOWING SNOW
                                                   X = TORNADO
MAX 32 OR BELOW:   0    0.01 INCH OR MORE:  12
MAX 90 OR ABOVE:   0    0.10 INCH OR MORE:   6
MIN 32 OR BELOW:  13    0.50 INCH OR MORE:   2
MIN  0 OR BELOW:   0    1.00 INCH OR MORE:   2

[HDD (BASE 65) ]
TOTAL THIS MO.   456    CLEAR  (SCALE 0-3)   5
DPTR FM NORMAL   114    PTCLDY (SCALE 4-7)  10
TOTAL FM JUL 1  5446    CLOUDY (SCALE 8-10)  7
DPTR FM NORMAL   118

[CDD (BASE 65) ]
TOTAL THIS MO.     8
DPTR FM NORMAL     8    [PRESSURE DATA]
TOTAL FM JAN 1    13    HIGHEST SLP M ON M
DPTR FM NORMAL    12    LOWEST  SLP 29.44 ON  4

[REMARKS]
