000
CXUS55 KGJT 261000
CF6RIL
PRELIMINARY LOCAL CLIMATOLOGICAL DATA (WS FORM: F-6)

                                          STATION:   RIFLE CO
                                          MONTH:     APRIL
                                          YEAR:      2018
                                          LATITUDE:   39 31 N
                                          LONGITUDE: 107 43 W

  TEMPERATURE IN F:       :PCPN:    SNOW:  WIND      :SUNSHINE: SKY     :PK WND
================================================================================
1   2   3   4   5  6A  6B    7    8   9   10  11  12  13   14  15   16   17  18
                                     12Z  AVG MX 2MIN
DY MAX MIN AVG DEP HDD CDD  WTR  SNW DPTH SPD SPD DIR MIN PSBL S-S WX    SPD DR
================================================================================

 1  69  41  55  11  10   0 0.00    M    M  8.7 32 260   M    M   2        39 250
 2  72  36  54  10  11   0 0.00    M    M 17.7 44 260   M    M   3        52 270
 3  51  24  38  -6  27   0 0.00    M    M  6.3 25 320   M    M   0        33 320
 4  56  28  42  -3  23   0 0.00    M    M  4.4 17 280   M    M   5        41 260
 5  62  28  45   0  20   0 0.00    M    M  4.9 23 260   M    M   2        30 250
 6  58  45  52   7  13   0 0.13    M    M  5.2 18  80   M    M  10 1      23  80
 7  60  44  52   6  13   0 0.57    M    M  3.9 25 120   M    M   9 1      32 120
 8  57  42  50   4  15   0 0.36    M    M  8.8 25 240   M    M   8 1      31 330
 9  57  37  47   1  18   0 0.00    M    M  5.0 16 280   M    M   4        21 280
10  65  31  48   2  17   0 0.00    M    M  5.8 21 270   M    M   0        25 260
11  74  43  59  12   6   0 0.00    M    M  7.3 26 260   M    M   1        35 270
12  70  36  53   6  12   0 0.01    M    M 16.1 39 320   M    M   5        52 240
13  46  30  38  -9  27   0 0.01    M    M 12.7 31  10   M    M   8 1      42  10
14  55  32  44  -4  21   0 0.00    M    M  6.1 18 290   M    M   4        23 300
15  66  30  48   0  17   0 0.00    M    M  4.1 23 260   M    M   2        28 260
16  70  41  56   8   9   0 0.00    M    M  9.0 33 180   M    M   0        45 160
17  60  28  44  -4  21   0 0.05    M    M 14.8 39 260   M    M   5 1      51 200
18  57  22  40  -9  25   0 0.00    M    M  3.9  9 150   M    M   0        12  10
19  73  29  51   2  14   0 0.00    M    M  6.7 26 190   M    M   1        36 190
20  57  34  46  -3  19   0 0.36    M    M  8.6 31 250   M    M  10 13     41 260
21  55  34  45  -4  20   0 0.01    M    M  3.4 13  80   M    M   6 1      15  80
22  71  32  52   2  13   0 0.00    M    M  2.5 10 110   M    M   0        12 110
23  76  38  57   7   8   0    T    M    M  8.7 38 270   M    M   2 8      50 270
24  62  40  51   1  14   0 0.00    M    M 12.6 25 320   M    M   2        31 320
25  71  28  50   0  15   0 0.00    M    M  4.8 21 260   M    M   0        25 250
================================================================================
SM 1570  853       408   0  1.50    M    192.0          M       89
================================================================================
AV 62.8 34.1                               7.7 FASTST   M    M   4    MAX(MPH)
                                 MISC ---->  # 44 260               # 52  270
================================================================================
NOTES:
# LAST OF SEVERAL OCCURRENCES

COLUMN 17 PEAK WIND IN M.P.H.

PRELIMINARY LOCAL CLIMATOLOGICAL DATA (WS FORM: F-6) , PAGE 2

                                          STATION:  RIFLE CO
                                          MONTH:    APRIL
                                          YEAR:     2018
                                          LATITUDE:   39 31 N
                                          LONGITUDE: 107 43 W

[TEMPERATURE DATA]      [PRECIPITATION DATA]       SYMBOLS USED IN COLUMN 16

AVERAGE MONTHLY: 48.5   TOTAL FOR MONTH:   1.50    1 = FOG OR MIST
DPTR FM NORMAL:   1.3   DPTR FM NORMAL:    0.56    2 = FOG REDUCING VISIBILITY
HIGHEST:    76 ON 23    GRTST 24HR  0.57 ON  7- 7      TO 1/4 MILE OR LESS
LOWEST:     22 ON 18                               3 = THUNDER
                        SNOW, ICE PELLETS, HAIL    4 = ICE PELLETS
                        TOTAL MONTH:    M          5 = HAIL
                        GRTST 24HR    M  ON   M    6 = FREEZING RAIN OR DRIZZLE
                        GRTST DEPTH:  M  ON   M    7 = DUSTSTORM OR SANDSTORM:
                                                       VSBY 1/2 MILE OR LESS
                                                   8 = SMOKE OR HAZE
[NO. OF DAYS WITH]      [WEATHER - DAYS WITH]      9 = BLOWING SNOW
                                                   X = TORNADO
MAX 32 OR BELOW:   0    0.01 INCH OR MORE:   8
MAX 90 OR ABOVE:   0    0.10 INCH OR MORE:   4
MIN 32 OR BELOW:  12    0.50 INCH OR MORE:   1
MIN  0 OR BELOW:   0    1.00 INCH OR MORE:   0

[HDD (BASE 65) ]
TOTAL THIS MO.   408    CLEAR  (SCALE 0-3)  14
DPTR FM NORMAL   -36    PTCLDY (SCALE 4-7)   6
TOTAL FM JUL 1  5523    CLOUDY (SCALE 8-10)  5
DPTR FM NORMAL  -705

[CDD (BASE 65) ]
TOTAL THIS MO.     0
DPTR FM NORMAL     0    [PRESSURE DATA]
TOTAL FM JAN 1     0    HIGHEST SLP M ON M
DPTR FM NORMAL     0    LOWEST  SLP 29.13 ON 12

[REMARKS]
