000
CXUS56 KMTR 241000
CF6SJC
PRELIMINARY LOCAL CLIMATOLOGICAL DATA (WS FORM: F-6)

                                          STATION:   SAN JOSE AIRPORT
                                          MONTH:     MAY
                                          YEAR:      2018
                                          LATITUDE:   37 21 N
                                          LONGITUDE: 121 55 W

  TEMPERATURE IN F:       :PCPN:    SNOW:  WIND      :SUNSHINE: SKY     :PK WND
================================================================================
1   2   3   4   5  6A  6B    7    8   9   10  11  12  13   14  15   16   17  18
                                     12Z  AVG MX 2MIN
DY MAX MIN AVG DEP HDD CDD  WTR  SNW DPTH SPD SPD DIR MIN PSBL S-S WX    SPD DR
================================================================================

 1  73  49  61   0   4   0 0.00  0.0    0  9.0 18 320   M    M   4        24 340
 2  72  50  61   0   4   0 0.00  0.0    0  8.0 18 310   M    M   3        23 110
 3  69  52  61  -1   4   0 0.00  0.0    0  6.3 18 300   M    M   7 8      21 290
 4  78  53  66   4   0   1 0.00  0.0    0  6.5 18 300   M    M   7 18     22 290
 5  71  54  63   1   2   0 0.00  0.0    0  6.9 20 310   M    M   6        27 320
 6  68  52  60  -2   5   0 0.00  0.0    0  8.3 18 310   M    M   7        22 310
 7  77  51  64   2   1   0 0.00  0.0    0  6.7 18 300   M    M   2        23 300
 8  75  52  64   2   1   0 0.00  0.0    0  7.4 23 320   M    M   3        27 320
 9  72  56  64   2   1   0 0.00  0.0    0  9.7 24 320   M    M   6        31 320
10  73  51  62   0   3   0 0.00  0.0    0  7.3 20 320   M    M   5        26 340
11  79  52  66   3   0   1 0.00  0.0    0  8.9 21 300   M    M   5        26 300
12  78  55  67   4   0   2 0.00  0.0    0  7.3 17 180   M    M   1        23 190
13  73  54  64   1   1   0 0.00  0.0    0  9.4 18 320   M    M   2        26 350
14  69  55  62  -1   3   0    T  0.0    0  8.1 18 320   M    M   5        23 320
15  70  56  63   0   2   0 0.00  0.0    0  8.1 23 320   M    M   8        27 320
16  69  51  60  -3   5   0 0.00  0.0    0  7.1 20 320   M    M   4        24 320
17  71  51  61  -3   4   0 0.00  0.0    0  9.0 23 310   M    M   4        27 310
18  70  56  63  -1   2   0 0.00  0.0    0  6.7 18 300   M    M   8        24 290
19  68  55  62  -2   3   0 0.00  0.0    0 10.3 21 310   M    M   6        25 310
20  67  55  61  -3   4   0 0.00  0.0    0  8.3 17 270   M    M   8        21 270
21  74  55  65   1   0   0 0.00  0.0    0  8.9 22 300   M    M   5        28 330
22  68  56  62  -2   3   0 0.00  0.0    0  7.4 22 310   M    M   7        25 300
23  69  57  63  -1   2   0 0.00  0.0    0  9.3 21 320   M    M   8        26 310
================================================================================
SM 1653 1228        54   4    T      0.0 184.9          M      121
================================================================================
AV 71.9 53.4                               8.0 FASTST   M    M   5    MAX(MPH)
                                 MISC ---->  # 24 320               # 31  320
================================================================================
NOTES:
# LAST OF SEVERAL OCCURRENCES

COLUMN 17 PEAK WIND IN M.P.H.

PRELIMINARY LOCAL CLIMATOLOGICAL DATA (WS FORM: F-6) , PAGE 2

                                          STATION:  SAN JOSE AIRPORT
                                          MONTH:    MAY
                                          YEAR:     2018
                                          LATITUDE:   37 21 N
                                          LONGITUDE: 121 55 W

[TEMPERATURE DATA]      [PRECIPITATION DATA]       SYMBOLS USED IN COLUMN 16

AVERAGE MONTHLY: 62.6   TOTAL FOR MONTH:      T    1 = FOG OR MIST
DPTR FM NORMAL:  -0.2   DPTR FM NORMAL:   -0.42    2 = FOG REDUCING VISIBILITY
HIGHEST:    79 ON 11    GRTST 24HR    T  ON 14-14      TO 1/4 MILE OR LESS
LOWEST:     49 ON  1                               3 = THUNDER
                        SNOW, ICE PELLETS, HAIL    4 = ICE PELLETS
                        TOTAL MONTH:   0.0 INCH    5 = HAIL
                        GRTST 24HR     0.0         6 = FREEZING RAIN OR DRIZZLE
                        GRTST DEPTH:   0           7 = DUSTSTORM OR SANDSTORM:
                                                       VSBY 1/2 MILE OR LESS
                                                   8 = SMOKE OR HAZE
[NO. OF DAYS WITH]      [WEATHER - DAYS WITH]      9 = BLOWING SNOW
                                                   X = TORNADO
MAX 32 OR BELOW:   0    0.01 INCH OR MORE:   0
MAX 90 OR ABOVE:   0    0.10 INCH OR MORE:   0
MIN 32 OR BELOW:   0    0.50 INCH OR MORE:   0
MIN  0 OR BELOW:   0    1.00 INCH OR MORE:   0

[HDD (BASE 65) ]
TOTAL THIS MO.    54    CLEAR  (SCALE 0-3)   4
DPTR FM NORMAL   -28    PTCLDY (SCALE 4-7)  17
TOTAL FM JUL 1  1708    CLOUDY (SCALE 8-10)  2
DPTR FM NORMAL  -511

[CDD (BASE 65) ]
TOTAL THIS MO.     4
DPTR FM NORMAL   -26    [PRESSURE DATA]
TOTAL FM JAN 1    15    HIGHEST SLP M ON M
DPTR FM NORMAL   -32    LOWEST  SLP 29.74 ON 11

[REMARKS]
