000
CDUS43 KUNR 240833
CLI2WX


CLIMATE REPORT
NATIONAL WEATHER SERVICE RAPID CITY SD
231 AM MDT TUE APR 24 2018


...................................

...THE BUFFALO SD CLIMATE SUMMARY FOR APRIL 23 2018...

CLIMATE NORMAL PERIOD 1981 TO 2010
CLIMATE RECORD PERIOD 9999 TO 9999


WEATHER ITEM   OBSERVED TIME   NORMAL DEPARTURE LAST
                VALUE   (LST)  VALUE  FROM      YEAR
                                      NORMAL
......................................................
TEMPERATURE (F)
 YESTERDAY
  MAXIMUM         64   1224 PM  58      6       54
  MINIMUM         34   1129 PM  34      0       34
  AVERAGE         49            46      3       44

PRECIPITATION (IN)
  YESTERDAY        0.23          0.06   0.17     0.00
  MONTH TO DATE    1.41          1.04   0.37     3.18
  SINCE MAR 1      2.59          1.81   0.78     4.69
  SINCE JAN 1      4.07          2.38   1.69     4.99

DEGREE DAYS
 HEATING
  YESTERDAY       16            19     -3       21
  MONTH TO DATE  711           527    184      408
  SINCE MAR 1   1867          1533    334     1248
  SINCE JUL 1   7802          7330    472     6599

 COOLING
  YESTERDAY        0             0      0        0
  MONTH TO DATE    0             0      0        0
  SINCE MAR 1      0             0      0        0
  SINCE JAN 1      0             0      0        0
......................................................


WIND (MPH)
  HIGHEST WIND SPEED    45   HIGHEST WIND DIRECTION    NE (40)
  HIGHEST GUST SPEED    56   HIGHEST GUST DIRECTION    NE (30)
  AVERAGE WIND SPEED    21.9




RELATIVE HUMIDITY (PERCENT)
 HIGHEST    89           900 PM
 LOWEST     39          1200 PM
 AVERAGE    64

..........................................................




SUNRISE AND SUNSET
APRIL 24 2018.........SUNRISE   553 AM MDT   SUNSET   752 PM MDT
APRIL 25 2018.........SUNRISE   551 AM MDT   SUNSET   754 PM MDT


-  INDICATES NEGATIVE NUMBERS.
R  INDICATES RECORD WAS SET OR TIED.
MM INDICATES DATA IS MISSING.
T  INDICATES TRACE AMOUNT.




$$
