000
CDUS46 KMFR 230036
CLIAAT


CLIMATE REPORT
NATIONAL WEATHER SERVICE MEDFORD, OR
536 PM PDT SUN APR 22 2018


...................................

...THE ALTURAS CA CLIMATE SUMMARY FOR APRIL 22 2018...
VALID TODAY AS OF 0500 PM LOCAL TIME.

CLIMATE NORMAL PERIOD 1981 TO 2010
CLIMATE RECORD PERIOD 1905 TO 2018


WEATHER ITEM   OBSERVED TIME   RECORD YEAR NORMAL DEPARTURE LAST
                VALUE   (LST)  VALUE       VALUE  FROM      YEAR
                                                  NORMAL
..................................................................
TEMPERATURE (F)
 TODAY
  MAXIMUM         66    154 PM  84    2012  60      6       65
  MINIMUM         30    534 AM  14    1968  30      0       35
  AVERAGE         48                        45      3       50

PRECIPITATION (IN)
  TODAY            0.00          0.58 1988   0.06  -0.06     0.00
  MONTH TO DATE    2.18                      1.13   1.05     0.90
  SINCE OCT 1      8.49                     10.26  -1.77    12.32
  SINCE JAN 1      5.49                      5.75  -0.26     8.57

SNOWFALL (IN)
  TODAY           MM                        MM     MM       MM
  MONTH TO DATE   MM                        MM     MM       MM
  SINCE JUL 1     MM                        MM     MM       MM
  SNOW DEPTH      MM

DEGREE DAYS
 HEATING
  TODAY           17                        20     -3       15
  MONTH TO DATE  467                       501    -34      441
  SINCE MAR 1   1326                      1326      0     1135
  SINCE JUL 1   5723                      6193   -470     5797

 COOLING
  TODAY            0                         0      0        0
  MONTH TO DATE    0                         0      0        0
  SINCE MAR 1      0                         0      0        0
  SINCE JAN 1      0                         0      0        0
..................................................................


WIND (MPH)
  HIGHEST WIND SPEED    15   HIGHEST WIND DIRECTION    NW (310)
  HIGHEST GUST SPEED    19   HIGHEST GUST DIRECTION    NW (300)
  AVERAGE WIND SPEED     2.9


SKY COVER
  POSSIBLE SUNSHINE  MM
  AVERAGE SKY COVER 0.0


WEATHER CONDITIONS
 THE FOLLOWING WEATHER WAS RECORDED TODAY.
  NO SIGNIFICANT WEATHER WAS OBSERVED.


RELATIVE HUMIDITY (PERCENT)
 HIGHEST    89           600 AM
 LOWEST     19           400 PM
 AVERAGE    54

..........................................................


THE ALTURAS CA CLIMATE NORMALS FOR TOMORROW
                         NORMAL    RECORD    YEAR
 MAXIMUM TEMPERATURE (F)   60        85      1910
 MINIMUM TEMPERATURE (F)   30        19      2008
                                             1976


SUNRISE AND SUNSET
APRIL 22 2018.........SUNRISE   612 AM PDT   SUNSET   750 PM PDT
APRIL 23 2018.........SUNRISE   610 AM PDT   SUNSET   752 PM PDT


-  INDICATES NEGATIVE NUMBERS.
R  INDICATES RECORD WAS SET OR TIED.
MM INDICATES DATA IS MISSING.
T  INDICATES TRACE AMOUNT.




$$
