305
CDUS45 KABQ 240827
CLIABQ


CLIMATE REPORT
NATIONAL WEATHER SERVICE ALBUQUERQUE NM
226 AM MDT TUE APR 24 2018


...................................

...THE ALBUQUERQUE  NM CLIMATE SUMMARY FOR APRIL 23 2018...

CLIMATE NORMAL PERIOD 1981 TO 2010
CLIMATE RECORD PERIOD 1891 TO 2018


WEATHER ITEM   OBSERVED TIME   RECORD YEAR NORMAL DEPARTURE LAST
                VALUE   (LST)  VALUE       VALUE  FROM      YEAR
                                                  NORMAL
..................................................................
TEMPERATURE (F)
 YESTERDAY
  MAXIMUM         80    448 PM  85    2002  71      9       77
                                      1943
  MINIMUM         50    619 AM  24    1895  45      5       44
  AVERAGE         65                        58      7       61

PRECIPITATION (IN)
  YESTERDAY        0.00          1.32 1905   0.02  -0.02
  MONTH TO DATE    T                         0.49  -0.49
  SINCE MAR 1      0.18                      1.06  -0.88
  SINCE JAN 1      0.72                      1.92  -1.20

SNOWFALL (IN)
  YESTERDAY        0.0
  MONTH TO DATE    0.0
  SINCE MAR 1      T
  SINCE JUL 1      0.3
  SNOW DEPTH       0

DEGREE DAYS
 HEATING
  YESTERDAY        0                         7     -7        4
  MONTH TO DATE  143                       235    -92      156
  SINCE MAR 1    593                       759   -166      464
  SINCE JUL 1   3296                      4062   -766     3146

 COOLING
  YESTERDAY        0                         0      0        0
  MONTH TO DATE    2                         0      2        3
  SINCE MAR 1      2                         0      2        4
  SINCE JAN 1      2                         0      2        4
..................................................................


WIND (MPH)
  HIGHEST WIND SPEED    17   HIGHEST WIND DIRECTION     S (190)
  HIGHEST GUST SPEED    20   HIGHEST GUST DIRECTION     S (190)
  AVERAGE WIND SPEED     7.2


SKY COVER
  POSSIBLE SUNSHINE  MM
  AVERAGE SKY COVER 0.3


WEATHER CONDITIONS
 THE FOLLOWING WEATHER WAS RECORDED YESTERDAY.
  NO SIGNIFICANT WEATHER WAS OBSERVED.


RELATIVE HUMIDITY (PERCENT)
 HIGHEST    50           600 AM
 LOWEST     12           100 PM
 AVERAGE    31

..........................................................


THE ALBUQUERQUE  NM CLIMATE NORMALS FOR TODAY
                         NORMAL    RECORD    YEAR
 MAXIMUM TEMPERATURE (F)   72        88      2012
                                             1996
 MINIMUM TEMPERATURE (F)   46        28      1913


SUNRISE AND SUNSET
APRIL 24 2018.........SUNRISE   623 AM MDT   SUNSET   746 PM MDT
APRIL 25 2018.........SUNRISE   622 AM MDT   SUNSET   747 PM MDT


-  INDICATES NEGATIVE NUMBERS.
R  INDICATES RECORD WAS SET OR TIED.
MM INDICATES DATA IS MISSING.
T  INDICATES TRACE AMOUNT.




$$
