000
CDUS43 KABR 270727
CLIABR


CLIMATE REPORT
NATIONAL WEATHER SERVICE ABERDEEN SD
226 AM CDT SUN MAY 27 2018


...................................

...THE ABERDEEN SD CLIMATE SUMMARY FOR MAY 26 2018...

CLIMATE NORMAL PERIOD 1981 TO 2010
CLIMATE RECORD PERIOD 1893 TO 2018


WEATHER ITEM   OBSERVED TIME   RECORD YEAR NORMAL DEPARTURE LAST
                VALUE   (LST)  VALUE       VALUE  FROM      YEAR
                                                  NORMAL
..................................................................
TEMPERATURE (F)
 YESTERDAY
  MAXIMUM         97R   454 PM  94    1900  71     26       71
  MINIMUM         52    444 AM  30    1992  48      4       49
  AVERAGE         75                        60     15       60

PRECIPITATION (IN)
  YESTERDAY        0.00          2.40 1906   0.09  -0.09     0.00
  MONTH TO DATE    0.52                      2.62  -2.10     0.62
  SINCE MAR 1      3.09                      5.63  -2.54     2.67
  SINCE JAN 1      3.96                      6.65  -2.69     3.35

DEGREE DAYS
 HEATING
  YESTERDAY        0                         6     -6        5
  MONTH TO DATE  128                       257   -129      221
  SINCE MAR 1   2127                      1965    162     1848
  SINCE JUL 1   8494                      8428     66     7463

 COOLING
  YESTERDAY       10                         1      9        0
  MONTH TO DATE   61                        16     45       12
  SINCE MAR 1     61                        18     43       12
  SINCE JAN 1     61                        18     43       12
..................................................................


WIND (MPH)
  HIGHEST WIND SPEED    17   HIGHEST WIND DIRECTION    NW (310)
  HIGHEST GUST SPEED    26   HIGHEST GUST DIRECTION    NW (310)
  AVERAGE WIND SPEED     5.8


SKY COVER
  POSSIBLE SUNSHINE  MM
  AVERAGE SKY COVER 0.0


WEATHER CONDITIONS
 THE FOLLOWING WEATHER WAS RECORDED YESTERDAY.
  NO SIGNIFICANT WEATHER WAS OBSERVED.


RELATIVE HUMIDITY (PERCENT)
 HIGHEST    93           500 AM
 LOWEST     21           300 PM
 AVERAGE    57

..........................................................


THE ABERDEEN SD CLIMATE NORMALS FOR TODAY
                         NORMAL    RECORD    YEAR
 MAXIMUM TEMPERATURE (F)   72        98      1934
 MINIMUM TEMPERATURE (F)   48        28      1907


SUNRISE AND SUNSET
MAY 27 2018...........SUNRISE   552 AM CDT   SUNSET   910 PM CDT
MAY 28 2018...........SUNRISE   551 AM CDT   SUNSET   911 PM CDT


-  INDICATES NEGATIVE NUMBERS.
R  INDICATES RECORD WAS SET OR TIED.
MM INDICATES DATA IS MISSING.
T  INDICATES TRACE AMOUNT.




$$
