000
CDAK48 PAFC 241258
CLIADQ


CLIMATE REPORT
NATIONAL WEATHER SERVICE ANCHORAGE, AK
458 AM AKDT TUE APR 24 2018


...................................

...THE KODIAK CLIMATE SUMMARY FOR APRIL 23 2018...

CLIMATE NORMAL PERIOD 1981 TO 2010
CLIMATE RECORD PERIOD 1913 TO 2018


WEATHER ITEM   OBSERVED TIME   RECORD YEAR NORMAL DEPARTURE LAST
                VALUE   (LST)  VALUE       VALUE  FROM      YEAR
                                                  NORMAL
..................................................................
TEMPERATURE (F)
 YESTERDAY
  MAXIMUM         50        MM  60    1918  45      5       44
  MINIMUM         42        MM  20    1986  34      8       41
  AVERAGE         46                        39      7       43

PRECIPITATION (IN)
  YESTERDAY        0.23          1.34 2016   0.19   0.04     0.22
  MONTH TO DATE    5.16                      4.50   0.66     6.72
  SINCE MAR 1      7.32                     10.03  -2.71     7.42
  SINCE JAN 1     18.25                     24.46  -6.21    12.96

SNOWFALL (IN)
  YESTERDAY        0.0          MM      MM   0.2   -0.2      0.0
  MONTH TO DATE    0.0                       7.2   -7.2      1.1
  SINCE MAR 1      1.1                      18.5  -17.4      2.6
  SINCE JUL 1     17.9                      67.9  -50.0     28.4
  SNOW DEPTH       0

DEGREE DAYS
 HEATING
  YESTERDAY       19                        26     -7       22
  MONTH TO DATE  566                       649    -83      580
  SINCE MAR 1   1456                      1647   -191     1693
  SINCE JUL 1   6757                      7519   -762     7034

 COOLING
  YESTERDAY        0                         0      0        0
  MONTH TO DATE    0                         0      0        0
  SINCE MAR 1      0                         0      0        0
  SINCE JAN 1      0                         0      0        0
..................................................................


WIND (MPH)
  RESULTANT WIND SPEED   5   RESULTANT WIND DIRECTION   E (100)
  HIGHEST WIND SPEED    15   HIGHEST WIND DIRECTION    SE (140)
  HIGHEST GUST SPEED    MM   HIGHEST GUST DIRECTION    MM
  AVERAGE WIND SPEED    10.0



WEATHER CONDITIONS
 THE FOLLOWING WEATHER WAS RECORDED YESTERDAY.
  LIGHT RAIN
  FOG


RELATIVE HUMIDITY (PERCENT)
 HIGHEST    96
 LOWEST     56
 AVERAGE    76

..........................................................


THE KODIAK CLIMATE NORMALS FOR TODAY
                         NORMAL    RECORD    YEAR
 MAXIMUM TEMPERATURE (F)   45        60      1936
 MINIMUM TEMPERATURE (F)   34        22      1955


SUNRISE AND SUNSET
APRIL 24 2018.........SUNRISE   636 AM AKDT  SUNSET   942 PM AKDT
APRIL 25 2018.........SUNRISE   633 AM AKDT  SUNSET   944 PM AKDT


-  INDICATES NEGATIVE NUMBERS.
R  INDICATES RECORD WAS SET OR TIED.
MM INDICATES DATA IS MISSING.
T  INDICATES TRACE AMOUNT.




$$
