000
CDUS44 KLCH 272209
CLIAEX


CLIMATE REPORT
NATIONAL WEATHER SERVICE LAKE CHARLES, LA
509 PM CDT SUN MAY 27 2018


...................................

...THE ALEXANDRIA CLIMATE SUMMARY FOR MAY 27 2018...
VALID TODAY AS OF 0500 PM LOCAL TIME.

CLIMATE NORMAL PERIOD 1981 TO 2010
CLIMATE RECORD PERIOD 1892 TO 2018


WEATHER ITEM   OBSERVED TIME   RECORD YEAR NORMAL DEPARTURE LAST
                VALUE   (LST)  VALUE       VALUE  FROM      YEAR
                                                  NORMAL
..................................................................
TEMPERATURE (F)
 TODAY
  MAXIMUM         91    304 PM  95    1964  88      3       90
                                      1912
                                      1900
  MINIMUM         69    551 AM  44    1901  66      3       76
  AVERAGE         80                        77      3       83

PRECIPITATION (IN)
  TODAY            0.04          2.04 1907   0.14  -0.10      T
  MONTH TO DATE    2.23                      4.10  -1.87     1.70
  SINCE MAR 1     15.23                     13.70   1.53    14.75
  SINCE JAN 1     31.72                     23.38   8.34    22.46

DEGREE DAYS
 COOLING
  TODAY           15                        12      3       18
  MONTH TO DATE  372                       245    127      186
  SINCE MAR 1    498                       387    111      448
  SINCE JAN 1    557                       404    153      530
..................................................................


WIND (MPH)
  HIGHEST WIND SPEED    12   HIGHEST WIND DIRECTION     E (90)
  HIGHEST GUST SPEED    14   HIGHEST GUST DIRECTION    NE (60)
  AVERAGE WIND SPEED     5.1


SKY COVER
  POSSIBLE SUNSHINE  MM
  AVERAGE SKY COVER 0.4


WEATHER CONDITIONS
 THE FOLLOWING WEATHER WAS RECORDED TODAY.
  LIGHT RAIN
  FOG


RELATIVE HUMIDITY (PERCENT)
 HIGHEST    97           300 AM
 LOWEST     47           300 PM
 AVERAGE    72

..........................................................


THE ALEXANDRIA CLIMATE NORMALS FOR TOMORROW
                         NORMAL    RECORD    YEAR
 MAXIMUM TEMPERATURE (F)   88        99      1906
 MINIMUM TEMPERATURE (F)   67        48      1961
                                             1901


SUNRISE AND SUNSET
MAY 27 2018...........SUNRISE   608 AM CDT   SUNSET   807 PM CDT
MAY 28 2018...........SUNRISE   608 AM CDT   SUNSET   808 PM CDT


-  INDICATES NEGATIVE NUMBERS.
R  INDICATES RECORD WAS SET OR TIED.
MM INDICATES DATA IS MISSING.
T  INDICATES TRACE AMOUNT.




$$
