000
CDUS42 KCAE 210622
CLIAGS


CLIMATE REPORT
NATIONAL WEATHER SERVICE COLUMBIA SC
222 AM EDT MON MAY 21 2018


...................................

...THE AUGUSTA REGIONAL BUSH FIELD GA CLIMATE SUMMARY FOR MAY 20 2018...

CLIMATE NORMAL PERIOD 1981 TO 2010
CLIMATE RECORD PERIOD 1873 TO 2018


WEATHER ITEM   OBSERVED TIME   RECORD YEAR NORMAL DEPARTURE LAST
                VALUE   (LST)  VALUE       VALUE  FROM      YEAR
                                                  NORMAL
..................................................................
TEMPERATURE (F)
 YESTERDAY
  MAXIMUM         83   1228 PM  97    1964  86     -3       94
  MINIMUM         68   1154 PM  41    1894  59      9       66
  AVERAGE         76                        72      4       80

PRECIPITATION (IN)
  YESTERDAY        0.01          3.09 1886   0.09  -0.08      T
  MONTH TO DATE    2.31                      1.51   0.80     0.76
  SINCE MAR 1      8.99                      8.53   0.46     5.13
  SINCE JAN 1     12.65                     16.36  -3.71    17.37

SNOWFALL (IN)
  YESTERDAY        0.0          MM      MM   0.0             0.0
  MONTH TO DATE    0.0                       0.0             0.0
  SINCE MAR 1      0.0                       0.0             0.0
  SINCE JUL 1      T                         0.9              T

DEGREE DAYS
 HEATING
  YESTERDAY        0                         0      0        0
  MONTH TO DATE    3                        18    -15        3
  SINCE MAR 1    478                       438     40      272
  SINCE JUL 1   2165                      2470   -305     1407

 COOLING
  YESTERDAY       11                         8      3       15
  MONTH TO DATE  148                       108     40      163
  SINCE MAR 1    180                       178      2      383
  SINCE JAN 1    231                       181     50      413
..................................................................


WIND (MPH)
  HIGHEST WIND SPEED    17   HIGHEST WIND DIRECTION     S (170)
  HIGHEST GUST SPEED    22   HIGHEST GUST DIRECTION     S (170)
  AVERAGE WIND SPEED     3.6


SKY COVER
  AVERAGE SKY COVER 0.7


WEATHER CONDITIONS
 THE FOLLOWING WEATHER WAS RECORDED YESTERDAY.
  THUNDERSTORM
  LIGHT RAIN
  FOG


RELATIVE HUMIDITY (PERCENT)
 HIGHEST   100           300 AM
 LOWEST     69           200 PM
 AVERAGE    85

..........................................................


THE AUGUSTA REGIONAL BUSH FIELD GA CLIMATE NORMALS FOR TODAY
                         NORMAL    RECORD    YEAR
 MAXIMUM TEMPERATURE (F)   86        97      1996
                                             1933
 MINIMUM TEMPERATURE (F)   59        42      1994


SUNRISE AND SUNSET
MAY 21 2018...........SUNRISE   624 AM EDT   SUNSET   825 PM EDT
MAY 22 2018...........SUNRISE   623 AM EDT   SUNSET   826 PM EDT


-  INDICATES NEGATIVE NUMBERS.
R  INDICATES RECORD WAS SET OR TIED.
MM INDICATES DATA IS MISSING.
T  INDICATES TRACE AMOUNT.




$$
