000
CDUS45 KBOU 210736
CLIAKO


CLIMATE REPORT
NATIONAL WEATHER SERVICE DENVER/BOULDER CO
134 AM MDT SAT APR 21 2018


...................................

...THE AKRON CO CLIMATE SUMMARY FOR APRIL 20 2018...

CLIMATE NORMAL PERIOD 1981 TO 2010
CLIMATE RECORD PERIOD 9999 TO 9999


WEATHER ITEM   OBSERVED TIME   RECORD YEAR NORMAL DEPARTURE LAST
                VALUE   (LST)  VALUE       VALUE  FROM      YEAR
                                                  NORMAL
..................................................................
TEMPERATURE (F)
 YESTERDAY
  MAXIMUM         42    857 AM  87    1962  62    -20
  MINIMUM         34   1159 PM  15    1966  35     -1
  AVERAGE         38                        48    -10

PRECIPITATION (IN)
  YESTERDAY        0.22          0.53 1964   0.06   0.16     0.15
  MONTH TO DATE    0.49                      0.96  -0.47     0.41
  SINCE MAR 1      1.08                      1.83  -0.75     1.97
  SINCE JAN 1      2.19                      2.57  -0.38     2.08

SNOWFALL (IN)
  YESTERDAY       MM
  SNOW DEPTH       0

DEGREE DAYS
 HEATING
  YESTERDAY       27
  MONTH TO DATE  401

 COOLING
  YESTERDAY        0
  MONTH TO DATE    0
..................................................................


WIND (MPH)
  HIGHEST WIND SPEED    37   HIGHEST WIND DIRECTION    SE (150)
  HIGHEST GUST SPEED    47   HIGHEST GUST DIRECTION    SE (150)




RELATIVE HUMIDITY (PERCENT)
 HIGHEST   100
 LOWEST     55
 AVERAGE    78

..........................................................


THE AKRON CO CLIMATE NORMALS FOR TODAY
                         NORMAL    RECORD    YEAR
 MAXIMUM TEMPERATURE (F)   62        89      1989
 MINIMUM TEMPERATURE (F)   35        19      1982


SUNRISE AND SUNSET
APRIL 21 2018.........SUNRISE   606 AM MDT   SUNSET   738 PM MDT
APRIL 22 2018.........SUNRISE   605 AM MDT   SUNSET   739 PM MDT


-  INDICATES NEGATIVE NUMBERS.
R  INDICATES RECORD WAS SET OR TIED.
MM INDICATES DATA IS MISSING.
T  INDICATES TRACE AMOUNT.




$$
